2012-10-11 13:43:50.729433 7f4402228700 5 throttle(filestore_ops 0x1dc5328) take 1 -9002>
2012-10-11 13:43:50.729434 7f4402228700 5 throttle(filestore_bytes 0x1dc53a8) take 926 -9001>
2012-10-11 13:43:50.729442 7f440532f700 5 filestore(/data/osd.0) queue_transactions (writeahead) 3981 0x3074e10 -9000>
2012-10-11 13:43:50.729444 7f4402a29700 1 -- 149.165.228.10:6802/338 --> osd.2 149.165.228.10:6808/1657 -- pg_log(1.e1 epoch 8 query_epoch 8) v3 -- ?+0 0x2d9e500 -8999>
2012-10-11 13:43:50.729459 7f440532f700 5 journal submit_entry seq 3981 len 204 (0x3056d50) -8998>
2012-10-11 13:43:50.729465 7f4402228700 5 filestore(/data/osd.0) queue_transactions existing osr(1.60 0x2adb5a0)/0x2adb5a0 -8999>
2012-10-11 13:43:50.729467 7f440532f700 5 throttle(filestore_ops 0x1dc5328) take 1 -8998>
2012-10-11 13:43:50.729476 7f440532f700 5 throttle(filestore_bytes 0x1dc53a8) take 204 -8997>
2012-10-11 13:43:50.729484 7f4402228700 5 throttle(filestore_ops 0x1dc5328) wait -8996>
2012-10-11 13:43:50.729494 7f4402228700 5 throttle(filestore_bytes 0x1dc53a8) wait -8995>
2012-10-11 13:43:50.729497 7f4402a29700 5 filestore(/data/osd.0) queue_transactions existing osr(1.e1 0x2e38d70)/0x2e38d70 -8994>
2012-10-11 13:43:50.729502 7f4402a29700 5 throttle(filestore_ops 0x1dc5328) wait -8993>
2012-10-11 13:43:50.729504 7f4402a29700 5 throttle(filestore_bytes 0x1dc53a8) wait -8992>
2012-10-11 13:43:50.729517 7f4402228700 5 filestore(/data/osd.0) queue_transactions (writeahead) 3982 0x2f21f30 -8991>
2012-10-11 13:43:50.729523 7f4402228700 5 journal submit_entry seq 3982 len 926 (0x1e3f510) -8990>
2012-10-11 13:43:50.729524 7f4402228700 5 throttle(filestore_ops 0x1dc5328) take 1 -8989>
2012-10-11 13:43:50.729527 7f4402228700 5 throttle(filestore_bytes 0x1dc53a8) take 926 -8988>
2012-10-11 13:43:50.729535 7f4402a29700 5 filestore(/data/osd.0) queue_transactions (writeahead) 3983 0x2a26090 -8987>
2012-10-11 13:43:50.729534 7f440532f700 5 --OSD::tracker-- reqid: unknown.0.0:0, seq: 1391, time:
2012-10-11 13:43:50.729533, event: done, request: osd pg remove(epoch 7; pg1.a2; ) v1 -8986>
2012-10-11 13:43:50.729547 7f4402a29700 5 journal submit_entry seq 3983 len 969 (0x22d4a50) -8985>
2012-10-11 13:43:50.729553 7f4402a29700 5 throttle(filestore_ops 0x1dc5328) take 1 -8984>
2012-10-11 13:43:50.729554 7f4402a29700 5 throttle(filestore_bytes 0x1dc53a8) take 969 -8983>
2012-10-11 13:43:50.729547 7f440532f700 5 throttle(msgr_dispatch_throttler-cluster 0x1d9b088) put 25 (0xb7c748 -> 124687) -8982>
2012-10-11 13:43:50.729554 7f4402228700 5 filestore(/data/osd.0) queue_transactions existing osr(2.5d 0x2130200)/0x2130200 -8981>
2012-10-11 13:43:50.729558 7f4402228700 5 throttle(filestore_ops 0x1dc5328) wait -8980>
2012-10-11 13:43:50.729559 7f4402228700 5 throttle(filestore_bytes 0x1dc53a8) wait -8979>
2012-10-11 13:43:50.729559 7f440532f700 1 -- 149.165.228.10:6802/338 <== osd.1 149.165.228.10:6805/1098 857 ==== osd pg remove(epoch 7; pg1.e3; ) v1 ==== 25+0+0 (632411393 0 0) 0x1eb48c0 con 0x2fe2140 -8978>
2012-10-11 13:43:50.729569 7f4402228700 5 filestore(/data/osd.0) queue_transactions (writeahead) 3984 0x2f21a20 -8977>
2012-10-11 13:43:50.729573 7f4402228700 5 journal submit_entry seq 3984 len 926 (0x1e3f090) -8976>
2012-10-11 13:43:50.729572 7f440532f700 5 --OSD::tracker-- reqid: unknown.0.0:0, seq: 1392, time:
2012-10-11 13:43:48.854850, event: header_read, request: osd pg remove(epoch 7; pg1.e3; ) v1 -8975>
2012-10-11 13:43:50.729577 7f4402228700 5 throttle(filestore_ops 0x1dc5328) take 1 -8974>
2012-10-11 13:43:50.729579 7f4402228700 5 throttle(filestore_bytes 0x1dc53a8) take 926 -8973>
2012-10-11 13:43:50.729577 7f440532f700 5 --OSD::tracker-- reqid: unknown.0.0:0, seq: 1392, time:
2012-10-11 13:43:48.854852, event: throttled, request: osd pg remove(epoch 7; pg1.e3; ) v1 -8972>
2012-10-11 13:43:50.729583 7f440532f700 5 --OSD::tracker-- reqid: unknown.0.0:0, seq: 1392, time:
2012-10-11 13:43:48.854855, event: all_read, request: osd pg remove(epoch 7; pg1.e3; ) v1 -8971>
2012-10-11 13:43:50.729587 7f440532f700 5 --OSD::tracker-- reqid: unknown.0.0:0, seq: 1392, time:
2012-10-11 13:43:50.729571, event: dispatched, request: osd pg remove(epoch 7; pg1.e3; ) v1 -8970>
2012-10-11 13:43:50.729593 7f440532f700 5 --OSD::tracker-- reqid: unknown.0.0:0, seq: 1392, time:
2012-10-11 13:43:50.729593, event: waiting_for_osdmap, request: osd pg remove(epoch 7; pg1.e3; ) v1 -8969>
2012-10-11 13:43:50.729599 7f440532f700 5 --OSD::tracker-- reqid: unknown.0.0:0, seq: 1392, time:
2012-10-11 13:43:50.729599, event: started, request: osd pg remove(epoch 7; pg1.e3; ) v1 -8968>
2012-10-11 13:43:50.729605 7f440532f700 5 osd.0 8 queue_pg_for_deletion: 1.e3 -8967>
2012-10-11 13:43:50.729604 7f4402228700 5 filestore(/data/osd.0) queue_transactions existing osr(0.5f 0x21302f0)/0x21302f0 -8966>
2012-10-11 13:43:50.729608 7f4402228700 5 throttle(filestore_ops 0x1dc5328) wait -8965>
2012-10-11 13:43:50.729611 7f4402228700 5 throttle(filestore_bytes 0x1dc53a8) wait -8964>
2012-10-11 13:43:50.729612 7f4402228700 5 filestore(/data/osd.0) queue_transactions (writeahead) 3985 0x2f21990 -8963>
2012-10-11 13:43:50.729617 7f4402228700 5 journal submit_entry seq 3985 len 926 (0x26c17e0) -8962>
2012-10-11 13:43:50.729620 7f4402228700 5 throttle(filestore_ops 0x1dc5328) take 1 -8961>
2012-10-11 13:43:50.729621 7f4402228700 5 throttle(filestore_bytes 0x1dc53a8) take 926 -8960>
2012-10-11 13:43:50.729621 7f440532f700 5 filestore(/data/osd.0) queue_transactions existing osr(1.e3 0x2e38d10)/0x2e38d10 -8959>
2012-10-11 13:43:50.729632 7f440532f700 5 throttle(filestore_ops 0x1dc5328) wait -8958>
2012-10-11 13:43:50.729635 7f440532f700 5 throttle(filestore_bytes 0x1dc53a8) wait -8957>
2012-10-11 13:43:50.729636 7f440532f700 5 filestore(/data/osd.0) queue_transactions (writeahead) 3986 0x3074630 -8956>
2012-10-11 13:43:50.729640 7f440532f700 5 journal submit_entry seq 3986 len 204 (0x2e13630) -8955>
2012-10-11 13:43:50.729642 7f440532f700 5 throttle(filestore_ops 0x1dc5328) take 1 -8954>
2012-10-11 13:43:50.729644 7f440532f700 5 throttle(filestore_bytes 0x1dc53a8) take 204 -8953>
2012-10-11 13:43:50.729647 7f4402228700 5 filestore(/data/osd.0) queue_transactions existing osr(1.5e 0x2adb200)/0x2adb200 -8952>
2012-10-11 13:43:50.729652 7f4402228700 5 throttle(filestore_ops 0x1dc5328) wait -8951>
2012-10-11 13:43:50.729653 7f4402228700 5 throttle(filestore_bytes 0x1dc53a8) wait -8950>
2012-10-11 13:43:50.729656 7f4402228700 5 filestore(/data/osd.0) queue_transactions (writeahead) 3987 0x2f21360 -8949>
2012-10-11 13:43:50.729659 7f4402228700 5 journal submit_entry seq 3987 len 926 (0x2d6c600) -8948>
2012-10-11 13:43:50.729662 7f4402228700 5 throttle(filestore_ops 0x1dc5328) take 1 -8947>
2012-10-11 13:43:50.729663 7f4402228700 5 throttle(filestore_bytes 0x1dc53a8) take 926 -8946>
2012-10-11 13:43:50.729659 7f4402a29700 1 -- 149.165.228.10:6802/338 --> osd.2 149.165.228.10:6808/1657 -- pg_log(1.e8 epoch 8 query_epoch 8) v3 -- ?+0 0x2d9e000 -8945>
2012-10-11 13:43:50.729685 7f4402228700 5 filestore(/data/osd.0) queue_transactions existing osr(2.5f 0x31769c0)/0x31769c0 -8944>
2012-10-11 13:43:50.729688 7f4402228700 5 throttle(filestore_ops 0x1dc5328) wait -8943>
2012-10-11 13:43:50.729689 7f4402228700 5 throttle(filestore_bytes 0x1dc53a8) wait -8942>
2012-10-11 13:43:50.729690 7f4402228700 5 filestore(/data/osd.0) queue_transactions (writeahead) 3988 0x2f21b40 -8941>
2012-10-11 13:43:50.729693 7f4402228700 5 journal submit_entry seq 3988 len 926 (0x33b03f0) -8940>
2012-10-11 13:43:50.729694 7f4402228700 5 throttle(filestore_ops 0x1dc5328) take 1 -8939>
2012-10-11 13:43:50.729696 7f4402228700 5 throttle(filestore_bytes 0x1dc53a8) take 926 -8938>
2012-10-11 13:43:50.729716 7f4402228700 5 filestore(/data/osd.0) queue_transactions existing osr(0.59 0x2130410)/0x2130410 -8937>
2012-10-11 13:43:50.729719 7f4402228700 5 throttle(filestore_ops 0x1dc5328) wait -8936>
2012-10-11 13:43:50.729720 7f4402228700 5 throttle(filestore_bytes 0x1dc53a8) wait -8935>
2012-10-11 13:43:50.729721 7f4402228700 5 filestore(/data/osd.0) queue_transactions (writeahead) 3989 0x2f21c60 -8937>
2012-10-11 13:43:50.729724 7f4402228700 5 journal submit_entry seq 3989 len 926 (0x341ce70) -8937>
2012-10-11 13:43:50.729725 7f4402228700 5 throttle(filestore_ops 0x1dc5328) take 1 -8939>
2012-10-11 13:43:50.729726 7f4402228700 5 throttle(filestore_bytes 0x1dc53a8) take 926 -8938>
2012-10-11 13:43:50.729741 7f4402a29700 5 filestore(/data/osd.0) queue_transactions existing osr(1.e8 0x2e38c20)/0x2e38c20 -8937>
2012-10-11 13:43:50.729748 7f4402a29700 5 throttle(filestore_ops 0x1dc5328) wait -8936>
2012-10-11 13:43:50.729747 7f4402228700 5 filestore(/data/osd.0) queue_transactions existing osr(1.58 0x2adb320)/0x2adb320 -8936>
2012-10-11 13:43:50.729750 7f4402a29700 5 throttle(filestore_bytes 0x1dc53a8) wait -8935>
2012-10-11 13:43:50.729751 7f4402228700 5 throttle(filestore_ops 0x1dc5328) wait -8934>
2012-10-11 13:43:50.729751 7f4402a29700 5 filestore(/data/osd.0) queue_transactions (writeahead) 3990 0x2a261b0 -8933>
2012-10-11 13:43:50.729752 7f4402228700 5 throttle(filestore_bytes 0x1dc53a8) wait -8934>
2012-10-11 13:43:50.729755 7f4402a29700 5 journal submit_entry seq 3990 len 969 (0x28a8300) -8933>
2012-10-11 13:43:50.729756 7f4402a29700 5 throttle(filestore_ops 0x1dc5328) take 1 -8932>
2012-10-11 13:43:50.729758 7f4402a29700 5 throttle(filestore_bytes 0x1dc53a8) take 969 -8931>
2012-10-11 13:43:50.729790 7f4402a29700 1 -- 149.165.228.10:6802/338 --> osd.2 149.165.228.10:6808/1657 -- pg_log(1.eb epoch 8 query_epoch 8) v3 -- ?+0 0x2888a00 -8930>
2012-10-11 13:43:50.729809 7f4402228700 5 filestore(/data/osd.0) queue_transactions (writeahead) 3991 0x2f21ea0 -8929>
2012-10-11 13:43:50.729813 7f4402228700 5 journal submit_entry seq 3991 len 926 (0x1e3f600) -8928>
2012-10-11 13:43:50.729815 7f4402228700 5 throttle(filestore_ops 0x1dc5328) take 1 -8927>
2012-10-11 13:43:50.729817 7f4402228700 5 throttle(filestore_bytes 0x1dc53a8) take 926 -8926>
2012-10-11 13:43:50.729672 7f440532f700 5 --OSD::tracker-- reqid: unknown.0.0:0, seq: 1392, time:
2012-10-11 13:43:50.729672, event: done, request: osd pg remove(epoch 7; pg1.e3; ) v1 -8925>
2012-10-11 13:43:50.730080 7f4402228700 1 -- 149.165.228.10:6802/338 --> osd.2 149.165.228.10:6808/1657 -- pg_log(1.4f epoch 8 query_epoch 8) v3 -- ?+0 0x2935000 -8924>
2012-10-11 13:43:50.730102 7f440532f700 5 throttle(msgr_dispatch_throttler-cluster 0x1d9b088) put 25 (0xb7c748 -> 124662) -8923>
2012-10-11 13:43:50.730154 7f4402a29700 5 filestore(/data/osd.0) queue_transactions existing osr(1.eb 0x2e38f90)/0x2e38f90 -8922>
2012-10-11 13:43:50.730161 7f4402a29700 5 throttle(filestore_ops 0x1dc5328) wait -8921>
2012-10-11 13:43:50.730162 7f4402a29700 5 throttle(filestore_bytes 0x1dc53a8) wait -8920>
2012-10-11 13:43:50.730164 7f4402a29700 5 filestore(/data/osd.0) queue_transactions (writeahead) 3992 0x2a26000 -8919>
2012-10-11 13:43:50.730169 7f4402a29700 5 journal submit_entry seq 3992 len 969 (0x2c1f7b0) -8918>
2012-10-11 13:43:50.730172 7f4402a29700 5 throttle(filestore_ops 0x1dc5328) take 1 -8917>
2012-10-11 13:43:50.730175 7f4402a29700 5 throttle(filestore_bytes 0x1dc53a8) take 969 -8916>
2012-10-11 13:43:50.730174 7f440532f700 1 -- 149.165.228.10:6802/338 <== osd.2 149.165.228.10:6808/1657 513 ==== osd pg remove(epoch 7; pg1.a3; ) v1 ==== 25+0+0 (1068572211 0 0) 0x31ac8c0 con 0x2fe2280 -8915>
2012-10-11 13:43:50.730191 7f440532f700 5 --OSD::tracker-- reqid: unknown.0.0:0, seq: 1393, time:
2012-10-11 13:43:49.232426, event: header_read, request: osd pg remove(epoch 7; pg1.a3; ) v1 -8914>
2012-10-11 13:43:50.730198 7f440532f700 5 --OSD::tracker-- reqid: unknown.0.0:0, seq: 1393, time:
2012-10-11 13:43:49.232432, event: throttled, request: osd pg remove(epoch 7; pg1.a3; ) v1 -8913>
2012-10-11 13:43:50.730203 7f440532f700 5 --OSD::tracker-- reqid: unknown.0.0:0, seq: 1393, time:
2012-10-11 13:43:49.232437, event: all_read, request: osd pg remove(epoch 7; pg1.a3; ) v1 -8912>
2012-10-11 13:43:50.730207 7f440532f700 5 --OSD::tracker-- reqid: unknown.0.0:0, seq: 1393, time:
2012-10-11 13:43:50.730189, event: dispatched, request: osd pg remove(epoch 7; pg1.a3; ) v1 -8911>
2012-10-11 13:43:50.730213 7f440532f700 5 --OSD::tracker-- reqid: unknown.0.0:0, seq: 1393, time:
2012-10-11 13:43:50.730212, event: waiting_for_osdmap, request: osd pg remove(epoch 7; pg1.a3; ) v1 -8910>
2012-10-11 13:43:50.730208 7f4402a29700 1 -- 149.165.228.10:6802/338 --> osd.2 149.165.228.10:6808/1657 -- pg_log(1.ec epoch 8 query_epoch 8) v3 -- ?+0 0x2888500 -8909>
2012-10-11 13:43:50.730219 7f440532f700 5 --OSD::tracker-- reqid: unknown.0.0:0, seq: 1393, time:
2012-10-11 13:43:50.730219, event: started, request: osd pg remove(epoch 7; pg1.a3; ) v1 -8908>
2012-10-11 13:43:50.730224 7f440532f700 5 osd.0 8 queue_pg_for_deletion: 1.a3 -8907>
2012-10-11 13:43:50.730239 7f440532f700 5 filestore(/data/osd.0) queue_transactions existing osr(1.a3 0x2e38110)/0x2e38110 -8906>
2012-10-11 13:43:50.730244 7f440532f700 5 throttle(filestore_ops 0x1dc5328) wait -8905>
2012-10-11 13:43:50.730245 7f440532f700 5 throttle(filestore_bytes 0x1dc53a8) wait -8904>
2012-10-11 13:43:50.730247 7f440532f700 5 filestore(/data/osd.0) queue_transactions (writeahead) 3993 0x3074360 -8903>
2012-10-11 13:43:50.730248 7f4402a29700 5 filestore(/data/osd.0) queue_transactions existing osr(1.ec 0x2e38f60)/0x2e38f60 -8902>
2012-10-11 13:43:50.730250 7f440532f700 5 journal submit_entry seq 3993 len 204 (0x30a1bd0) -8901>
2012-10-11 13:43:50.730252 7f440532f700 5 throttle(filestore_ops 0x1dc5328) take 1 -8900>
2012-10-11 13:43:50.730255 7f440532f700 5 throttle(filestore_bytes 0x1dc53a8) take 204 -8899>
2012-10-11 13:43:50.730272 7f4402228700 5 filestore(/data/osd.0) queue_transactions existing osr(1.4f 0x2adb0d0)/0x2adb0d0 -8898>
2012-10-11 13:43:50.730278 7f4402228700 5 throttle(filestore_ops 0x1dc5328) wait -8897>
2012-10-11 13:43:50.730279 7f4402228700 5 throttle(filestore_bytes 0x1dc53a8) wait -8896>
2012-10-11 13:43:50.730280 7f4402228700 5 filestore(/data/osd.0) queue_transactions (writeahead) 3994 0x2f21240 -8895>
2012-10-11 13:43:50.730283 7f4402228700 5 journal submit_entry seq 3994 len 969 (0x23c77b0) -8894>
2012-10-11 13:43:50.730285 7f4402228700 5 throttle(filestore_ops 0x1dc5328) take 1 -8893>
2012-10-11 13:43:50.730286 7f4402228700 5 throttle(filestore_bytes 0x1dc53a8) take 969 -8892>
2012-10-11 13:43:50.730313 7f4402228700 1 -- 149.165.228.10:6802/338 --> osd.2 149.165.228.10:6808/1657 -- pg_log(2.4f epoch 8 query_epoch 8) v3 -- ?+0 0x2935500 -8891>
2012-10-11 13:43:50.730344 7f4402228700 5 filestore(/data/osd.0) queue_transactions existing osr(2.4f 0x2130050)/0x2130050 -8890>
2012-10-11 13:43:50.730340 7f440532f700 5 --OSD::tracker-- reqid: unknown.0.0:0, seq: 1393, time:
2012-10-11 13:43:50.730339, event: done, request: osd pg remove(epoch 7; pg1.a3; ) v1 -8889>
2012-10-11 13:43:50.730349 7f4402228700 5 throttle(filestore_ops 0x1dc5328) wait -8888>
2012-10-11 13:43:50.730350 7f4402228700 5 throttle(filestore_bytes 0x1dc53a8) wait -8887>
2012-10-11 13:43:50.730351 7f4402228700 5 filestore(/data/osd.0) queue_transactions (writeahead) 3995 0x2f21480 -8886>
2012-10-11 13:43:50.730355 7f4402228700 5 journal submit_entry seq 3995 len 969 (0x331b660) -8885>
2012-10-11 13:43:50.730356 7f4402228700 5 throttle(filestore_ops 0x1dc5328) take 1 -8884>
2012-10-11 13:43:50.730358 7f4402228700 5 throttle(filestore_bytes 0x1dc53a8) take 969 -8883>
2012-10-11 13:43:50.730353 7f440532f700 5 throttle(msgr_dispatch_throttler-cluster 0x1d9b088) put 25 (0xb7c748 -> 124637) -8882>
2012-10-11 13:43:50.730398 7f440532f700 1 -- 149.165.228.10:6802/338 <== osd.1 149.165.228.10:6805/1098 858 ==== osd pg remove(epoch 7; pg1.e5; ) v1 ==== 25+0+0 (2530520354 0 0) 0x1eb4700 con 0x2fe2140 -8881>
2012-10-11 13:43:50.730412 7f440532f700 5 --OSD::tracker-- reqid: unknown.0.0:0, seq: 1394, time:
2012-10-11 13:43:48.854858, event: header_read, request: osd pg remove(epoch 7; pg1.e5; ) v1 -8880>
2012-10-11 13:43:50.730418 7f440532f700 5 --OSD::tracker-- reqid: unknown.0.0:0, seq: 1394, time:
2012-10-11 13:43:48.854860, event: throttled, request: osd pg remove(epoch 7; pg1.e5; ) v1 -8879>
2012-10-11 13:43:50.730423 7f440532f700 5 --OSD::tracker-- reqid: unknown.0.0:0, seq: 1394, time:
2012-10-11 13:43:48.854863, event: all_read, request: osd pg remove(epoch 7; pg1.e5; ) v1 -8878>
2012-10-11 13:43:50.730428 7f440532f700 5 --OSD::tracker-- reqid: unknown.0.0:0, seq: 1394, time:
2012-10-11 13:43:50.730410, event: dispatched, request: osd pg remove(epoch 7; pg1.e5; ) v1 -8877>
2012-10-11 13:43:50.730433 7f440532f700 5 --OSD::tracker-- reqid: unknown.0.0:0, seq: 1394, time:
2012-10-11 13:43:50.730433, event: waiting_for_osdmap, request: osd pg remove(epoch 7; pg1.e5; ) v1 -8876>
2012-10-11 13:43:50.730422 7f4402228700 1 -- 149.165.228.10:6802/338 --> osd.1 149.165.228.10:6805/1098 -- pg_notify(2.68(1),0.6a(1),1.69(1),0.61(1),1.60(1),2.5d(1),0.5f(1),1.5e(1),2.5f(1),0.59(1),1.58(1),0.58(2),0.5c(2),0.64(2),0.65(2),0.6b(2),0.6c(2),0.89(2),1.23(2),1.2b(2),1.2e(2),1.31(2),1.32(2),1.37(2),1.3b(2),1.3f(2),1.57(2) epoch 8) v4 -- ?+0 0x227be00 -8875>
2012-10-11 13:43:50.730439 7f440532f700 5 --OSD::tracker-- reqid: unknown.0.0:0, seq: 1394, time:
2012-10-11 13:43:50.730439, event: started, request: osd pg remove(epoch 7; pg1.e5; ) v1 -8874>
2012-10-11 13:43:50.730455 7f440532f700 5 osd.0 8 queue_pg_for_deletion: 1.e5 -8873>
2012-10-11 13:43:50.730450 7f4402228700 1 -- 149.165.228.10:6802/338 --> osd.2 149.165.228.10:6808/1657 -- pg_notify(1.33(2),1.40(2),1.44(2),1.46(2),1.47(2),1.48(2),1.4b(2),1.51(2),1.59(2),1.5a(2),1.5f(2),1.6d(2) epoch 8) v4 -- ?+0 0x232bc40 -8872>
2012-10-11 13:43:50.730469 7f4402a29700 5 throttle(filestore_ops 0x1dc5328) wait -8871>
2012-10-11 13:43:50.730471 7f4402a29700 5 throttle(filestore_bytes 0x1dc53a8) wait -8870>
2012-10-11 13:43:50.730470 7f440532f700 5 filestore(/data/osd.0) queue_transactions existing osr(1.e5 0x2e38cb0)/0x2e38cb0 -8869>
2012-10-11 13:43:50.730472 7f4402a29700 5 filestore(/data/osd.0) queue_transactions (writeahead) 3996 0x2d17a20 -8868>
2012-10-11 13:43:50.730474 7f440532f700 5 throttle(filestore_ops 0x1dc5328) wait -8867>
2012-10-11 13:43:50.730475 7f440532f700 5 throttle(filestore_bytes 0x1dc53a8) wait -8866>
2012-10-11 13:43:50.730476 7f4402a29700 5 journal submit_entry seq 3996 len 969 (0x28a8de0) -8865>
2012-10-11 13:43:50.730478 7f4402a29700 5 throttle(filestore_ops 0x1dc5328) take 1 -8864>
2012-10-11 13:43:50.730479 7f4402a29700 5 throttle(filestore_bytes 0x1dc53a8) take 969 -8863>
2012-10-11 13:43:50.730488 7f440532f700 5 filestore(/data/osd.0) queue_transactions (writeahead) 3997 0x3074480 -8862>
2012-10-11 13:43:50.730492 7f440532f700 5 journal submit_entry seq 3997 len 204 (0x2e13e40) -8861>
2012-10-11 13:43:50.730494 7f440532f700 5 throttle(filestore_ops 0x1dc5328) take 1 -8860>
2012-10-11 13:43:50.730495 7f440532f700 5 throttle(filestore_bytes 0x1dc53a8) take 204 -8859>
2012-10-11 13:43:50.730508 7f4402a29700 1 -- 149.165.228.10:6802/338 --> osd.2 149.165.228.10:6808/1657 -- pg_log(1.f7 epoch 8 query_epoch 8) v3 -- ?+0 0x2888000 -8858>
2012-10-11 13:43:50.730513 7f440532f700 5 --OSD::tracker-- reqid: unknown.0.0:0, seq: 1394, time:
2012-10-11 13:43:50.730513, event: done, request: osd pg remove(epoch 7; pg1.e5; ) v1 -8857>
2012-10-11 13:43:50.730546 7f440532f700 5 throttle(msgr_dispatch_throttler-cluster 0x1d9b088) put 25 (0xb7c748 -> 124612) -8856>
2012-10-11 13:43:50.730551 7f440532f700 1 -- 149.165.228.10:6802/338 <== osd.2 149.165.228.10:6808/1657 514 ==== pg_log(0.f5 epoch 7 query_epoch 7) v3 ==== 507+0+0 (366846375 0 0) 0x29c9a00 con 0x2fe2280 -8855>
2012-10-11 13:43:50.730561 7f440532f700 5 --OSD::tracker-- reqid: unknown.0.0:0, seq: 1395, time:
2012-10-11 13:43:49.949914, event: header_read, request: pg_log(0.f5 epoch 7 query_epoch 7) v3 -8854>
2012-10-11 13:43:50.730565 7f440532f700 5 --OSD::tracker-- reqid: unknown.0.0:0, seq: 1395, time:
2012-10-11 13:43:49.949928, event: throttled, request: pg_log(0.f5 epoch 7 query_epoch 7) v3 -8853>
2012-10-11 13:43:50.730568 7f440532f700 5 --OSD::tracker-- reqid: unknown.0.0:0, seq: 1395, time:
2012-10-11 13:43:49.949948, event: all_read, request: pg_log(0.f5 epoch 7 query_epoch 7) v3 -8852>
2012-10-11 13:43:50.730572 7f440532f700 5 --OSD::tracker-- reqid: unknown.0.0:0, seq: 1395, time:
2012-10-11 13:43:50.730559, event: dispatched, request: pg_log(0.f5 epoch 7 query_epoch 7) v3 -8851>
2012-10-11 13:43:50.730576 7f440532f700 5 --OSD::tracker-- reqid: unknown.0.0:0, seq: 1395, time:
2012-10-11 13:43:50.730576, event: waiting_for_osdmap, request: pg_log(0.f5 epoch 7 query_epoch 7) v3 -8850>
2012-10-11 13:43:50.730598 7f440532f700 5 --OSD::tracker-- reqid: unknown.0.0:0, seq: 1395, time:
2012-10-11 13:43:50.730598, event: started, request: pg_log(0.f5 epoch 7 query_epoch 7) v3 -8849>
2012-10-11 13:43:50.730719 7f4402a29700 5 filestore(/data/osd.0) queue_transactions existing osr(1.f7 0x3176150)/0x3176150 -8848>
2012-10-11 13:43:50.730726 7f4402a29700 5 throttle(filestore_ops 0x1dc5328) wait -8847>
2012-10-11 13:43:50.730727 7f4402a29700 5 throttle(filestore_bytes 0x1dc53a8) wait -8846>
2012-10-11 13:43:50.730729 7f4402a29700 5 filestore(/data/osd.0) queue_transactions (writeahead) 3998 0x2d17cf0 -8845>
2012-10-11 13:43:50.730732 7f4402a29700 5 journal submit_entry seq 3998 len 969 (0x320ba80) -8844>
2012-10-11 13:43:50.730734 7f4402a29700 5 throttle(filestore_ops 0x1dc5328) take 1 -8843>
2012-10-11 13:43:50.730735 7f4402a29700 5 throttle(filestore_bytes 0x1dc53a8) take 969 -8843>
2012-10-11 13:43:50.730607 7f440532f700 5 --OSD::tracker-- reqid: unknown.0.0:0, seq: 1395, time:
2012-10-11 13:43:50.730607, event: done, request: pg_log(0.f5 epoch 7 query_epoch 7) v3 -8842>
2012-10-11 13:43:50.730753 7f440532f700 5 throttle(msgr_dispatch_throttler-cluster 0x1d9b088) put 507 (0xb7c748 -> 124105) -8841>
2012-10-11 13:43:50.730756 7f440532f700 1 -- 149.165.228.10:6802/338 <== osd.1 149.165.228.10:6805/1098 859 ==== osd pg remove(epoch 7; pg1.fe; ) v1 ==== 25+0+0 (2346526501 0 0) 0x20aae00 con 0x2fe2140 -8840>
2012-10-11 13:43:50.730766 7f440532f700 5 --OSD::tracker-- reqid: unknown.0.0:0, seq: 1396, time:
2012-10-11 13:43:48.854866, event: header_read, request: osd pg remove(epoch 7; pg1.fe; ) v1 -8839>
2012-10-11 13:43:50.730771 7f440532f700 5 --OSD::tracker-- reqid: unknown.0.0:0, seq: 1396, time:
2012-10-11 13:43:48.854868, event: throttled, request: osd pg remove(epoch 7; pg1.fe; ) v1 -8840>
2012-10-11 13:43:50.730767 7f4402a29700 1 -- 149.165.228.10:6802/338 --> osd.2 149.165.228.10:6808/1657 -- pg_log(1.fc epoch 8 query_epoch 8) v3 -- ?+0 0x25b8a00 -8843>
2012-10-11 13:43:50.730774 7f440532f700 5 --OSD::tracker-- reqid: unknown.0.0:0, seq: 1396, time:
2012-10-11 13:43:48.854873, event: all_read, request: osd pg remove(epoch 7; pg1.fe; ) v1 -8842>
2012-10-11 13:43:50.730778 7f440532f700 5 --OSD::tracker-- reqid: unknown.0.0:0, seq: 1396, time:
2012-10-11 13:43:50.730765, event: dispatched, request: osd pg remove(epoch 7; pg1.fe; ) v1 -8842>
2012-10-11 13:43:50.730783 7f440532f700 5 --OSD::tracker-- reqid: unknown.0.0:0, seq: 1396, time:
2012-10-11 13:43:50.730783, event: waiting_for_osdmap, request: osd pg remove(epoch 7; pg1.fe; ) v1 -8841>
2012-10-11 13:43:50.730789 7f440532f700 5 --OSD::tracker-- reqid: unknown.0.0:0, seq: 1396, time:
2012-10-11 13:43:50.730788, event: started, request: osd pg remove(epoch 7; pg1.fe; ) v1 -8841>
2012-10-11 13:43:50.730803 7f440532f700 5 osd.0 8 queue_pg_for_deletion: 1.fe -8842>
2012-10-11 13:43:50.730838 7f4402a29700 5 filestore(/data/osd.0) queue_transactions existing osr(1.fc 0x3176060)/0x3176060 -8841>
2012-10-11 13:43:50.730853 7f4402a29700 5 throttle(filestore_ops 0x1dc5328) wait -8840>
2012-10-11 13:43:50.730857 7f440532f700 5 filestore(/data/osd.0) queue_transactions existing osr(1.fe 0x3176000)/0x3176000 -8839>
2012-10-11 13:43:50.730864 7f4402a29700 5 throttle(filestore_bytes 0x1dc53a8) wait -8838>
2012-10-11 13:43:50.730885 7f4402a29700 5 filestore(/data/osd.0) queue_transactions (writeahead) 3999 0x2d17bd0 -8837>
2012-10-11 13:43:50.730889 7f4402a29700 5 journal submit_entry seq 3999 len 969 (0x1e3f930) -8836>
2012-10-11 13:43:50.730870 7f440532f700 5 throttle(filestore_ops 0x1dc5328) wait -8835>
2012-10-11 13:43:50.730899 7f440532f700 5 throttle(filestore_bytes 0x1dc53a8) wait -8834>
2012-10-11 13:43:50.734371 7f4402a29700 5 throttle(filestore_ops 0x1dc5328) take 1 -8833>
2012-10-11 13:43:50.734378 7f4402a29700 5 throttle(filestore_bytes 0x1dc53a8) take 969 -8832>
2012-10-11 13:43:50.734414 7f4402a29700 1 -- 149.165.228.10:6802/338 --> osd.2 149.165.228.10:6808/1657 -- pg_log(2.8 epoch 8 query_epoch 8) v3 -- ?+0 0x25b8500 -8831>
2012-10-11 13:43:50.734433 7f440532f700 5 filestore(/data/osd.0) queue_transactions (writeahead) 4000 0x30746c0 -8830>
2012-10-11 13:43:50.734438 7f440532f700 5 journal submit_entry seq 4000 len 204 (0x30a1900) -8829>
2012-10-11 13:43:50.734440 7f440532f700 5 throttle(filestore_ops 0x1dc5328) take 1 -8828>
2012-10-11 13:43:50.734442 7f440532f700 5 throttle(filestore_bytes 0x1dc53a8) take 204 -8827>
2012-10-11 13:43:50.730868 7f4402228700 5 --OSD::tracker-- reqid: mds.0.1:19, seq: 24, time:
2012-10-11 13:43:50.730660, event: reached_pg, request: osd_op(mds.0.1:19 608.00000000 [setxattr path (12),setxattr parent (39),tmapup 0~0] 1.c4405e8e) v4 -8826>
2012-10-11 13:43:50.734470 7f440532f700 5 --OSD::tracker-- reqid: unknown.0.0:0, seq: 1396, time:
2012-10-11 13:43:50.734463, event: done, request: osd pg remove(epoch 7; pg1.fe; ) v1 -8825>
2012-10-11 13:43:50.734482 7f440532f700 5 throttle(msgr_dispatch_throttler-cluster 0x1d9b088) put 25 (0xb7c748 -> 124080) -8824>
2012-10-11 13:43:50.734485 7f440532f700 1 -- 149.165.228.10:6802/338 <== osd.2 149.165.228.10:6808/1657 515 ==== pg_log(0.f9 epoch 7 query_epoch 7) v3 ==== 507+0+0 (495833326 0 0) 0x29c9500 con 0x2fe2280 -8823>
2012-10-11 13:43:50.734496 7f440532f700 5 --OSD::tracker-- reqid: unknown.0.0:0, seq: 1397, time:
2012-10-11 13:43:49.951769, event: header_read, request: pg_log(0.f9 epoch 7 query_epoch 7) v3 -8822>
2012-10-11 13:43:50.734500 7f440532f700 5 --OSD::tracker-- reqid: unknown.0.0:0, seq: 1397, time:
2012-10-11 13:43:49.951779, event: throttled, request: pg_log(0.f9 epoch 7 query_epoch 7) v3 -8821>
2012-10-11 13:43:50.734504 7f440532f700 5 --OSD::tracker-- reqid: unknown.0.0:0, seq: 1397, time:
2012-10-11 13:43:49.951792, event: all_read, request: pg_log(0.f9 epoch 7 query_epoch 7) v3 -8820>
2012-10-11 13:43:50.734507 7f440532f700 5 --OSD::tracker-- reqid: unknown.0.0:0, seq: 1397, time:
2012-10-11 13:43:50.734495, event: dispatched, request: pg_log(0.f9 epoch 7 query_epoch 7) v3 -8819>
2012-10-11 13:43:50.734511 7f440532f700 5 --OSD::tracker-- reqid: unknown.0.0:0, seq: 1397, time:
2012-10-11 13:43:50.734511, event: waiting_for_osdmap, request: pg_log(0.f9 epoch 7 query_epoch 7) v3 -8818>
2012-10-11 13:43:50.734517 7f440532f700 5 --OSD::tracker-- reqid: unknown.0.0:0, seq: 1397, time:
2012-10-11 13:43:50.734517, event: started, request: pg_log(0.f9 epoch 7 query_epoch 7) v3 -8817>
2012-10-11 13:43:50.734525 7f440532f700 5 --OSD::tracker-- reqid: unknown.0.0:0, seq: 1397, time:
2012-10-11 13:43:50.734525, event: done, request: pg_log(0.f9 epoch 7 query_epoch 7) v3 -8816>
2012-10-11 13:43:50.734531 7f440532f700 5 throttle(msgr_dispatch_throttler-cluster 0x1d9b088) put 507 (0xb7c748 -> 123573) -8815>
2012-10-11 13:43:50.734533 7f440532f700 1 -- 149.165.228.10:6802/338 <== osd.1 149.165.228.10:6805/1098 860 ==== osd pg remove(epoch 7; pg2.5; ) v1 ==== 25+0+0 (2788029726 0 0) 0x20aac40 con 0x2fe2140 -8814>
2012-10-11 13:43:50.734540 7f440532f700 5 --OSD::tracker-- reqid: unknown.0.0:0, seq: 1398, time:
2012-10-11 13:43:48.854876, event: header_read, request: osd pg remove(epoch 7; pg2.5; ) v1 -8813>
2012-10-11 13:43:50.734544 7f440532f700 5 --OSD::tracker-- reqid: unknown.0.0:0, seq: 1398, time:
2012-10-11 13:43:48.854878, event: throttled, request: osd pg remove(epoch 7; pg2.5; ) v1 -8812>
2012-10-11 13:43:50.734548 7f440532f700 5 --OSD::tracker-- reqid: unknown.0.0:0, seq: 1398, time:
2012-10-11 13:43:48.854882, event: all_read, request: osd pg remove(epoch 7; pg2.5; ) v1 -8811>
2012-10-11 13:43:50.734551 7f440532f700 5 --OSD::tracker-- reqid: unknown.0.0:0, seq: 1398, time:
2012-10-11 13:43:50.734539, event: dispatched, request: osd pg remove(epoch 7; pg2.5; ) v1 -8810>
2012-10-11 13:43:50.734555 7f440532f700 5 --OSD::tracker-- reqid: unknown.0.0:0, seq: 1398, time:
2012-10-11 13:43:50.734555, event: waiting_for_osdmap, request: osd pg remove(epoch 7; pg2.5; ) v1 -8809>
2012-10-11 13:43:50.734560 7f440532f700 5 --OSD::tracker-- reqid: unknown.0.0:0, seq: 1398, time:
2012-10-11 13:43:50.734560, event: started, request: osd pg remove(epoch 7; pg2.5; ) v1 -8808>
2012-10-11 13:43:50.734564 7f440532f700 5 osd.0 8 queue_pg_for_deletion: 2.5 -8807>
2012-10-11 13:43:50.734578 7f440532f700 5 filestore(/data/osd.0) queue_transactions existing osr(2.5 0x3176240)/0x3176240 -8806>
2012-10-11 13:43:50.734581 7f440532f700 5 throttle(filestore_ops 0x1dc5328) wait -8805>
2012-10-11 13:43:50.734582 7f440532f700 5 throttle(filestore_bytes 0x1dc53a8) wait -8804>
2012-10-11 13:43:50.734583 7f440532f700 5 filestore(/data/osd.0) queue_transactions (writeahead) 4001 0x30743f0 -8803>
2012-10-11 13:43:50.734586 7f440532f700 5 journal submit_entry seq 4001 len 200 (0x1e860c0) -8802>
2012-10-11 13:43:50.734587 7f440532f700 5 throttle(filestore_ops 0x1dc5328) take 1 -8801>
2012-10-11 13:43:50.734589 7f440532f700 5 throttle(filestore_bytes 0x1dc53a8) take 200 -8800>
2012-10-11 13:43:50.734603 7f440532f700 5 --OSD::tracker-- reqid: unknown.0.0:0, seq: 1398, time:
2012-10-11 13:43:50.734603, event: done, request: osd pg remove(epoch 7; pg2.5; ) v1 -8799>
2012-10-11 13:43:50.734611 7f440532f700 5 throttle(msgr_dispatch_throttler-cluster 0x1d9b088) put 25 (0xb7c748 -> 123548) -8798>
2012-10-11 13:43:50.734614 7f440532f700 1 -- 149.165.228.10:6802/338 <== osd.2 149.165.228.10:6808/1657 516 ==== pg_log(0.fb epoch 7 query_epoch 7) v3 ==== 507+0+0 (2392603092 0 0) 0x29c9000 con 0x2fe2280 -8797>
2012-10-11 13:43:50.734622 7f440532f700 5 --OSD::tracker-- reqid: unknown.0.0:0, seq: 1399, time:
2012-10-11 13:43:49.951798, event: header_read, request: pg_log(0.fb epoch 7 query_epoch 7) v3 -8796>
2012-10-11 13:43:50.734626 7f440532f700 5 --OSD::tracker-- reqid: unknown.0.0:0, seq: 1399, time:
2012-10-11 13:43:49.951801, event: throttled, request: pg_log(0.fb epoch 7 query_epoch 7) v3 -8795>
2012-10-11 13:43:50.734629 7f440532f700 5 --OSD::tracker-- reqid: unknown.0.0:0, seq: 1399, time:
2012-10-11 13:43:49.951811, event: all_read, request: pg_log(0.fb epoch 7 query_epoch 7) v3 -8794>
2012-10-11 13:43:50.734633 7f440532f700 5 --OSD::tracker-- reqid: unknown.0.0:0, seq: 1399, time:
2012-10-11 13:43:50.734621, event: dispatched, request: pg_log(0.fb epoch 7 query_epoch 7) v3 -8793>
2012-10-11 13:43:50.734637 7f440532f700 5 --OSD::tracker-- reqid: unknown.0.0:0, seq: 1399, time:
2012-10-11 13:43:50.734637, event: waiting_for_osdmap, request: pg_log(0.fb epoch 7 query_epoch 7) v3 -8792>
2012-10-11 13:43:50.734642 7f440532f700 5 --OSD::tracker-- reqid: unknown.0.0:0, seq: 1399, time:
2012-10-11 13:43:50.734642, event: started, request: pg_log(0.fb epoch 7 query_epoch 7) v3 -8791>
2012-10-11 13:43:50.734649 7f440532f700 5 --OSD::tracker-- reqid: unknown.0.0:0, seq: 1399, time:
2012-10-11 13:43:50.734649, event: done, request: pg_log(0.fb epoch 7 query_epoch 7) v3 -8790>
2012-10-11 13:43:50.734654 7f440532f700 5 throttle(msgr_dispatch_throttler-cluster 0x1d9b088) put 507 (0xb7c748 -> 123041) -8789>
2012-10-11 13:43:50.734657 7f440532f700 1 -- 149.165.228.10:6802/338 <== osd.1 149.165.228.10:6805/1098 861 ==== osd pg remove(epoch 7; pg2.d; ) v1 ==== 25+0+0 (3826708932 0 0) 0x20aaa80 con 0x2fe2140 -8788>
2012-10-11 13:43:50.734663 7f440532f700 5 --OSD::tracker-- reqid: unknown.0.0:0, seq: 1400, time:
2012-10-11 13:43:48.854884, event: header_read, request: osd pg remove(epoch 7; pg2.d; ) v1 -8788>
2012-10-11 13:43:50.734667 7f440532f700 5 --OSD::tracker-- reqid: unknown.0.0:0, seq: 1400, time:
2012-10-11 13:43:48.854887, event: throttled, request: osd pg remove(epoch 7; pg2.d; ) v1 -8787>
2012-10-11 13:43:50.734671 7f440532f700 5 --OSD::tracker-- reqid: unknown.0.0:0, seq: 1400, time:
2012-10-11 13:43:48.854890, event: all_read, request: osd pg remove(epoch 7; pg2.d; ) v1 -8786>
2012-10-11 13:43:50.734674 7f440532f700 5 --OSD::tracker-- reqid: unknown.0.0:0, seq: 1400, time:
2012-10-11 13:43:50.734663, event: dispatched, request: osd pg remove(epoch 7; pg2.d; ) v1 -8785>
2012-10-11 13:43:50.734678 7f440532f700 5 --OSD::tracker-- reqid: unknown.0.0:0, seq: 1400, time:
2012-10-11 13:43:50.734678, event: waiting_for_osdmap, request: osd pg remove(epoch 7; pg2.d; ) v1 -8784>
2012-10-11 13:43:50.734683 7f440532f700 5 --OSD::tracker-- reqid: unknown.0.0:0, seq: 1400, time:
2012-10-11 13:43:50.734683, event: started, request: osd pg remove(epoch 7; pg2.d; ) v1 -8783>
2012-10-11 13:43:50.734687 7f440532f700 5 osd.0 8 queue_pg_for_deletion: 2.d -8782>
2012-10-11 13:43:50.734698 7f440532f700 5 filestore(/data/osd.0) queue_transactions existing osr(2.d 0x1d71430)/0x1d71430 -8781>
2012-10-11 13:43:50.734701 7f440532f700 5 throttle(filestore_ops 0x1dc5328) wait -8780>
2012-10-11 13:43:50.734702 7f440532f700 5 throttle(filestore_bytes 0x1dc53a8) wait -8779>
2012-10-11 13:43:50.734703 7f440532f700 5 filestore(/data/osd.0) queue_transactions (writeahead) 4002 0x3074f30 -8778>
2012-10-11 13:43:50.734705 7f440532f700 5 journal submit_entry seq 4002 len 200 (0x1eed3f0) -8777>
2012-10-11 13:43:50.734707 7f440532f700 5 throttle(filestore_ops 0x1dc5328) take 1 -8776>
2012-10-11 13:43:50.734708 7f440532f700 5 throttle(filestore_bytes 0x1dc53a8) take 200 -8775>
2012-10-11 13:43:50.734722 7f440532f700 5 --OSD::tracker-- reqid: unknown.0.0:0, seq: 1400, time:
2012-10-11 13:43:50.734721, event: done, request: osd pg remove(epoch 7; pg2.d; ) v1 -8774>
2012-10-11 13:43:50.734729 7f440532f700 5 throttle(msgr_dispatch_throttler-cluster 0x1d9b088) put 25 (0xb7c748 -> 123016) -8773>
2012-10-11 13:43:50.734732 7f440532f700 1 -- 149.165.228.10:6802/338 <== osd.2 149.165.228.10:6808/1657 517 ==== pg_log(0.fc epoch 7 query_epoch 7) v3 ==== 507+0+0 (3518425158 0 0) 0x301ca00 con 0x2fe2280 -8772>
2012-10-11 13:43:50.734739 7f440532f700 5 --OSD::tracker-- reqid: unknown.0.0:0, seq: 1401, time:
2012-10-11 13:43:49.952056, event: header_read, request: pg_log(0.fc epoch 7 query_epoch 7) v3 -8771>
2012-10-11 13:43:50.734743 7f440532f700 5 --OSD::tracker-- reqid: unknown.0.0:0, seq: 1401, time:
2012-10-11 13:43:49.952064, event: throttled, request: pg_log(0.fc epoch 7 query_epoch 7) v3 -8770>
2012-10-11 13:43:50.734747 7f440532f700 5 --OSD::tracker-- reqid: unknown.0.0:0, seq: 1401, time:
2012-10-11 13:43:49.952077, event: all_read, request: pg_log(0.fc epoch 7 query_epoch 7) v3 -8769>
2012-10-11 13:43:50.734750 7f440532f700 5 --OSD::tracker-- reqid: unknown.0.0:0, seq: 1401, time:
2012-10-11 13:43:50.734738, event: dispatched, request: pg_log(0.fc epoch 7 query_epoch 7) v3 -8768>
2012-10-11 13:43:50.734754 7f440532f700 5 --OSD::tracker-- reqid: unknown.0.0:0, seq: 1401, time:
2012-10-11 13:43:50.734754, event: waiting_for_osdmap, request: pg_log(0.fc epoch 7 query_epoch 7) v3 -8767>
2012-10-11 13:43:50.734759 7f440532f700 5 --OSD::tracker-- reqid: unknown.0.0:0, seq: 1401, time:
2012-10-11 13:43:50.734759, event: started, request: pg_log(0.fc epoch 7 query_epoch 7) v3 -8766>
2012-10-11 13:43:50.734767 7f440532f700 5 --OSD::tracker-- reqid: unknown.0.0:0, seq: 1401, time:
2012-10-11 13:43:50.734766, event: done, request: pg_log(0.fc epoch 7 query_epoch 7) v3 -8765>
2012-10-11 13:43:50.734772 7f440532f700 5 throttle(msgr_dispatch_throttler-cluster 0x1d9b088) put 507 (0xb7c748 -> 122509) -8764>
2012-10-11 13:43:50.734774 7f440532f700 1 -- 149.165.228.10:6802/338 <== osd.1 149.165.228.10:6805/1098 862 ==== osd pg remove(epoch 7; pg2.9b; ) v1 ==== 25+0+0 (3875804727 0 0) 0x20aa8c0 con 0x2fe2140 -8763>
2012-10-11 13:43:50.734780 7f440532f700 5 --OSD::tracker-- reqid: unknown.0.0:0, seq: 1402, time:
2012-10-11 13:43:48.981687, event: header_read, request: osd pg remove(epoch 7; pg2.9b; ) v1 -8762>
2012-10-11 13:43:50.734784 7f440532f700 5 --OSD::tracker-- reqid: unknown.0.0:0, seq: 1402, time:
2012-10-11 13:43:48.981704, event: throttled, request: osd pg remove(epoch 7; pg2.9b; ) v1 -8761>
2012-10-11 13:43:50.734788 7f440532f700 5 --OSD::tracker-- reqid: unknown.0.0:0, seq: 1402, time:
2012-10-11 13:43:48.981713, event: all_read, request: osd pg remove(epoch 7; pg2.9b; ) v1 -8760>
2012-10-11 13:43:50.734792 7f440532f700 5 --OSD::tracker-- reqid: unknown.0.0:0, seq: 1402, time:
2012-10-11 13:43:50.734780, event: dispatched, request: osd pg remove(epoch 7; pg2.9b; ) v1 -8759>
2012-10-11 13:43:50.734796 7f440532f700 5 --OSD::tracker-- reqid: unknown.0.0:0, seq: 1402, time:
2012-10-11 13:43:50.734796, event: waiting_for_osdmap, request: osd pg remove(epoch 7; pg2.9b; ) v1 -8758>
2012-10-11 13:43:50.734800 7f440532f700 5 --OSD::tracker-- reqid: unknown.0.0:0, seq: 1402, time:
2012-10-11 13:43:50.734800, event: started, request: osd pg remove(epoch 7; pg2.9b; ) v1 -8757>
2012-10-11 13:43:50.734804 7f440532f700 5 osd.0 8 queue_pg_for_deletion: 2.9b -8756>
2012-10-11 13:43:50.734817 7f440532f700 5 filestore(/data/osd.0) queue_transactions existing osr(2.9b 0x2130cc0)/0x2130cc0 -8755>
2012-10-11 13:43:50.734819 7f440532f700 5 throttle(filestore_ops 0x1dc5328) wait -8754>
2012-10-11 13:43:50.734820 7f440532f700 5 throttle(filestore_bytes 0x1dc53a8) wait -8753>
2012-10-11 13:43:50.734821 7f440532f700 5 filestore(/data/osd.0) queue_transactions (writeahead) 4003 0x3074ea0 -8752>
2012-10-11 13:43:50.734824 7f440532f700 5 journal submit_entry seq 4003 len 204 (0x1eedc60) -8751>
2012-10-11 13:43:50.734825 7f440532f700 5 throttle(filestore_ops 0x1dc5328) take 1 -8750>
2012-10-11 13:43:50.734826 7f440532f700 5 throttle(filestore_bytes 0x1dc53a8) take 204 -8749>
2012-10-11 13:43:50.734840 7f440532f700 5 --OSD::tracker-- reqid: unknown.0.0:0, seq: 1402, time:
2012-10-11 13:43:50.734840, event: done, request: osd pg remove(epoch 7; pg2.9b; ) v1 -8748>
2012-10-11 13:43:50.734849 7f440532f700 5 throttle(msgr_dispatch_throttler-cluster 0x1d9b088) put 25 (0xb7c748 -> 122484) -8747>
2012-10-11 13:43:50.734852 7f440532f700 1 -- 149.165.228.10:6802/338 <== osd.2 149.165.228.10:6808/1657 518 ==== pg_log(1.e7 epoch 7 query_epoch 7) v3 ==== 507+0+0 (1866285542 0 0) 0x301c500 con 0x2fe2280 -8747>
2012-10-11 13:43:50.734860 7f440532f700 5 --OSD::tracker-- reqid: unknown.0.0:0, seq: 1403, time:
2012-10-11 13:43:49.954785, event: header_read, request: pg_log(1.e7 epoch 7 query_epoch 7) v3 -8746>
2012-10-11 13:43:50.734864 7f440532f700 5 --OSD::tracker-- reqid: unknown.0.0:0, seq: 1403, time:
2012-10-11 13:43:49.954796, event: throttled, request: pg_log(1.e7 epoch 7 query_epoch 7) v3 -8745>
2012-10-11 13:43:50.734868 7f440532f700 5 --OSD::tracker-- reqid: unknown.0.0:0, seq: 1403, time:
2012-10-11 13:43:49.954810, event: all_read, request: pg_log(1.e7 epoch 7 query_epoch 7) v3 -8744>
2012-10-11 13:43:50.734872 7f440532f700 5 --OSD::tracker-- reqid: unknown.0.0:0, seq: 1403, time:
2012-10-11 13:43:50.734859, event: dispatched, request: pg_log(1.e7 epoch 7 query_epoch 7) v3 -8743>
2012-10-11 13:43:50.734875 7f440532f700 5 --OSD::tracker-- reqid: unknown.0.0:0, seq: 1403, time:
2012-10-11 13:43:50.734875, event: waiting_for_osdmap, request: pg_log(1.e7 epoch 7 query_epoch 7) v3 -8742>
2012-10-11 13:43:50.734881 7f440532f700 5 --OSD::tracker-- reqid: unknown.0.0:0, seq: 1403, time:
2012-10-11 13:43:50.734881, event: started, request: pg_log(1.e7 epoch 7 query_epoch 7) v3 -8741>
2012-10-11 13:43:50.734888 7f440532f700 5 --OSD::tracker-- reqid: unknown.0.0:0, seq: 1403, time:
2012-10-11 13:43:50.734888, event: done, request: pg_log(1.e7 epoch 7 query_epoch 7) v3 -8740>
2012-10-11 13:43:50.734893 7f440532f700 5 throttle(msgr_dispatch_throttler-cluster 0x1d9b088) put 507 (0xb7c748 -> 121977) -8739>
2012-10-11 13:43:50.734895 7f440532f700 1 -- 149.165.228.10:6802/338 <== osd.1 149.165.228.10:6805/1098 863 ==== osd pg remove(epoch 7; pg2.9f; ) v1 ==== 25+0+0 (3323565146 0 0) 0x20aa700 con 0x2fe2140 -8738>
2012-10-11 13:43:50.734902 7f440532f700 5 --OSD::tracker-- reqid: unknown.0.0:0, seq: 1404, time:
2012-10-11 13:43:48.981719, event: header_read, request: osd pg remove(epoch 7; pg2.9f; ) v1 -8737>
2012-10-11 13:43:50.734906 7f440532f700 5 --OSD::tracker-- reqid: unknown.0.0:0, seq: 1404, time:
2012-10-11 13:43:48.981722, event: throttled, request: osd pg remove(epoch 7; pg2.9f; ) v1 -8736>
2012-10-11 13:43:50.734910 7f440532f700 5 --OSD::tracker-- reqid: unknown.0.0:0, seq: 1404, time:
2012-10-11 13:43:48.981726, event: all_read, request: osd pg remove(epoch 7; pg2.9f; ) v1 -8735>
2012-10-11 13:43:50.734913 7f440532f700 5 --OSD::tracker-- reqid: unknown.0.0:0, seq: 1404, time:
2012-10-11 13:43:50.734901, event: dispatched, request: osd pg remove(epoch 7; pg2.9f; ) v1 -8734>
2012-10-11 13:43:50.734917 7f440532f700 5 --OSD::tracker-- reqid: unknown.0.0:0, seq: 1404, time:
2012-10-11 13:43:50.734917, event: waiting_for_osdmap, request: osd pg remove(epoch 7; pg2.9f; ) v1 -8733>
2012-10-11 13:43:50.734922 7f440532f700 5 --OSD::tracker-- reqid: unknown.0.0:0, seq: 1404, time:
2012-10-11 13:43:50.734922, event: started, request: osd pg remove(epoch 7; pg2.9f; ) v1 -8732>
2012-10-11 13:43:50.734926 7f440532f700 5 osd.0 8 queue_pg_for_deletion: 2.9f -8731>
2012-10-11 13:43:50.734937 7f440532f700 5 filestore(/data/osd.0) queue_transactions existing osr(2.9f 0x3176ce0)/0x3176ce0 -8730>
2012-10-11 13:43:50.734940 7f440532f700 5 throttle(filestore_ops 0x1dc5328) wait -8729>
2012-10-11 13:43:50.734941 7f440532f700 5 throttle(filestore_bytes 0x1dc53a8) wait -8728>
2012-10-11 13:43:50.734942 7f440532f700 5 filestore(/data/osd.0) queue_transactions (writeahead) 4004 0x3074240 -8727>
2012-10-11 13:43:50.734944 7f440532f700 5 journal submit_entry seq 4004 len 204 (0x33abae0) -8726>
2012-10-11 13:43:50.734946 7f440532f700 5 throttle(filestore_ops 0x1dc5328) take 1 -8725>
2012-10-11 13:43:50.734947 7f440532f700 5 throttle(filestore_bytes 0x1dc53a8) take 204 -8724>
2012-10-11 13:43:50.734959 7f440532f700 5 --OSD::tracker-- reqid: unknown.0.0:0, seq: 1404, time:
2012-10-11 13:43:50.734959, event: done, request: osd pg remove(epoch 7; pg2.9f; ) v1 -8723>
2012-10-11 13:43:50.734967 7f440532f700 5 throttle(msgr_dispatch_throttler-cluster 0x1d9b088) put 25 (0xb7c748 -> 121952) -8722>
2012-10-11 13:43:50.734970 7f440532f700 1 -- 149.165.228.10:6802/338 <== osd.2 149.165.228.10:6808/1657 519 ==== pg_log(1.ed epoch 7 query_epoch 7) v3 ==== 507+0+0 (2280060157 0 0) 0x301c000 con 0x2fe2280 -8721>
2012-10-11 13:43:50.734977 7f440532f700 5 --OSD::tracker-- reqid: unknown.0.0:0, seq: 1405, time:
2012-10-11 13:43:49.955821, event: header_read, request: pg_log(1.ed epoch 7 query_epoch 7) v3 -8720>
2012-10-11 13:43:50.734981 7f440532f700 5 --OSD::tracker-- reqid: unknown.0.0:0, seq: 1405, time:
2012-10-11 13:43:49.955832, event: throttled, request: pg_log(1.ed epoch 7 query_epoch 7) v3 -8719>
2012-10-11 13:43:50.734985 7f440532f700 5 --OSD::tracker-- reqid: unknown.0.0:0, seq: 1405, time:
2012-10-11 13:43:49.955844, event: all_read, request: pg_log(1.ed epoch 7 query_epoch 7) v3 -8718>
2012-10-11 13:43:50.734989 7f440532f700 5 --OSD::tracker-- reqid: unknown.0.0:0, seq: 1405, time:
2012-10-11 13:43:50.734977, event: dispatched, request: pg_log(1.ed epoch 7 query_epoch 7) v3 -8717>
2012-10-11 13:43:50.734992 7f440532f700 5 --OSD::tracker-- reqid: unknown.0.0:0, seq: 1405, time:
2012-10-11 13:43:50.734992, event: waiting_for_osdmap, request: pg_log(1.ed epoch 7 query_epoch 7) v3 -8716>
2012-10-11 13:43:50.734998 7f440532f700 5 --OSD::tracker-- reqid: unknown.0.0:0, seq: 1405, time:
2012-10-11 13:43:50.734998, event: started, request: pg_log(1.ed epoch 7 query_epoch 7) v3 -8715>
2012-10-11 13:43:50.735005 7f440532f700 5 --OSD::tracker-- reqid: unknown.0.0:0, seq: 1405, time:
2012-10-11 13:43:50.735005, event: done, request: pg_log(1.ed epoch 7 query_epoch 7) v3 -8714>
2012-10-11 13:43:50.735013 7f440532f700 5 throttle(msgr_dispatch_throttler-cluster 0x1d9b088) put 507 (0xb7c748 -> 121445) -8713>
2012-10-11 13:43:50.735015 7f440532f700 1 -- 149.165.228.10:6802/338 <== osd.1 149.165.228.10:6805/1098 864 ==== osd pg remove(epoch 7; pg2.b1; ) v1 ==== 25+0+0 (977767738 0 0) 0x20aa540 con 0x2fe2140 -8712>
2012-10-11 13:43:50.735022 7f440532f700 5 --OSD::tracker-- reqid: unknown.0.0:0, seq: 1406, time:
2012-10-11 13:43:48.981731, event: header_read, request: osd pg remove(epoch 7; pg2.b1; ) v1 -8711>
2012-10-11 13:43:50.735026 7f440532f700 5 --OSD::tracker-- reqid: unknown.0.0:0, seq: 1406, time:
2012-10-11 13:43:48.981735, event: throttled, request: osd pg remove(epoch 7; pg2.b1; ) v1 -8710>
2012-10-11 13:43:50.735030 7f440532f700 5 --OSD::tracker-- reqid: unknown.0.0:0, seq: 1406, time:
2012-10-11 13:43:48.981753, event: all_read, request: osd pg remove(epoch 7; pg2.b1; ) v1 -8709>
2012-10-11 13:43:50.735034 7f440532f700 5 --OSD::tracker-- reqid: unknown.0.0:0, seq: 1406, time:
2012-10-11 13:43:50.735021, event: dispatched, request: osd pg remove(epoch 7; pg2.b1; ) v1 -8708>
2012-10-11 13:43:50.735038 7f440532f700 5 --OSD::tracker-- reqid: unknown.0.0:0, seq: 1406, time:
2012-10-11 13:43:50.735038, event: waiting_for_osdmap, request: osd pg remove(epoch 7; pg2.b1; ) v1 -8707>
2012-10-11 13:43:50.735042 7f440532f700 5 --OSD::tracker-- reqid: unknown.0.0:0, seq: 1406, time:
2012-10-11 13:43:50.735042, event: started, request: osd pg remove(epoch 7; pg2.b1; ) v1 -8706>
2012-10-11 13:43:50.735046 7f440532f700 5 osd.0 8 queue_pg_for_deletion: 2.b1 -8705>
2012-10-11 13:43:50.735058 7f440532f700 5 filestore(/data/osd.0) queue_transactions existing osr(2.b1 0x3176d80)/0x3176d80 -8704>
2012-10-11 13:43:50.735060 7f440532f700 5 throttle(filestore_ops 0x1dc5328) wait -8703>
2012-10-11 13:43:50.735061 7f440532f700 5 throttle(filestore_bytes 0x1dc53a8) wait -8702>
2012-10-11 13:43:50.735062 7f440532f700 5 filestore(/data/osd.0) queue_transactions (writeahead) 4005 0x3074090 -8701>
2012-10-11 13:43:50.735064 7f440532f700 5 journal submit_entry seq 4005 len 204 (0x33a7930) -8700>
2012-10-11 13:43:50.735066 7f440532f700 5 throttle(filestore_ops 0x1dc5328) take 1 -8699>
2012-10-11 13:43:50.735067 7f440532f700 5 throttle(filestore_bytes 0x1dc53a8) take 204 -8698>
2012-10-11 13:43:50.735082 7f440532f700 5 --OSD::tracker-- reqid: unknown.0.0:0, seq: 1406, time:
2012-10-11 13:43:50.735082, event: done, request: osd pg remove(epoch 7; pg2.b1; ) v1 -8697>
2012-10-11 13:43:50.735090 7f440532f700 5 throttle(msgr_dispatch_throttler-cluster 0x1d9b088) put 25 (0xb7c748 -> 121420) -8696>
2012-10-11 13:43:50.735093 7f440532f700 1 -- 149.165.228.10:6802/338 <== osd.2 149.165.228.10:6808/1657 520 ==== pg_log(1.ef epoch 7 query_epoch 7) v3 ==== 507+0+0 (510613918 0 0) 0x2956a00 con 0x2fe2280 -8695>
2012-10-11 13:43:50.735100 7f440532f700 5 --OSD::tracker-- reqid: unknown.0.0:0, seq: 1407, time:
2012-10-11 13:43:49.956792, event: header_read, request: pg_log(1.ef epoch 7 query_epoch 7) v3 -8694>
2012-10-11 13:43:50.735104 7f440532f700 5 --OSD::tracker-- reqid: unknown.0.0:0, seq: 1407, time:
2012-10-11 13:43:49.956802, event: throttled, request: pg_log(1.ef epoch 7 query_epoch 7) v3 -8693>
2012-10-11 13:43:50.735108 7f440532f700 5 --OSD::tracker-- reqid: unknown.0.0:0, seq: 1407, time:
2012-10-11 13:43:49.956816, event: all_read, request: pg_log(1.ef epoch 7 query_epoch 7) v3 -8692>
2012-10-11 13:43:50.735111 7f440532f700 5 --OSD::tracker-- reqid: unknown.0.0:0, seq: 1407, time:
2012-10-11 13:43:50.735099, event: dispatched, request: pg_log(1.ef epoch 7 query_epoch 7) v3 -8691>
2012-10-11 13:43:50.735115 7f440532f700 5 --OSD::tracker-- reqid: unknown.0.0:0, seq: 1407, time:
2012-10-11 13:43:50.735115, event: waiting_for_osdmap, request: pg_log(1.ef epoch 7 query_epoch 7) v3 -8690>
2012-10-11 13:43:50.735120 7f440532f700 5 --OSD::tracker-- reqid: unknown.0.0:0, seq: 1407, time:
2012-10-11 13:43:50.735120, event: started, request: pg_log(1.ef epoch 7 query_epoch 7) v3 -8689>
2012-10-11 13:43:50.735128 7f440532f700 5 --OSD::tracker-- reqid: unknown.0.0:0, seq: 1407, time:
2012-10-11 13:43:50.735127, event: done, request: pg_log(1.ef epoch 7 query_epoch 7) v3 -8688>
2012-10-11 13:43:50.735133 7f440532f700 5 throttle(msgr_dispatch_throttler-cluster 0x1d9b088) put 507 (0xb7c748 -> 120913) -8687>
2012-10-11 13:43:50.735135 7f440532f700 1 -- 149.165.228.10:6802/338 <== osd.1 149.165.228.10:6805/1098 865 ==== osd pg remove(epoch 7; pg2.b4; ) v1 ==== 25+0+0 (1382445680 0 0) 0x20aa380 con 0x2fe2140 -8686>
2012-10-11 13:43:50.735141 7f440532f700 5 --OSD::tracker-- reqid: unknown.0.0:0, seq: 1408, time:
2012-10-11 13:43:48.981757, event: header_read, request: osd pg remove(epoch 7; pg2.b4; ) v1 -8686>
2012-10-11 13:43:50.735145 7f440532f700 5 --OSD::tracker-- reqid: unknown.0.0:0, seq: 1408, time:
2012-10-11 13:43:48.981761, event: throttled, request: osd pg remove(epoch 7; pg2.b4; ) v1 -8685>
2012-10-11 13:43:50.735149 7f440532f700 5 --OSD::tracker-- reqid: unknown.0.0:0, seq: 1408, time:
2012-10-11 13:43:48.981765, event: all_read, request: osd pg remove(epoch 7; pg2.b4; ) v1 -8684>
2012-10-11 13:43:50.735153 7f440532f700 5 --OSD::tracker-- reqid: unknown.0.0:0, seq: 1408, time:
2012-10-11 13:43:50.735141, event: dispatched, request: osd pg remove(epoch 7; pg2.b4; ) v1 -8683>
2012-10-11 13:43:50.735159 7f440532f700 5 --OSD::tracker-- reqid: unknown.0.0:0, seq: 1408, time:
2012-10-11 13:43:50.735159, event: waiting_for_osdmap, request: osd pg remove(epoch 7; pg2.b4; ) v1 -8682>
2012-10-11 13:43:50.735163 7f440532f700 5 --OSD::tracker-- reqid: unknown.0.0:0, seq: 1408, time:
