2012-10-11 13:43:50.825008 7f43ff821700 5 throttle(msgr_dispatch_throttler-cluster 0x1d9b088) get 471 (42446 -> 42917) -5134>
2012-10-11 13:43:50.825020 7f43ff821700 5 throttle(msgr_dispatch_throttler-cluster 0x1d9b088) get 471 (42917 -> 43388) -5133>
2012-10-11 13:43:50.825033 7f43ff821700 5 throttle(msgr_dispatch_throttler-cluster 0x1d9b088) get 471 (43388 -> 43859) -5132>
2012-10-11 13:43:50.825045 7f43ff821700 5 throttle(msgr_dispatch_throttler-cluster 0x1d9b088) get 471 (43859 -> 44330) -5131>
2012-10-11 13:43:50.825059 7f43ff821700 5 throttle(msgr_dispatch_throttler-cluster 0x1d9b088) get 471 (44330 -> 44801) -5130>
2012-10-11 13:43:50.825071 7f43ff821700 5 throttle(msgr_dispatch_throttler-cluster 0x1d9b088) get 471 (44801 -> 45272) -5129>
2012-10-11 13:43:50.825083 7f43ff821700 5 throttle(msgr_dispatch_throttler-cluster 0x1d9b088) get 471 (45272 -> 45743) -5128>
2012-10-11 13:43:50.825095 7f43ff821700 5 throttle(msgr_dispatch_throttler-cluster 0x1d9b088) get 471 (45743 -> 46214) -5127>
2012-10-11 13:43:50.825107 7f43ff821700 5 throttle(msgr_dispatch_throttler-cluster 0x1d9b088) get 471 (46214 -> 46685) -5126>
2012-10-11 13:43:50.825118 7f43ff821700 5 throttle(msgr_dispatch_throttler-cluster 0x1d9b088) get 471 (46685 -> 47156) -5125>
2012-10-11 13:43:50.825130 7f43ff821700 5 throttle(msgr_dispatch_throttler-cluster 0x1d9b088) get 471 (47156 -> 47627) -5124>
2012-10-11 13:43:50.825142 7f43ff821700 5 throttle(msgr_dispatch_throttler-cluster 0x1d9b088) get 471 (47627 -> 48098) -5123>
2012-10-11 13:43:50.825154 7f43ff821700 5 throttle(msgr_dispatch_throttler-cluster 0x1d9b088) get 471 (48098 -> 48569) -5122>
2012-10-11 13:43:50.825166 7f43ff821700 5 throttle(msgr_dispatch_throttler-cluster 0x1d9b088) get 471 (48569 -> 49040) -5121>
2012-10-11 13:43:50.825178 7f43ff821700 5 throttle(msgr_dispatch_throttler-cluster 0x1d9b088) get 471 (49040 -> 49511) -5120>
2012-10-11 13:43:50.825190 7f43ff821700 5 throttle(msgr_dispatch_throttler-cluster 0x1d9b088) get 471 (49511 -> 49982) -5119>
2012-10-11 13:43:50.825202 7f43ff821700 5 throttle(msgr_dispatch_throttler-cluster 0x1d9b088) get 471 (49982 -> 50453) -5118>
2012-10-11 13:43:50.825213 7f43ff821700 5 throttle(msgr_dispatch_throttler-cluster 0x1d9b088) get 471 (50453 -> 50924) -5117>
2012-10-11 13:43:50.825225 7f43ff821700 5 throttle(msgr_dispatch_throttler-cluster 0x1d9b088) get 471 (50924 -> 51395) -5116>
2012-10-11 13:43:50.871863 7f43ff41d700 5 throttle(msgr_dispatch_throttler-cluster 0x1d9b088) get 25 (51395 -> 51420) -5115>
2012-10-11 13:43:50.871894 7f43ff41d700 5 throttle(msgr_dispatch_throttler-cluster 0x1d9b088) get 25 (51420 -> 51445) -5114>
2012-10-11 13:43:50.871903 7f43ff41d700 5 throttle(msgr_dispatch_throttler-cluster 0x1d9b088) get 25 (51445 -> 51470) -5113>
2012-10-11 13:43:50.879235 7f43ff21b700 5 throttle(msgr_dispatch_throttler-hbserver 0x1d9bc88) get 47 (0 -> 47) -5112>
2012-10-11 13:43:50.879280 7f440432d700 1 -- 149.165.228.10:6803/338 <== osd.1 149.165.228.10:0/1098 2 ==== osd_ping(ping e8 stamp
2012-10-11 13:43:50.879138) v2 ==== 47+0+0 (2991420381 0 0) 0x27a2a80 con 0x2fe2640 -5111>
2012-10-11 13:43:50.879302 7f440432d700 1 -- 149.165.228.10:6803/338 --> 149.165.228.10:0/1098 -- osd_ping(ping_reply e8 stamp
2012-10-11 13:43:50.879138) v2 -- ?+0 0x20a0000 con 0x2fe2640 -5110>
2012-10-11 13:43:50.879316 7f440432d700 5 throttle(msgr_dispatch_throttler-hbserver 0x1d9bc88) put 47 (0xb7c748 -> 0) -5109>
2012-10-11 13:43:50.905563 7f4400224700 5 osd.0 8 heartbeat: osd_stat(1028 MB used, 2732 GB avail, 2733 GB total, peers [1,2]/[]) -5108>
2012-10-11 13:43:50.905587 7f4400224700 1 -- 149.165.228.10:0/338 --> 149.165.228.10:6806/1098 -- osd_ping(ping e8 stamp
2012-10-11 13:43:50.905584) v2 -- ?+0 0x27a28c0 con 0x1dff640 -5107>
2012-10-11 13:43:50.905609 7f4400224700 1 -- 149.165.228.10:0/338 --> 149.165.228.10:6809/1657 -- osd_ping(ping e8 stamp
2012-10-11 13:43:50.905584) v2 -- ?+0 0x20a0000 con 0x2f22c80 -5106>
2012-10-11 13:43:50.906406 7f43fed16700 5 throttle(msgr_dispatch_throttler-hbclient 0x1d9aa88) get 47 (0 -> 47) -5105>
2012-10-11 13:43:50.906441 7f4404b2e700 1 -- 149.165.228.10:0/338 <== osd.2 149.165.228.10:6809/1657 1 ==== osd_ping(ping_reply e8 stamp
2012-10-11 13:43:50.905584) v2 ==== 47+0+0 (1989713112 0 0) 0x2337a80 con 0x2f22c80 -5104>
2012-10-11 13:43:50.906465 7f4404b2e700 5 throttle(msgr_dispatch_throttler-hbclient 0x1d9aa88) put 47 (0xb7c748 -> 0) -5103>
2012-10-11 13:43:50.907620 7f43ff51e700 5 throttle(msgr_dispatch_throttler-hbclient 0x1d9aa88) get 47 (0 -> 47) -5102>
2012-10-11 13:43:50.909116 7f4404b2e700 1 -- 149.165.228.10:0/338 <== osd.1 149.165.228.10:6806/1098 2 ==== osd_ping(ping_reply e8 stamp
2012-10-11 13:43:50.905584) v2 ==== 47+0+0 (1989713112 0 0) 0x2337a80 con 0x1dff640 -5101>
2012-10-11 13:43:50.909142 7f4404b2e700 5 throttle(msgr_dispatch_throttler-hbclient 0x1d9aa88) put 47 (0xb7c748 -> 0) -5100>
2012-10-11 13:43:50.937157 7f43ff821700 5 throttle(msgr_dispatch_throttler-cluster 0x1d9b088) get 471 (51470 -> 51941) -5099>
2012-10-11 13:43:50.937198 7f43ff821700 5 throttle(msgr_dispatch_throttler-cluster 0x1d9b088) get 471 (51941 -> 52412) -5098>
2012-10-11 13:43:50.937213 7f43ff821700 5 throttle(msgr_dispatch_throttler-cluster 0x1d9b088) get 471 (52412 -> 52883) -5097>
2012-10-11 13:43:50.937227 7f43ff821700 5 throttle(msgr_dispatch_throttler-cluster 0x1d9b088) get 471 (52883 -> 53354) -5096>
2012-10-11 13:43:50.937240 7f43ff821700 5 throttle(msgr_dispatch_throttler-cluster 0x1d9b088) get 471 (53354 -> 53825) -5095>
2012-10-11 13:43:50.937264 7f43ff821700 5 throttle(msgr_dispatch_throttler-cluster 0x1d9b088) get 471 (53825 -> 54296) -5094>
2012-10-11 13:43:50.937278 7f43ff821700 5 throttle(msgr_dispatch_throttler-cluster 0x1d9b088) get 471 (54296 -> 54767) -5093>
2012-10-11 13:43:50.937295 7f43ff821700 5 throttle(msgr_dispatch_throttler-cluster 0x1d9b088) get 471 (54767 -> 55238) -5092>
2012-10-11 13:43:50.937308 7f43ff821700 5 throttle(msgr_dispatch_throttler-cluster 0x1d9b088) get 471 (55238 -> 55709) -5091>
2012-10-11 13:43:50.937321 7f43ff821700 5 throttle(msgr_dispatch_throttler-cluster 0x1d9b088) get 471 (55709 -> 56180) -5090>
2012-10-11 13:43:50.937334 7f43ff821700 5 throttle(msgr_dispatch_throttler-cluster 0x1d9b088) get 471 (56180 -> 56651) -5089>
2012-10-11 13:43:50.937348 7f43ff821700 5 throttle(msgr_dispatch_throttler-cluster 0x1d9b088) get 471 (56651 -> 57122) -5088>
2012-10-11 13:43:50.937361 7f43ff821700 5 throttle(msgr_dispatch_throttler-cluster 0x1d9b088) get 471 (57122 -> 57593) -5087>
2012-10-11 13:43:50.937374 7f43ff821700 5 throttle(msgr_dispatch_throttler-cluster 0x1d9b088) get 471 (57593 -> 58064) -5086>
2012-10-11 13:43:50.937386 7f43ff821700 5 throttle(msgr_dispatch_throttler-cluster 0x1d9b088) get 471 (58064 -> 58535) -5085>
2012-10-11 13:43:50.937399 7f43ff821700 5 throttle(msgr_dispatch_throttler-cluster 0x1d9b088) get 471 (58535 -> 59006) -5084>
2012-10-11 13:43:50.937411 7f43ff821700 5 throttle(msgr_dispatch_throttler-cluster 0x1d9b088) get 471 (59006 -> 59477) -5083>
2012-10-11 13:43:50.937423 7f43ff821700 5 throttle(msgr_dispatch_throttler-cluster 0x1d9b088) get 471 (59477 -> 59948) -5082>
2012-10-11 13:43:50.937437 7f43ff821700 5 throttle(msgr_dispatch_throttler-cluster 0x1d9b088) get 471 (59948 -> 60419) -5081>
2012-10-11 13:43:50.937450 7f43ff821700 5 throttle(msgr_dispatch_throttler-cluster 0x1d9b088) get 471 (60419 -> 60890) -5080>
2012-10-11 13:43:50.937463 7f43ff821700 5 throttle(msgr_dispatch_throttler-cluster 0x1d9b088) get 471 (60890 -> 61361) -5079>
2012-10-11 13:43:50.937475 7f43ff821700 5 throttle(msgr_dispatch_throttler-cluster 0x1d9b088) get 471 (61361 -> 61832) -5078>
2012-10-11 13:43:50.937487 7f43ff821700 5 throttle(msgr_dispatch_throttler-cluster 0x1d9b088) get 471 (61832 -> 62303) -5077>
2012-10-11 13:43:50.937499 7f43ff821700 5 throttle(msgr_dispatch_throttler-cluster 0x1d9b088) get 471 (62303 -> 62774) -5076>
2012-10-11 13:43:50.937511 7f43ff821700 5 throttle(msgr_dispatch_throttler-cluster 0x1d9b088) get 471 (62774 -> 63245) -5075>
2012-10-11 13:43:50.937524 7f43ff821700 5 throttle(msgr_dispatch_throttler-cluster 0x1d9b088) get 471 (63245 -> 63716) -5074>
2012-10-11 13:43:50.937536 7f43ff821700 5 throttle(msgr_dispatch_throttler-cluster 0x1d9b088) get 471 (63716 -> 64187) -5073>
2012-10-11 13:43:50.937550 7f43ff821700 5 throttle(msgr_dispatch_throttler-cluster 0x1d9b088) get 471 (64187 -> 64658) -5072>
2012-10-11 13:43:50.937563 7f43ff821700 5 throttle(msgr_dispatch_throttler-cluster 0x1d9b088) get 471 (64658 -> 65129) -5071>
2012-10-11 13:43:50.937575 7f43ff821700 5 throttle(msgr_dispatch_throttler-cluster 0x1d9b088) get 471 (65129 -> 65600) -5070>
2012-10-11 13:43:51.016985 7f43ff41d700 5 throttle(msgr_dispatch_throttler-cluster 0x1d9b088) get 25 (65600 -> 65625) -5069>
2012-10-11 13:43:51.017017 7f43ff41d700 5 throttle(msgr_dispatch_throttler-cluster 0x1d9b088) get 25 (65625 -> 65650) -5068>
2012-10-11 13:43:51.017027 7f43ff41d700 5 throttle(msgr_dispatch_throttler-cluster 0x1d9b088) get 25 (65650 -> 65675) -5067>
2012-10-11 13:43:51.017035 7f43ff41d700 5 throttle(msgr_dispatch_throttler-cluster 0x1d9b088) get 25 (65675 -> 65700) -5066>
2012-10-11 13:43:51.017043 7f43ff41d700 5 throttle(msgr_dispatch_throttler-cluster 0x1d9b088) get 25 (65700 -> 65725) -5065>
2012-10-11 13:43:51.017051 7f43ff41d700 5 throttle(msgr_dispatch_throttler-cluster 0x1d9b088) get 25 (65725 -> 65750) -5064>
2012-10-11 13:43:51.017059 7f43ff41d700 5 throttle(msgr_dispatch_throttler-cluster 0x1d9b088) get 25 (65750 -> 65775) -5063>
2012-10-11 13:43:51.017070 7f43ff41d700 5 throttle(msgr_dispatch_throttler-cluster 0x1d9b088) get 25 (65775 -> 65800) -5062>
2012-10-11 13:43:51.017082 7f43ff41d700 5 throttle(msgr_dispatch_throttler-cluster 0x1d9b088) get 25 (65800 -> 65825) -5061>
2012-10-11 13:43:51.017090 7f43ff41d700 5 throttle(msgr_dispatch_throttler-cluster 0x1d9b088) get 25 (65825 -> 65850) -5060>
2012-10-11 13:43:51.017098 7f43ff41d700 5 throttle(msgr_dispatch_throttler-cluster 0x1d9b088) get 471 (65850 -> 66321) -5059>
2012-10-11 13:43:51.017118 7f43ff41d700 5 throttle(msgr_dispatch_throttler-cluster 0x1d9b088) get 471 (66321 -> 66792) -5058>
2012-10-11 13:43:51.017131 7f43ff41d700 5 throttle(msgr_dispatch_throttler-cluster 0x1d9b088) get 471 (66792 -> 67263) -5057>
2012-10-11 13:43:51.017145 7f43ff41d700 5 throttle(msgr_dispatch_throttler-cluster 0x1d9b088) get 471 (67263 -> 67734) -5056>
2012-10-11 13:43:51.017159 7f43ff41d700 5 throttle(msgr_dispatch_throttler-cluster 0x1d9b088) get 471 (67734 -> 68205) -5055>
2012-10-11 13:43:51.017171 7f43ff41d700 5 throttle(msgr_dispatch_throttler-cluster 0x1d9b088) get 471 (68205 -> 68676) -5054>
2012-10-11 13:43:51.017187 7f43ff41d700 5 throttle(msgr_dispatch_throttler-cluster 0x1d9b088) get 471 (68676 -> 69147) -5053>
2012-10-11 13:43:51.017200 7f43ff41d700 5 throttle(msgr_dispatch_throttler-cluster 0x1d9b088) get 471 (69147 -> 69618) -5052>
2012-10-11 13:43:51.017212 7f43ff41d700 5 throttle(msgr_dispatch_throttler-cluster 0x1d9b088) get 471 (69618 -> 70089) -5051>
2012-10-11 13:43:51.017225 7f43ff41d700 5 throttle(msgr_dispatch_throttler-cluster 0x1d9b088) get 471 (70089 -> 70560) -5050>
2012-10-11 13:43:51.017237 7f43ff41d700 5 throttle(msgr_dispatch_throttler-cluster 0x1d9b088) get 471 (70560 -> 71031) -5049>
2012-10-11 13:43:51.123265 7f4409337700 5 filestore(/data/osd.0) _journaled_ahead 0x2955aa0 seq 3697 osr(0.f7 0x27a1150) 0x2ab11b0 -5048>
2012-10-11 13:43:51.123291 7f4409337700 5 filestore(/data/osd.0) queue_op 0x2955aa0 seq 3697 osr(0.f7 0x27a1150) 921 bytes (queue has 500 ops and 309978 bytes) -5047>
2012-10-11 13:43:51.123321 7f4406b32700 1 -- 149.165.228.10:6802/338 --> osd.1 149.165.228.10:6805/1098 -- pg_info(1 pgs e6:0.f7) v3 -- ?+0 0x28d1540 -5046>
2012-10-11 13:43:51.123400 7f4409337700 5 filestore(/data/osd.0) _journaled_ahead 0x2955a50 seq 3698 osr(1.f6 0x3176180) 0x311ec60 -5045>
2012-10-11 13:43:51.123407 7f4409337700 5 filestore(/data/osd.0) queue_op 0x2955a50 seq 3698 osr(1.f6 0x3176180) 921 bytes (queue has 500 ops and 309978 bytes) -5044>
2012-10-11 13:43:51.123433 7f4406b32700 1 -- 149.165.228.10:6802/338 --> osd.1 149.165.228.10:6805/1098 -- pg_info(1 pgs e6:1.f6) v3 -- ?+0 0x206da80 -5043>
2012-10-11 13:43:51.123453 7f4408b36700 5 filestore(/data/osd.0) _do_op 0x2955aa0 seq 3697 osr(0.f7 0x27a1150)/0x27a1150 start -5042>
2012-10-11 13:43:51.123485 7f4409337700 5 filestore(/data/osd.0) _journaled_ahead 0x2955b90 seq 3699 osr(2.f5 0x25cf480) 0x311e000 -5041>
2012-10-11 13:43:51.123496 7f4409337700 5 filestore(/data/osd.0) queue_op 0x2955b90 seq 3699 osr(2.f5 0x25cf480) 921 bytes (queue has 500 ops and 309978 bytes) -5040>
2012-10-11 13:43:51.123508 7f4406b32700 1 -- 149.165.228.10:6802/338 --> osd.1 149.165.228.10:6805/1098 -- pg_info(1 pgs e6:2.f5) v3 -- ?+0 0x206dc40 -5039>
2012-10-11 13:43:51.123540 7f4408335700 5 filestore(/data/osd.0) _do_op 0x2955a50 seq 3698 osr(1.f6 0x3176180)/0x3176180 start -5038>
2012-10-11 13:43:51.123562 7f4409337700 5 filestore(/data/osd.0) _journaled_ahead 0x2955b40 seq 3700 osr(0.f6 0x27a1180) 0x311ef30 -5037>
2012-10-11 13:43:51.123568 7f4409337700 5 filestore(/data/osd.0) queue_op 0x2955b40 seq 3700 osr(0.f6 0x27a1180) 921 bytes (queue has 500 ops and 309978 bytes) -5036>
2012-10-11 13:43:51.123578 7f4406b32700 1 -- 149.165.228.10:6802/338 --> osd.1 149.165.228.10:6805/1098 -- pg_info(1 pgs e6:0.f6) v3 -- ?+0 0x206de00 -5035>
2012-10-11 13:43:51.123620 7f4409337700 5 filestore(/data/osd.0) _journaled_ahead 0x2955af0 seq 3701 osr(2.f4 0x2468d20) 0x311ebd0 -5034>
2012-10-11 13:43:51.123625 7f4409337700 5 filestore(/data/osd.0) queue_op 0x2955af0 seq 3701 osr(2.f4 0x2468d20) 921 bytes (queue has 500 ops and 309978 bytes) -5033>
2012-10-11 13:43:51.123635 7f4406b32700 1 -- 149.165.228.10:6802/338 --> osd.1 149.165.228.10:6805/1098 -- pg_info(1 pgs e6:2.f4) v3 -- ?+0 0x1ed6700 -5032>
2012-10-11 13:43:51.123678 7f4409337700 5 filestore(/data/osd.0) _journaled_ahead 0x2955cd0 seq 3702 osr(1.f5 0x31761b0) 0x2ac9c60 -5031>
2012-10-11 13:43:51.123683 7f4409337700 5 filestore(/data/osd.0) queue_op 0x2955cd0 seq 3702 osr(1.f5 0x31761b0) 921 bytes (queue has 500 ops and 309978 bytes) -5030>
2012-10-11 13:43:51.123693 7f4406b32700 1 -- 149.165.228.10:6802/338 --> osd.1 149.165.228.10:6805/1098 -- pg_info(1 pgs e6:1.f5) v3 -- ?+0 0x1ed68c0 -5029>
2012-10-11 13:43:51.123735 7f4409337700 5 filestore(/data/osd.0) _journaled_ahead 0x2955c80 seq 3703 osr(0.f1 0x2468e70) 0x2ac9b40 -5028>
2012-10-11 13:43:51.123741 7f4409337700 5 filestore(/data/osd.0) queue_op 0x2955c80 seq 3703 osr(0.f1 0x2468e70) 921 bytes (queue has 500 ops and 309978 bytes) -5027>
2012-10-11 13:43:51.123751 7f4406b32700 1 -- 149.165.228.10:6802/338 --> osd.1 149.165.228.10:6805/1098 -- pg_info(1 pgs e6:0.f1) v3 -- ?+0 0x1ed6e00 -5026>
2012-10-11 13:43:51.123791 7f4409337700 5 filestore(/data/osd.0) _journaled_ahead 0x2955c30 seq 3704 osr(1.f0 0x2e38ea0) 0x2ac9a20 -5025>
2012-10-11 13:43:51.123797 7f4409337700 5 filestore(/data/osd.0) queue_op 0x2955c30 seq 3704 osr(1.f0 0x2e38ea0) 921 bytes (queue has 500 ops and 309978 bytes) -5024>
2012-10-11 13:43:51.123807 7f4406b32700 1 -- 149.165.228.10:6802/338 --> osd.1 149.165.228.10:6805/1098 -- pg_info(1 pgs e6:1.f0) v3 -- ?+0 0x2a271c0 -5023>
2012-10-11 13:43:51.123850 7f4409337700 5 filestore(/data/osd.0) _journaled_ahead 0x2955be0 seq 3705 osr(2.ef 0x2468f80) 0x2a32990 -5022>
2012-10-11 13:43:51.123855 7f4409337700 5 filestore(/data/osd.0) queue_op 0x2955be0 seq 3705 osr(2.ef 0x2468f80) 921 bytes (queue has 500 ops and 309978 bytes) -5021>
2012-10-11 13:43:51.123864 7f4406b32700 1 -- 149.165.228.10:6802/338 --> osd.1 149.165.228.10:6805/1098 -- pg_info(1 pgs e6:2.ef) v3 -- ?+0 0x2a27380 -5020>
2012-10-11 13:43:51.123883 7f4409337700 5 filestore(/data/osd.0) _journaled_ahead 0x2955e60 seq 3706 osr(0.eb 0x2468f90) 0x2a326c0 -5019>
2012-10-11 13:43:51.123886 7f4409337700 5 filestore(/data/osd.0) queue_op 0x2955e60 seq 3706 osr(0.eb 0x2468f90) 921 bytes (queue has 500 ops and 309978 bytes) -5018>
2012-10-11 13:43:51.123895 7f4406b32700 1 -- 149.165.228.10:6802/338 --> osd.1 149.165.228.10:6805/1098 -- pg_info(1 pgs e6:0.eb) v3 -- ?+0 0x2a27540 -5017>
2012-10-11 13:43:51.123914 7f4409337700 5 filestore(/data/osd.0) _journaled_ahead 0x2955e10 seq 3707 osr(1.ea 0x2e38fc0) 0x2a32870 -5016>
2012-10-11 13:43:51.123917 7f4409337700 5 filestore(/data/osd.0) queue_op 0x2955e10 seq 3707 osr(1.ea 0x2e38fc0) 921 bytes (queue has 500 ops and 309978 bytes) -5015>
2012-10-11 13:43:51.123925 7f4406b32700 1 -- 149.165.228.10:6802/338 --> osd.1 149.165.228.10:6805/1098 -- pg_info(1 pgs e6:1.ea) v3 -- ?+0 0x2a27700 -5014>
2012-10-11 13:43:51.123941 7f4409337700 5 filestore(/data/osd.0) _journaled_ahead 0x2955dc0 seq 3708 osr(2.e9 0x2468b40) 0x2a32ea0 -5013>
2012-10-11 13:43:51.123944 7f4409337700 5 filestore(/data/osd.0) queue_op 0x2955dc0 seq 3708 osr(2.e9 0x2468b40) 921 bytes (queue has 500 ops and 309978 bytes) -5012>
2012-10-11 13:43:51.123953 7f4406b32700 1 -- 149.165.228.10:6802/338 --> osd.1 149.165.228.10:6805/1098 -- pg_info(1 pgs e6:2.e9) v3 -- ?+0 0x24af540 -5011>
2012-10-11 13:43:51.123968 7f4409337700 5 filestore(/data/osd.0) _journaled_ahead 0x2955d70 seq 3709 osr(0.e7 0x2468c50) 0x2a32900 -5010>
2012-10-11 13:43:51.123971 7f4409337700 5 filestore(/data/osd.0) queue_op 0x2955d70 seq 3709 osr(0.e7 0x2468c50) 921 bytes (queue has 500 ops and 309978 bytes) -5009>
2012-10-11 13:43:51.123981 7f4406b32700 1 -- 149.165.228.10:6802/338 --> osd.1 149.165.228.10:6805/1098 -- pg_info(1 pgs e6:0.e7) v3 -- ?+0 0x3435a80 -5008>
2012-10-11 13:43:51.123997 7f4409337700 5 filestore(/data/osd.0) _journaled_ahead 0x2955d20 seq 3710 osr(1.e6 0x2e38c80) 0x2a32ab0 -5007>
2012-10-11 13:43:51.124002 7f4409337700 5 filestore(/data/osd.0) queue_op 0x2955d20 seq 3710 osr(1.e6 0x2e38c80) 921 bytes (queue has 500 ops and 309978 bytes) -5006>
2012-10-11 13:43:51.124010 7f4406b32700 1 -- 149.165.228.10:6802/338 --> osd.1 149.165.228.10:6805/1098 -- pg_info(1 pgs e6:1.e6) v3 -- ?+0 0x3435c40 -5005>
2012-10-11 13:43:51.124026 7f4409337700 5 filestore(/data/osd.0) _journaled_ahead 0x27a7280 seq 3711 osr(0.ae 0x2468300) 0x2ac9360 -5004>
2012-10-11 13:43:51.124030 7f4409337700 5 filestore(/data/osd.0) queue_op 0x27a7280 seq 3711 osr(0.ae 0x2468300) 921 bytes (queue has 500 ops and 309978 bytes) -5003>
2012-10-11 13:43:51.124040 7f4406b32700 1 -- 149.165.228.10:6802/338 --> osd.1 149.165.228.10:6805/1098 -- pg_info(1 pgs e6:0.ae) v3 -- ?+0 0x3435e00 -5002>
2012-10-11 13:43:51.124056 7f4409337700 5 filestore(/data/osd.0) _journaled_ahead 0x2955fa0 seq 3712 osr(2.e5 0x2468a20) 0x24b6ab0 -5001>
2012-10-11 13:43:51.124059 7f4409337700 5 filestore(/data/osd.0) queue_op 0x2955fa0 seq 3712 osr(2.e5 0x2468a20) 921 bytes (queue has 500 ops and 309978 bytes) -5000>
2012-10-11 13:43:51.124070 7f4409337700 5 filestore(/data/osd.0) _journaled_ahead 0x27a7230 seq 3713 osr(2.ac 0x3176e70) 0x2ac9480 -4999>
2012-10-11 13:43:51.124074 7f4409337700 5 filestore(/data/osd.0) queue_op 0x27a7230 seq 3713 osr(2.ac 0x3176e70) 921 bytes (queue has 500 ops and 309978 bytes) -4998>
2012-10-11 13:43:51.124083 7f4409337700 5 filestore(/data/osd.0) _journaled_ahead 0x2955f50 seq 3714 osr(0.d6 0x2468b80) 0x24b6d80 -4997>
2012-10-11 13:43:51.124087 7f4409337700 5 filestore(/data/osd.0) queue_op 0x2955f50 seq 3714 osr(0.d6 0x2468b80) 921 bytes (queue has 500 ops and 309978 bytes) -4996>
2012-10-11 13:43:51.124081 7f4406b32700 1 -- 149.165.228.10:6802/338 --> osd.1 149.165.228.10:6805/1098 -- pg_info(1 pgs e6:2.e5) v3 -- ?+0 0x3216700 -4995>
2012-10-11 13:43:51.124097 7f4409337700 5 filestore(/data/osd.0) _journaled_ahead 0x2955f00 seq 3715 osr(2.d4 0x3176fe0) 0x3157e10 -4994>
2012-10-11 13:43:51.124101 7f4409337700 5 filestore(/data/osd.0) queue_op 0x2955f00 seq 3715 osr(2.d4 0x3176fe0) 921 bytes (queue has 500 ops and 309978 bytes) -4993>
2012-10-11 13:43:51.124104 7f4406b32700 1 -- 149.165.228.10:6802/338 --> osd.1 149.165.228.10:6805/1098 -- pg_info(1 pgs e6:2.ac) v3 -- ?+0 0x32168c0 -4992>
2012-10-11 13:43:51.124110 7f4409337700 5 filestore(/data/osd.0) _journaled_ahead 0x2955eb0 seq 3716 osr(1.d5 0x2e38bb0) 0x3157ea0 -4991>
2012-10-11 13:43:51.124113 7f4409337700 5 filestore(/data/osd.0) queue_op 0x2955eb0 seq 3716 osr(1.d5 0x2e38bb0) 921 bytes (queue has 500 ops and 309978 bytes) -4990>
2012-10-11 13:43:51.124113 7f4406b32700 1 -- 149.165.228.10:6802/338 --> osd.1 149.165.228.10:6805/1098 -- pg_info(1 pgs e6:0.d6) v3 -- ?+0 0x3216c40 -4989>
2012-10-11 13:43:51.124122 7f4409337700 5 filestore(/data/osd.0) _journaled_ahead 0x24971e0 seq 3717 osr(0.12 0x1d715c0) 0x3157000 -4988>
2012-10-11 13:43:51.124121 7f4406b32700 1 -- 149.165.228.10:6802/338 --> osd.1 149.165.228.10:6805/1098 -- pg_info(1 pgs e6:2.d4) v3 -- ?+0 0x2229000 -4987>
2012-10-11 13:43:51.124127 7f4409337700 5 filestore(/data/osd.0) queue_op 0x24971e0 seq 3717 osr(0.12 0x1d715c0) 921 bytes (queue has 500 ops and 309978 bytes) -4986>
2012-10-11 13:43:51.124130 7f4406b32700 1 -- 149.165.228.10:6802/338 --> osd.1 149.165.228.10:6805/1098 -- pg_info(1 pgs e6:1.d5) v3 -- ?+0 0x2229380 -4985>
2012-10-11 13:43:51.124136 7f4409337700 5 filestore(/data/osd.0) _journaled_ahead 0x2497190 seq 3718 osr(2.10 0x1d71520) 0x3157090 -4984>
2012-10-11 13:43:51.124139 7f4409337700 5 filestore(/data/osd.0) queue_op 0x2497190 seq 3718 osr(2.10 0x1d71520) 921 bytes (queue has 500 ops and 309978 bytes) -4983>
2012-10-11 13:43:51.124139 7f4406b32700 1 -- 149.165.228.10:6802/338 --> osd.1 149.165.228.10:6805/1098 -- pg_info(1 pgs e6:0.12) v3 -- ?+0 0x2229540 -4982>
2012-10-11 13:43:51.124149 7f4409337700 5 filestore(/data/osd.0) _journaled_ahead 0x2497140 seq 3719 osr(1.10 0x27a14a0) 0x3157120 -4981>
2012-10-11 13:43:51.124147 7f4406b32700 1 -- 149.165.228.10:6802/338 --> osd.1 149.165.228.10:6805/1098 -- pg_info(1 pgs e6:2.10) v3 -- ?+0 0x2229700 -4980>
2012-10-11 13:43:51.124152 7f4409337700 5 filestore(/data/osd.0) queue_op 0x2497140 seq 3719 osr(1.10 0x27a14a0) 921 bytes (queue has 500 ops and 309978 bytes) -4979>
2012-10-11 13:43:51.124163 7f4409337700 5 filestore(/data/osd.0) _journaled_ahead 0x24970f0 seq 3720 osr(0.11 0x1d715f0) 0x2931e10 -4978>
2012-10-11 13:43:51.124168 7f4409337700 5 filestore(/data/osd.0) queue_op 0x24970f0 seq 3720 osr(0.11 0x1d715f0) 921 bytes (queue has 500 ops and 309978 bytes) -4977>
2012-10-11 13:43:51.124165 7f4406b32700 1 -- 149.165.228.10:6802/338 --> osd.1 149.165.228.10:6805/1098 -- pg_info(1 pgs e6:1.10) v3 -- ?+0 0x2229a80 -4976>
2012-10-11 13:43:51.124177 7f4406b32700 1 -- 149.165.228.10:6802/338 --> osd.1 149.165.228.10:6805/1098 -- pg_info(1 pgs e6:0.11) v3 -- ?+0 0x29e6a80 -4975>
2012-10-11 13:43:51.124187 7f4409337700 5 filestore(/data/osd.0) _journaled_ahead 0x24970a0 seq 3721 osr(1.11 0x27a1470) 0x29315a0 -4974>
2012-10-11 13:43:51.124197 7f4409337700 5 filestore(/data/osd.0) queue_op 0x24970a0 seq 3721 osr(1.11 0x27a1470) 921 bytes (queue has 500 ops and 309978 bytes) -4973>
2012-10-11 13:43:51.124203 7f4409337700 5 filestore(/data/osd.0) _journaled_ahead 0x2497050 seq 3722 osr(0.10 0x1d714d0) 0x2931240 -4972>
2012-10-11 13:43:51.124206 7f4409337700 5 filestore(/data/osd.0) queue_op 0x2497050 seq 3722 osr(0.10 0x1d714d0) 921 bytes (queue has 500 ops and 309978 bytes) -4971>
2012-10-11 13:43:51.124209 7f4409337700 5 filestore(/data/osd.0) _journaled_ahead 0x2497000 seq 3723 osr(1.f 0x27a14d0) 0x2931b40 -4970>
2012-10-11 13:43:51.124212 7f4409337700 5 filestore(/data/osd.0) queue_op 0x2497000 seq 3723 osr(1.f 0x27a14d0) 915 bytes (queue has 500 ops and 309978 bytes) -4969>
2012-10-11 13:43:51.124214 7f4409337700 5 filestore(/data/osd.0) _journaled_ahead 0x2497e60 seq 3724 osr(0.e 0x1d71530) 0x2931750 -4968>
2012-10-11 13:43:51.124217 7f4409337700 5 filestore(/data/osd.0) queue_op 0x2497e60 seq 3724 osr(0.e 0x1d71530) 915 bytes (queue has 500 ops and 309978 bytes) -4967>
2012-10-11 13:43:51.124219 7f4409337700 5 filestore(/data/osd.0) _journaled_ahead 0x2497e10 seq 3725 osr(2.c 0x1d713d0) 0x2931630 -4966>
2012-10-11 13:43:51.124223 7f4409337700 5 filestore(/data/osd.0) queue_op 0x2497e10 seq 3725 osr(2.c 0x1d713d0) 915 bytes (queue has 500 ops and 309978 bytes) -4965>
2012-10-11 13:43:51.124226 7f4409337700 5 filestore(/data/osd.0) _journaled_ahead 0x2497dc0 seq 3726 osr(2.f 0x1d714f0) 0x29313f0 -4964>
2012-10-11 13:43:51.124219 7f4406b32700 1 -- 149.165.228.10:6802/338 --> osd.1 149.165.228.10:6805/1098 -- pg_info(1 pgs e6:1.11) v3 -- ?+0 0x29e6e00 -4963>
2012-10-11 13:43:51.124230 7f4409337700 5 filestore(/data/osd.0) queue_op 0x2497dc0 seq 3726 osr(2.f 0x1d714f0) 915 bytes (queue has 500 ops and 309978 bytes) -4962>
2012-10-11 13:43:51.124233 7f4409337700 5 filestore(/data/osd.0) _journaled_ahead 0x2497d70 seq 3727 osr(1.d 0x27a1530) 0x2931990 -4961>
2012-10-11 13:43:51.124236 7f4409337700 5 filestore(/data/osd.0) queue_op 0x2497d70 seq 3727 osr(1.d 0x27a1530) 915 bytes (queue has 500 ops and 309978 bytes) -4960>
2012-10-11 13:43:51.124238 7f4409337700 5 filestore(/data/osd.0) _journaled_ahead 0x2497d20 seq 3728 osr(2.e 0x1d71470) 0x2931900 -4959>
2012-10-11 13:43:51.124241 7f4409337700 5 filestore(/data/osd.0) queue_op 0x2497d20 seq 3728 osr(2.e 0x1d71470) 915 bytes (queue has 500 ops and 309978 bytes) -4958>
2012-10-11 13:43:51.124237 7f4406b32700 1 -- 149.165.228.10:6802/338 --> osd.1 149.165.228.10:6805/1098 -- pg_info(1 pgs e6:0.10) v3 -- ?+0 0x304e000 -4957>
2012-10-11 13:43:51.124244 7f4409337700 5 filestore(/data/osd.0) _journaled_ahead 0x2497cd0 seq 3729 osr(0.ca 0x24689c0) 0x2931000 -4956>
2012-10-11 13:43:51.124246 7f4409337700 5 filestore(/data/osd.0) queue_op 0x2497cd0 seq 3729 osr(0.ca 0x24689c0) 921 bytes (queue has 500 ops and 309978 bytes) -4955>
2012-10-11 13:43:51.124249 7f4409337700 5 filestore(/data/osd.0) _journaled_ahead 0x2497c80 seq 3730 osr(2.c8 0x24684e0) 0x2931d80 -4954>
2012-10-11 13:43:51.124252 7f4409337700 5 filestore(/data/osd.0) queue_op 0x2497c80 seq 3730 osr(2.c8 0x24684e0) 921 bytes (queue has 500 ops and 309978 bytes) -4953>
2012-10-11 13:43:51.124249 7f4406b32700 1 -- 149.165.228.10:6802/338 --> osd.1 149.165.228.10:6805/1098 -- pg_info(1 pgs e6:1.f) v3 -- ?+0 0x304e1c0 -4952>
2012-10-11 13:43:51.124256 7f4409337700 5 filestore(/data/osd.0) _journaled_ahead 0x2497c30 seq 3731 osr(0.c9 0x24689f0) 0x2931a20 -4951>
2012-10-11 13:43:51.124259 7f4409337700 5 filestore(/data/osd.0) queue_op 0x2497c30 seq 3731 osr(0.c9 0x24689f0) 921 bytes (queue has 500 ops and 309978 bytes) -4950>
2012-10-11 13:43:51.124262 7f4409337700 5 filestore(/data/osd.0) _journaled_ahead 0x31a43c0 seq 3732 osr(1.c8 0x2e38620) 0x22ffbd0 -4949>
2012-10-11 13:43:51.124264 7f4409337700 5 filestore(/data/osd.0) queue_op 0x31a43c0 seq 3732 osr(1.c8 0x2e38620) 921 bytes (queue has 500 ops and 309978 bytes) -4948>
2012-10-11 13:43:51.124267 7f4409337700 5 filestore(/data/osd.0) _journaled_ahead 0x31a4e10 seq 3733 osr(1.c9 0x2e389f0) 0x31c5090 -4947>
2012-10-11 13:43:51.124263 7f4406b32700 1 -- 149.165.228.10:6802/338 --> osd.1 149.165.228.10:6805/1098 -- pg_info(1 pgs e6:0.e) v3 -- ?+0 0x304e540 -4946>
2012-10-11 13:43:51.124269 7f4409337700 5 filestore(/data/osd.0) queue_op 0x31a4e10 seq 3733 osr(1.c9 0x2e389f0) 921 bytes (queue has 500 ops and 309978 bytes) -4945>
2012-10-11 13:43:51.124272 7f4409337700 5 filestore(/data/osd.0) _journaled_ahead 0x27c7910 seq 3734 osr(0.c5 0x24686b0) 0x31c5360 -4944>
2012-10-11 13:43:51.124274 7f4409337700 5 filestore(/data/osd.0) queue_op 0x27c7910 seq 3734 osr(0.c5 0x24686b0) 921 bytes (queue has 500 ops and 309978 bytes) -4943>
2012-10-11 13:43:51.124274 7f4406b32700 1 -- 149.165.228.10:6802/338 --> osd.1 149.165.228.10:6805/1098 -- pg_info(1 pgs e6:2.c) v3 -- ?+0 0x304e8c0 -4942>
2012-10-11 13:43:51.124277 7f4409337700 5 filestore(/data/osd.0) _journaled_ahead 0x27c7fa0 seq 3735 osr(1.c4 0x2e386e0) 0x31c56c0 -4941>
2012-10-11 13:43:51.124280 7f4409337700 5 filestore(/data/osd.0) queue_op 0x27c7fa0 seq 3735 osr(1.c4 0x2e386e0) 921 bytes (queue has 500 ops and 309978 bytes) -4940>
2012-10-11 13:43:51.124283 7f4409337700 5 filestore(/data/osd.0) _journaled_ahead 0x27c7780 seq 3736 osr(2.c7 0x24684a0) 0x2e555a0 -4939>
2012-10-11 13:43:51.124281 7f4406b32700 1 -- 149.165.228.10:6802/338 --> osd.1 149.165.228.10:6805/1098 -- pg_info(1 pgs e6:2.f) v3 -- ?+0 0x304ea80 -4938>
2012-10-11 13:43:51.124285 7f4409337700 5 filestore(/data/osd.0) queue_op 0x27c7780 seq 3736 osr(2.c7 0x24684a0) 921 bytes (queue has 500 ops and 309978 bytes) -4937>
2012-10-11 13:43:51.124288 7f4409337700 5 filestore(/data/osd.0) _journaled_ahead 0x27c79b0 seq 3737 osr(0.4 0x1d71310) 0x2e55090 -4936>
2012-10-11 13:43:51.124290 7f4409337700 5 filestore(/data/osd.0) queue_op 0x27c79b0 seq 3737 osr(0.4 0x1d71310) 915 bytes (queue has 500 ops and 309978 bytes) -4935>
2012-10-11 13:43:51.124290 7f4406b32700 1 -- 149.165.228.10:6802/338 --> osd.1 149.165.228.10:6805/1098 -- pg_info(1 pgs e6:1.d) v3 -- ?+0 0x304ee00 -4934>
2012-10-11 13:43:51.124298 7f4406b32700 1 -- 149.165.228.10:6802/338 --> osd.1 149.165.228.10:6805/1098 -- pg_info(1 pgs e6:2.e) v3 -- ?+0 0x311c700 -4933>
2012-10-11 13:43:51.124312 7f4406b32700 1 -- 149.165.228.10:6802/338 --> osd.1 149.165.228.10:6805/1098 -- pg_info(1 pgs e6:0.ca) v3 -- ?+0 0x311c540 -4932>
2012-10-11 13:43:51.124317 7f4409337700 5 filestore(/data/osd.0) _journaled_ahead 0x22c2a00 seq 3738 osr(0.c4 0x24686e0) 0x2e55480 -4931>
2012-10-11 13:43:51.124322 7f4409337700 5 filestore(/data/osd.0) queue_op 0x22c2a00 seq 3738 osr(0.c4 0x24686e0) 921 bytes (queue has 500 ops and 309978 bytes) -4930>
2012-10-11 13:43:51.124322 7f4406b32700 1 -- 149.165.228.10:6802/338 --> osd.1 149.165.228.10:6805/1098 -- pg_info(1 pgs e6:2.c8) v3 -- ?+0 0x311c380 -4929>
2012-10-11 13:43:51.124330 7f4406b32700 1 -- 149.165.228.10:6802/338 --> osd.1 149.165.228.10:6805/1098 -- pg_info(1 pgs e6:0.c9) v3 -- ?+0 0x311c1c0 -4928>
2012-10-11 13:43:51.124337 7f4409337700 5 filestore(/data/osd.0) _journaled_ahead 0x22c2690 seq 3739 osr(1.3 0x27a1310) 0x2e55360 -4927>
2012-10-11 13:43:51.124340 7f4409337700 5 filestore(/data/osd.0) queue_op 0x22c2690 seq 3739 osr(1.3 0x27a1310) 915 bytes (queue has 500 ops and 309978 bytes) -4926>
2012-10-11 13:43:51.124339 7f4406b32700 1 -- 149.165.228.10:6802/338 --> osd.1 149.165.228.10:6805/1098 -- pg_info(1 pgs e6:1.c8) v3 -- ?+0 0x311c000 -4925>
2012-10-11 13:43:51.124346 7f4406b32700 1 -- 149.165.228.10:6802/338 --> osd.1 149.165.228.10:6805/1098 -- pg_info(1 pgs e6:1.c9) v3 -- ?+0 0x309e8c0 -4924>
2012-10-11 13:43:51.124354 7f4409337700 5 filestore(/data/osd.0) _journaled_ahead 0x1fae9b0 seq 3740 osr(0.2 0x1d712c0) 0x30391b0 -4923>
2012-10-11 13:43:51.124358 7f4409337700 5 filestore(/data/osd.0) queue_op 0x1fae9b0 seq 3740 osr(0.2 0x1d712c0) 915 bytes (queue has 500 ops and 309978 bytes) -4922>
2012-10-11 13:43:51.124355 7f4406b32700 1 -- 149.165.228.10:6802/338 --> osd.1 149.165.228.10:6805/1098 -- pg_info(1 pgs e6:0.c5) v3 -- ?+0 0x309ec40 -4921>
2012-10-11 13:43:51.124363 7f4406b32700 1 -- 149.165.228.10:6802/338 --> osd.1 149.165.228.10:6805/1098 -- pg_info(1 pgs e6:1.c4) v3 -- ?+0 0x309ee00 -4920>
2012-10-11 13:43:51.124371 7f4409337700 5 filestore(/data/osd.0) _journaled_ahead 0x3418230 seq 3741 osr(2.0 0x3176330) 0x3039f30 -4919>
2012-10-11 13:43:51.124371 7f4406b32700 1 -- 149.165.228.10:6802/338 --> osd.1 149.165.228.10:6805/1098 -- pg_info(1 pgs e6:2.c7) v3 -- ?+0 0x309e000 -4918>
2012-10-11 13:43:51.124375 7f4409337700 5 filestore(/data/osd.0) queue_op 0x3418230 seq 3741 osr(2.0 0x3176330) 915 bytes (queue has 500 ops and 309978 bytes) -4917>
2012-10-11 13:43:51.124379 7f4406b32700 1 -- 149.165.228.10:6802/338 --> osd.1 149.165.228.10:6805/1098 -- pg_info(1 pgs e6:0.4) v3 -- ?+0 0x309e380 -4916>
2012-10-11 13:43:51.124390 7f4409337700 5 filestore(/data/osd.0) _journaled_ahead 0x27a71e0 seq 3742 osr(0.ad 0x2468330) 0x2ac91b0 -4915>
2012-10-11 13:43:51.124389 7f4406b32700 1 -- 149.165.228.10:6802/338 --> osd.1 149.165.228.10:6805/1098 -- pg_info(1 pgs e6:0.c4) v3 -- ?+0 0x309e700 -4914>
2012-10-11 13:43:51.124395 7f4409337700 5 filestore(/data/osd.0) queue_op 0x27a71e0 seq 3742 osr(0.ad 0x2468330) 921 bytes (queue has 500 ops and 309978 bytes) -4913>
2012-10-11 13:43:51.124399 7f4406b32700 1 -- 149.165.228.10:6802/338 --> osd.1 149.165.228.10:6805/1098 -- pg_info(1 pgs e6:1.3) v3 -- ?+0 0x206d000 -4912>
2012-10-11 13:43:51.124409 7f4406b32700 1 -- 149.165.228.10:6802/338 --> osd.1 149.165.228.10:6805/1098 -- pg_info(1 pgs e6:0.2) v3 -- ?+0 0x206d380 -4911>
2012-10-11 13:43:51.124411 7f4409337700 5 filestore(/data/osd.0) _journaled_ahead 0x27a7190 seq 3743 osr(1.ac 0x2e38360) 0x2ac9090 -4910>
2012-10-11 13:43:51.124422 7f4409337700 5 filestore(/data/osd.0) queue_op 0x27a7190 seq 3743 osr(1.ac 0x2e38360) 921 bytes (queue has 500 ops and 309978 bytes) -4909>
2012-10-11 13:43:51.124420 7f4406b32700 1 -- 149.165.228.10:6802/338 --> osd.1 149.165.228.10:6805/1098 -- pg_info(1 pgs e6:2.0) v3 -- ?+0 0x206d540 -4908>
2012-10-11 13:43:51.124428 7f4406b32700 1 -- 149.165.228.10:6802/338 --> osd.1 149.165.228.10:6805/1098 -- pg_info(1 pgs e6:0.ad) v3 -- ?+0 0x206d700 -4907>
2012-10-11 13:43:51.124434 7f4409337700 5 filestore(/data/osd.0) _journaled_ahead 0x3418190 seq 3744 osr(0.c2 0x2468740) 0x3039b40 -4906>
2012-10-11 13:43:51.124438 7f4409337700 5 filestore(/data/osd.0) queue_op 0x3418190 seq 3744 osr(0.c2 0x2468740) 921 bytes (queue has 500 ops and 309978 bytes) -4905>
2012-10-11 13:43:51.124440 7f4406b32700 1 -- 149.165.228.10:6802/338 --> osd.1 149.165.228.10:6805/1098 -- pg_info(1 pgs e6:1.ac) v3 -- ?+0 0x31acc40 -4904>
2012-10-11 13:43:51.124450 7f4409337700 5 filestore(/data/osd.0) _journaled_ahead 0x27a7140 seq 3745 osr(2.af 0x3176de0) 0x2ac9240 -4903>
2012-10-11 13:43:51.124450 7f4406b32700 1 -- 149.165.228.10:6802/338 --> osd.1 149.165.228.10:6805/1098 -- pg_info(1 pgs e6:0.c2) v3 -- ?+0 0x31ace00 -4902>
2012-10-11 13:43:51.124453 7f4409337700 5 filestore(/data/osd.0) queue_op 0x27a7140 seq 3745 osr(2.af 0x3176de0) 921 bytes (queue has 500 ops and 309978 bytes) -4901>
2012-10-11 13:43:51.124459 7f4406b32700 1 -- 149.165.228.10:6802/338 --> osd.1 149.165.228.10:6805/1098 -- pg_info(1 pgs e6:2.af) v3 -- ?+0 0x31ac000 -4900>
2012-10-11 13:43:51.124463 7f4409337700 5 filestore(/data/osd.0) _journaled_ahead 0x31a4f50 seq 3746 osr(1.c3 0x2e38710) 0x3039000 -4899>
2012-10-11 13:43:51.124470 7f4409337700 5 filestore(/data/osd.0) queue_op 0x31a4f50 seq 3746 osr(1.c3 0x2e38710) 921 bytes (queue has 500 ops and 309978 bytes) -4898>
2012-10-11 13:43:51.124482 7f4409337700 5 filestore(/data/osd.0) _journaled_ahead 0x27a70f0 seq 3747 osr(0.aa 0x24683c0) 0x2ac95a0 -4897>
2012-10-11 13:43:51.124486 7f4409337700 5 filestore(/data/osd.0) queue_op 0x27a70f0 seq 3747 osr(0.aa 0x24683c0) 921 bytes (queue has 500 ops and 309978 bytes) -4896>
2012-10-11 13:43:51.124494 7f4409337700 5 filestore(/data/osd.0) _journaled_ahead 0x27a70a0 seq 3748 osr(2.a8 0x24681f0) 0x2ac9ea0 -4895>
2012-10-11 13:43:51.124498 7f4409337700 5 filestore(/data/osd.0) queue_op 0x27a70a0 seq 3748 osr(2.a8 0x24681f0) 921 bytes (queue has 500 ops and 309978 bytes) -4894>
2012-10-11 13:43:51.124507 7f4409337700 5 filestore(/data/osd.0) _journaled_ahead 0x27a7050 seq 3749 osr(2.ab 0x3176ea0) 0x24b6cf0 -4893>
2012-10-11 13:43:51.124510 7f4409337700 5 filestore(/data/osd.0) queue_op 0x27a7050 seq 3749 osr(2.ab 0x3176ea0) 921 bytes (queue has 500 ops and 309978 bytes) -4892>
2012-10-11 13:43:51.124519 7f4409337700 5 filestore(/data/osd.0) _journaled_ahead 0x27a7000 seq 3750 osr(1.a9 0x2e383f0) 0x31c5f30 -4891>
2012-10-11 13:43:51.124522 7f4409337700 5 filestore(/data/osd.0) queue_op 0x27a7000 seq 3750 osr(1.a9 0x2e383f0) 921 bytes (queue has 500 ops and 309978 bytes) -4890>
2012-10-11 13:43:51.124531 7f4409337700 5 filestore(/data/osd.0) _journaled_ahead 0x31a4500 seq 3751 osr(2.c0 0x24686d0) 0x2ac97e0 -4889>
2012-10-11 13:43:51.124534 7f4409337700 5 filestore(/data/osd.0) queue_op 0x31a4500 seq 3751 osr(2.c0 0x24686d0) 921 bytes (queue has 500 ops and 309978 bytes) -4888>
2012-10-11 13:43:51.124543 7f4409337700 5 filestore(/data/osd.0) _journaled_ahead 0x31a4820 seq 3752 osr(2.c3 0x2468780) 0x2ac9750 -4887>
2012-10-11 13:43:51.124546 7f4409337700 5 filestore(/data/osd.0) queue_op 0x31a4820 seq 3752 osr(2.c3 0x2468780) 921 bytes (queue has 500 ops and 309978 bytes) -4886>
2012-10-11 13:43:51.124559 7f4409337700 5 filestore(/data/osd.0) _journaled_ahead 0x31a4640 seq 3753 osr(1.1 0x27a1370) 0x2ac92d0 -4885>
2012-10-11 13:43:51.124563 7f4409337700 5 filestore(/data/osd.0) queue_op 0x31a4640 seq 3753 osr(1.1 0x27a1370) 915 bytes (queue has 500 ops and 309978 bytes) -4884>
2012-10-11 13:43:51.124571 7f4409337700 5 filestore(/data/osd.0) _journaled_ahead 0x31a4190 seq 3754 osr(2.2 0x31762d0) 0x311ecf0 -4883>
2012-10-11 13:43:51.124575 7f4409337700 5 filestore(/data/osd.0) queue_op 0x31a4190 seq 3754 osr(2.2 0x31762d0) 915 bytes (queue has 500 ops and 309978 bytes) -4882>
2012-10-11 13:43:51.124583 7f4409337700 5 filestore(/data/osd.0) _journaled_ahead 0x31a4dc0 seq 3755 osr(1.c1 0x2e38770) 0x311eab0 -4881>
2012-10-11 13:43:51.124587 7f4409337700 5 filestore(/data/osd.0) queue_op 0x31a4dc0 seq 3755 osr(1.c1 0x2e38770) 921 bytes (queue has 500 ops and 309978 bytes) -4880>
2012-10-11 13:43:51.124595 7f4409337700 5 filestore(/data/osd.0) _journaled_ahead 0x26a6cd0 seq 3756 osr(1.b9 0x2e384f0) 0x2f21e10 -4879>
2012-10-11 13:43:51.124599 7f4409337700 5 filestore(/data/osd.0) queue_op 0x26a6cd0 seq 3756 osr(1.b9 0x2e384f0) 198 bytes (queue has 500 ops and 309978 bytes) -4878>
2012-10-11 13:43:51.124613 7f4409337700 5 filestore(/data/osd.0) _journaled_ahead 0x31a4c80 seq 3757 osr(2.c2 0x2468420) 0x311eb40 -4877>
2012-10-11 13:43:51.124616 7f4409337700 5 filestore(/data/osd.0) queue_op 0x31a4c80 seq 3757 osr(2.c2 0x2468420) 921 bytes (queue has 500 ops and 309978 bytes) -4876>
2012-10-11 13:43:51.124625 7f4409337700 5 filestore(/data/osd.0) _journaled_ahead 0x31a4370 seq 3758 osr(0.be 0x2468400) 0x311e870 -4875>
2012-10-11 13:43:51.124628 7f4409337700 5 filestore(/data/osd.0) queue_op 0x31a4370 seq 3758 osr(0.be 0x2468400) 921 bytes (queue has 500 ops and 309978 bytes) -4874>
2012-10-11 13:43:51.124637 7f4409337700 5 filestore(/data/osd.0) _journaled_ahead 0x2574c30 seq 3759 osr(2.bc 0x2468320) 0x311e120 -4873>
2012-10-11 13:43:51.124640 7f4409337700 5 filestore(/data/osd.0) queue_op 0x2574c30 seq 3759 osr(2.bc 0x2468320) 921 bytes (queue has 500 ops and 309978 bytes) -4872>
2012-10-11 13:43:51.124649 7f4409337700 5 filestore(/data/osd.0) _journaled_ahead 0x2574460 seq 3760 osr(0.bc 0x2468460) 0x311eea0 -4871>
2012-10-11 13:43:51.124653 7f4409337700 5 filestore(/data/osd.0) queue_op 0x2574460 seq 3760 osr(0.bc 0x2468460) 921 bytes (queue has 500 ops and 309978 bytes) -4870>
2012-10-11 13:43:51.124661 7f4409337700 5 filestore(/data/osd.0) _journaled_ahead 0x25745f0 seq 3761 osr(1.bd 0x2e38430) 0x311e750 -4869>
2012-10-11 13:43:51.124665 7f4409337700 5 filestore(/data/osd.0) queue_op 0x25745f0 seq 3761 osr(1.bd 0x2e38430) 921 bytes (queue has 500 ops and 309978 bytes) -4868>
2012-10-11 13:43:51.124673 7f4409337700 5 filestore(/data/osd.0) _journaled_ahead 0x3394cd0 seq 3762 osr(1.bb 0x2e38490) 0x311e480 -4867>
2012-10-11 13:43:51.124676 7f4409337700 5 filestore(/data/osd.0) queue_op 0x3394cd0 seq 3762 osr(1.bb 0x2e38490) 921 bytes (queue has 500 ops and 309978 bytes) -4866>
2012-10-11 13:43:51.124687 7f4409337700 5 filestore(/data/osd.0) _journaled_ahead 0x3394320 seq 3763 osr(2.ba 0x2468290) 0x311e6c0 -4865>
2012-10-11 13:43:51.124693 7f4409337700 5 filestore(/data/osd.0) queue_op 0x3394320 seq 3763 osr(2.ba 0x2468290) 921 bytes (queue has 500 ops and 309978 bytes) -4864>
2012-10-11 13:43:51.124702 7f4409337700 5 filestore(/data/osd.0) _journaled_ahead 0x29518c0 seq 3764 osr(0.b1 0x2468270) 0x311e510 -4863>
2012-10-11 13:43:51.124705 7f4409337700 5 filestore(/data/osd.0) queue_op 0x29518c0 seq 3764 osr(0.b1 0x2468270) 921 bytes (queue has 500 ops and 309978 bytes) -4862>
2012-10-11 13:43:51.124714 7f4409337700 5 filestore(/data/osd.0) _journaled_ahead 0x26a60a0 seq 3765 osr(1.c2 0x2e38740) 0x250e7e0 -4861>
2012-10-11 13:43:51.124717 7f4409337700 5 filestore(/data/osd.0) queue_op 0x26a60a0 seq 3765 osr(1.c2 0x2e38740) 198 bytes (queue has 500 ops and 309978 bytes) -4860>
2012-10-11 13:43:51.124726 7f4409337700 5 filestore(/data/osd.0) _journaled_ahead 0x26a6190 seq 3766 osr(1.cb 0x2e38990) 0x250eea0 -4859>
2012-10-11 13:43:51.124729 7f4409337700 5 filestore(/data/osd.0) queue_op 0x26a6190 seq 3766 osr(1.cb 0x2e38990) 198 bytes (queue has 500 ops and 309978 bytes) -4858>
2012-10-11 13:43:51.124738 7f4409337700 5 filestore(/data/osd.0) _journaled_ahead 0x26fc4b0 seq 3767 osr(1.cf 0x2e388d0) 0x2a26510 -4857>
2012-10-11 13:43:51.124741 7f4409337700 5 filestore(/data/osd.0) queue_op 0x26fc4b0 seq 3767 osr(1.cf 0x2e388d0) 198 bytes (queue has 500 ops and 309978 bytes) -4856>
2012-10-11 13:43:51.124751 7f4409337700 5 filestore(/data/osd.0) _journaled_ahead 0x26fc460 seq 3768 osr(1.ee 0x2e38f00) 0x2e55d80 -4855>
2012-10-11 13:43:51.124754 7f4409337700 5 filestore(/data/osd.0) queue_op 0x26fc460 seq 3768 osr(1.ee 0x2e38f00) 198 bytes (queue has 500 ops and 309978 bytes) -4854>
2012-10-11 13:43:51.124763 7f4409337700 5 filestore(/data/osd.0) _journaled_ahead 0x26fc370 seq 3769 osr(1.f9 0x31760f0) 0x1d86bd0 -4853>
2012-10-11 13:43:51.124766 7f4409337700 5 filestore(/data/osd.0) queue_op 0x26fc370 seq 3769 osr(1.f9 0x31760f0) 198 bytes (queue has 500 ops and 309978 bytes) -4852>
2012-10-11 13:43:51.124775 7f4409337700 5 filestore(/data/osd.0) _journaled_ahead 0x1f31b40 seq 3770 osr(1.fd 0x3176030) 0x22b9510 -4851>
2012-10-11 13:43:51.124778 7f4409337700 5 filestore(/data/osd.0) queue_op 0x1f31b40 seq 3770 osr(1.fd 0x3176030) 198 bytes (queue has 500 ops and 309978 bytes) -4850>
2012-10-11 13:43:51.124787 7f4409337700 5 filestore(/data/osd.0) _journaled_ahead 0x1f31a50 seq 3771 osr(2.4 0x3176270) 0x22b96c0 -4849>
2012-10-11 13:43:51.124791 7f4409337700 5 filestore(/data/osd.0) queue_op 0x1f31a50 seq 3771 osr(2.4 0x3176270) 194 bytes (queue has 500 ops and 309978 bytes) -4848>
2012-10-11 13:43:51.124800 7f4409337700 5 filestore(/data/osd.0) _journaled_ahead 0x1f31000 seq 3772 osr(2.7 0x1d71320) 0x31cb6c0 -4847>
2012-10-11 13:43:51.124803 7f4409337700 5 filestore(/data/osd.0) queue_op 0x1f31000 seq 3772 osr(2.7 0x1d71320) 194 bytes (queue has 500 ops and 309978 bytes) -4846>
2012-10-11 13:43:51.124812 7f4409337700 5 filestore(/data/osd.0) _journaled_ahead 0x1f31280 seq 3773 osr(2.12 0x1d715a0) 0x2e55a20 -4845>
2012-10-11 13:43:51.124815 7f4409337700 5 filestore(/data/osd.0) queue_op 0x1f31280 seq 3773 osr(2.12 0x1d715a0) 198 bytes (queue has 500 ops and 309978 bytes) -4844>
2012-10-11 13:43:51.124820 7f440a339700 5 throttle(filestore_ops 0x1dc5328) put 77 (0xb7c748 -> 423) -4843>
2012-10-11 13:43:51.124824 7f440a339700 5 throttle(filestore_bytes 0x1dc53a8) put 63992 (0xb7c748 -> 248486) -4842>
2012-10-11 13:43:51.124826 7f440a339700 5 journal put_throttle finished 77 ops and 63992 bytes, now 423 ops and 248486 bytes -4841>
2012-10-11 13:43:51.125018 7f4408b36700 5 filestore(/data/osd.0) _do_op 0x2955b90 seq 3699 osr(2.f5 0x25cf480)/0x25cf480 start -4840>
2012-10-11 13:43:51.125044 7f4408335700 5 filestore(/data/osd.0) _do_op 0x2955b40 seq 3700 osr(0.f6 0x27a1180)/0x27a1180 start -4839>
2012-10-11 13:43:51.125412 7f4406b32700 1 -- 149.165.228.10:6802/338 --> osd.1 149.165.228.10:6805/1098 -- pg_info(1 pgs e6:1.c3) v3 -- ?+0 0x31ac1c0 -4838>
2012-10-11 13:43:51.125431 7f4406b32700 1 -- 149.165.228.10:6802/338 --> osd.1 149.165.228.10:6805/1098 -- pg_info(1 pgs e6:0.aa) v3 -- ?+0 0x31ac380 -4837>
2012-10-11 13:43:51.125441 7f4406b32700 1 -- 149.165.228.10:6802/338 --> osd.1 149.165.228.10:6805/1098 -- pg_info(1 pgs e6:2.a8) v3 -- ?+0 0x31ac540 -4836>
2012-10-11 13:43:51.125450 7f4406b32700 1 -- 149.165.228.10:6802/338 --> osd.1 149.165.228.10:6805/1098 -- pg_info(1 pgs e6:2.ab) v3 -- ?+0 0x31ac700 -4835>
2012-10-11 13:43:51.125458 7f4406b32700 1 -- 149.165.228.10:6802/338 --> osd.1 149.165.228.10:6805/1098 -- pg_info(1 pgs e6:1.a9) v3 -- ?+0 0x1ed7000 -4834>
2012-10-11 13:43:51.125467 7f4406b32700 1 -- 149.165.228.10:6802/338 --> osd.1 149.165.228.10:6805/1098 -- pg_info(1 pgs e6:2.c0) v3 -- ?+0 0x1ed71c0 -4833>
2012-10-11 13:43:51.125477 7f4406b32700 1 -- 149.165.228.10:6802/338 --> osd.1 149.165.228.10:6805/1098 -- pg_info(1 pgs e6:2.c3) v3 -- ?+0 0x1ed7380 -4832>
2012-10-11 13:43:51.125485 7f4406b32700 1 -- 149.165.228.10:6802/338 --> osd.1 149.165.228.10:6805/1098 -- pg_info(1 pgs e6:1.1) v3 -- ?+0 0x1ed7540 -4831>
2012-10-11 13:43:51.125494 7f4406b32700 1 -- 149.165.228.10:6802/338 --> osd.1 149.165.228.10:6805/1098 -- pg_info(1 pgs e6:2.2) v3 -- ?+0 0x1ed7700 -4830>
2012-10-11 13:43:51.125503 7f4406b32700 1 -- 149.165.228.10:6802/338 --> osd.1 149.165.228.10:6805/1098 -- pg_info(1 pgs e6:1.c1) v3 -- ?+0 0x29e4000 -4829>
2012-10-11 13:43:51.125511 7f4406b32700 1 -- 149.165.228.10:6802/338 --> osd.1 149.165.228.10:6805/1098 -- pg_info(1 pgs e6:2.c2) v3 -- ?+0 0x29e41c0 -4828>
2012-10-11 13:43:51.125520 7f4406b32700 1 -- 149.165.228.10:6802/338 --> osd.1 149.165.228.10:6805/1098 -- pg_info(1 pgs e6:0.be) v3 -- ?+0 0x29e4380 -4827>
2012-10-11 13:43:51.125528 7f4406b32700 1 -- 149.165.228.10:6802/338 --> osd.1 149.165.228.10:6805/1098 -- pg_info(1 pgs e6:2.bc) v3 -- ?+0 0x29e4540 -4826>
2012-10-11 13:43:51.125537 7f4406b32700 1 -- 149.165.228.10:6802/338 --> osd.1 149.165.228.10:6805/1098 -- pg_info(1 pgs e6:0.bc) v3 -- ?+0 0x29e4700 -4825>
2012-10-11 13:43:51.125545 7f4406b32700 1 -- 149.165.228.10:6802/338 --> osd.1 149.165.228.10:6805/1098 -- pg_info(1 pgs e6:1.bd) v3 -- ?+0 0x29e4a80 -4824>
2012-10-11 13:43:51.125554 7f4406b32700 1 -- 149.165.228.10:6802/338 --> osd.1 149.165.228.10:6805/1098 -- pg_info(1 pgs e6:1.bb) v3 -- ?+0 0x29e4c40 -4823>
2012-10-11 13:43:51.125562 7f4406b32700 1 -- 149.165.228.10:6802/338 --> osd.1 149.165.228.10:6805/1098 -- pg_info(1 pgs e6:2.ba) v3 -- ?+0 0x29e6000 -4822>
2012-10-11 13:43:51.125571 7f4406b32700 1 -- 149.165.228.10:6802/338 --> osd.1 149.165.228.10:6805/1098 -- pg_info(1 pgs e6:0.b1) v3 -- ?+0 0x29e61c0 -4821>
2012-10-11 13:43:51.125922 7f4408b36700 5 filestore(/data/osd.0) _do_op 0x2955af0 seq 3701 osr(2.f4 0x2468d20)/0x2468d20 start -4820>
2012-10-11 13:43:51.126742 7f4408b36700 5 filestore(/data/osd.0) _do_op 0x2955cd0 seq 3702 osr(1.f5 0x31761b0)/0x31761b0 start -4819>
2012-10-11 13:43:51.127564 7f4408b36700 5 filestore(/data/osd.0) _do_op 0x2955c80 seq 3703 osr(0.f1 0x2468e70)/0x2468e70 start -4818>
2012-10-11 13:43:51.128417 7f4408b36700 5 filestore(/data/osd.0) _do_op 0x2955c30 seq 3704 osr(1.f0 0x2e38ea0)/0x2e38ea0 start -4817>
2012-10-11 13:43:51.129236 7f4408b36700 5 filestore(/data/osd.0) _do_op 0x2955be0 seq 3705 osr(2.ef 0x2468f80)/0x2468f80 start -4816>
2012-10-11 13:43:51.133876 7f440532f700 5 throttle(filestore_ops 0x1dc5328) wait -4815>
2012-10-11 13:43:51.133893 7f440532f700 5 throttle(filestore_bytes 0x1dc53a8) wait -4814>
2012-10-11 13:43:51.133901 7f440532f700 5 filestore(/data/osd.0) queue_transactions (writeahead) 4197 0x301dea0 -4813>
2012-10-11 13:43:51.134501 7f440532f700 5 journal submit_entry seq 4197 len 205 (0x2c780c0) -4812>
2012-10-11 13:43:51.134538 7f440532f700 5 throttle(filestore_ops 0x1dc5328) take 1 -4811>
2012-10-11 13:43:51.134540 7f440532f700 5 throttle(filestore_bytes 0x1dc53a8) take 205 -4810>
2012-10-11 13:43:51.134427 7f43ff821700 5 throttle(msgr_dispatch_throttler-cluster 0x1d9b088) get 471 (71031 -> 71502) -4809>
2012-10-11 13:43:51.134607 7f440532f700 5 --OSD::tracker-- reqid: unknown.0.0:0, seq: 1673, time:
2012-10-11 13:43:51.134607, event: done, request: osd pg remove(epoch 7; pg1.76; ) v1 -4808>
2012-10-11 13:43:51.134626 7f43ff821700 5 throttle(msgr_dispatch_throttler-cluster 0x1d9b088) get 471 (71502 -> 71973) -4807>
2012-10-11 13:43:51.134633 7f440532f700 5 throttle(msgr_dispatch_throttler-cluster 0x1d9b088) put 25 (0xb7c748 -> 71948) -4806>
2012-10-11 13:43:51.134637 7f440532f700 1 -- 149.165.228.10:6802/338 <== osd.2 149.165.228.10:6808/1657 654 ==== pg_query(0.22 epoch 8) v2 ==== 109+0+0 (1376935369 0 0) 0x2ac7c40 con 0x2fe2280 -4805>
2012-10-11 13:43:51.134648 7f440532f700 5 --OSD::tracker-- reqid: unknown.0.0:0, seq: 1674, time:
2012-10-11 13:43:50.315170, event: header_read, request: pg_query(0.22 epoch 8) v2 -4804>
2012-10-11 13:43:51.134652 7f43ff821700 5 throttle(msgr_dispatch_throttler-cluster 0x1d9b088) get 471 (71948 -> 72419) -4803>
2012-10-11 13:43:51.134653 7f440532f700 5 --OSD::tracker-- reqid: unknown.0.0:0, seq: 1674, time:
2012-10-11 13:43:50.315174, event: throttled, request: pg_query(0.22 epoch 8) v2 -4802>
2012-10-11 13:43:51.134657 7f440532f700 5 --OSD::tracker-- reqid: unknown.0.0:0, seq: 1674, time:
2012-10-11 13:43:50.315178, event: all_read, request: pg_query(0.22 epoch 8) v2 -4801>
2012-10-11 13:43:51.134661 7f440532f700 5 --OSD::tracker-- reqid: unknown.0.0:0, seq: 1674, time:
2012-10-11 13:43:51.134647, event: dispatched, request: pg_query(0.22 epoch 8) v2 -4800>
2012-10-11 13:43:51.134664 7f440532f700 5 --OSD::tracker-- reqid: unknown.0.0:0, seq: 1674, time:
2012-10-11 13:43:51.134664, event: waiting_for_osdmap, request: pg_query(0.22 epoch 8) v2 -4799>
2012-10-11 13:43:51.134671 7f440532f700 5 --OSD::tracker-- reqid: unknown.0.0:0, seq: 1674, time:
2012-10-11 13:43:51.134671, event: started, request: pg_query(0.22 epoch 8) v2 -4798>
2012-10-11 13:43:51.134675 7f43ff821700 5 throttle(msgr_dispatch_throttler-cluster 0x1d9b088) get 471 (72419 -> 72890) -4797>
2012-10-11 13:43:51.134683 7f440532f700 5 --OSD::tracker-- reqid: unknown.0.0:0, seq: 1674, time:
2012-10-11 13:43:51.134683, event: done, request: pg_query(0.22 epoch 8) v2 -4796>
2012-10-11 13:43:51.134690 7f440532f700 5 throttle(msgr_dispatch_throttler-cluster 0x1d9b088) put 109 (0xb7c748 -> 72781) -4795>
