2012-10-11 13:43:53.174372 7f4409337700 5 filestore(/data/osd.0) _journaled_ahead 0x2045b40 seq 4205 osr(2.31 0x1d71b00) 0x301d990 -1704>
2012-10-11 13:43:53.174374 7f4409337700 5 filestore(/data/osd.0) queue_op 0x2045b40 seq 4205 osr(2.31 0x1d71b00) 200 bytes (queue has 479 ops and 253718 bytes) -1703>
2012-10-11 13:43:53.174377 7f4409337700 5 filestore(/data/osd.0) _journaled_ahead 0x20459b0 seq 4206 osr(2.36 0x31766d0) 0x301dc60 -1702>
2012-10-11 13:43:53.174379 7f4409337700 5 filestore(/data/osd.0) queue_op 0x20459b0 seq 4206 osr(2.36 0x31766d0) 200 bytes (queue has 479 ops and 253718 bytes) -1701>
2012-10-11 13:43:53.174382 7f4409337700 5 filestore(/data/osd.0) _journaled_ahead 0x1faee10 seq 4207 osr(2.3a 0x1d71db0) 0x301d900 -1700>
2012-10-11 13:43:53.174384 7f4409337700 5 filestore(/data/osd.0) queue_op 0x1faee10 seq 4207 osr(2.3a 0x1d71db0) 200 bytes (queue has 479 ops and 253718 bytes) -1699>
2012-10-11 13:43:53.174387 7f4409337700 5 filestore(/data/osd.0) _journaled_ahead 0x2045820 seq 4208 osr(2.3e 0x1d71c50) 0x301d750 -1698>
2012-10-11 13:43:53.174390 7f4409337700 5 filestore(/data/osd.0) queue_op 0x2045820 seq 4208 osr(2.3e 0x1d71c50) 200 bytes (queue has 479 ops and 253718 bytes) -1697>
2012-10-11 13:43:53.174393 7f4409337700 5 filestore(/data/osd.0) _journaled_ahead 0x20451e0 seq 4209 osr(2.56 0x31768b0) 0x301df30 -1696>
2012-10-11 13:43:53.174396 7f4409337700 5 filestore(/data/osd.0) queue_op 0x20451e0 seq 4209 osr(2.56 0x31768b0) 200 bytes (queue has 479 ops and 253718 bytes) -1695>
2012-10-11 13:43:53.174399 7f4409337700 5 filestore(/data/osd.0) _journaled_ahead 0x32d0550 seq 4210 osr(2.5a 0x21301c0) 0x301d6c0 -1694>
2012-10-11 13:43:53.174405 7f4409337700 5 filestore(/data/osd.0) queue_op 0x32d0550 seq 4210 osr(2.5a 0x21301c0) 200 bytes (queue has 479 ops and 253718 bytes) -1693>
2012-10-11 13:43:53.174409 7f4409337700 5 filestore(/data/osd.0) _journaled_ahead 0x32d0f00 seq 4211 osr(2.62 0x3176930) 0x301de10 -1692>
2012-10-11 13:43:53.174415 7f4409337700 5 filestore(/data/osd.0) queue_op 0x32d0f00 seq 4211 osr(2.62 0x3176930) 200 bytes (queue has 479 ops and 253718 bytes) -1691>
2012-10-11 13:43:53.174418 7f4409337700 5 filestore(/data/osd.0) _journaled_ahead 0x21b4a50 seq 4212 osr(2.63 0x2130520) 0x301d870 -1690>
2012-10-11 13:43:53.174432 7f4409337700 5 filestore(/data/osd.0) queue_op 0x21b4a50 seq 4212 osr(2.63 0x2130520) 200 bytes (queue has 479 ops and 253718 bytes) -1689>
2012-10-11 13:43:53.174435 7f4409337700 5 filestore(/data/osd.0) _journaled_ahead 0x21b4d70 seq 4213 osr(2.69 0x3176a90) 0x301da20 -1688>
2012-10-11 13:43:53.174437 7f4409337700 5 filestore(/data/osd.0) queue_op 0x21b4d70 seq 4213 osr(2.69 0x3176a90) 200 bytes (queue has 479 ops and 253718 bytes) -1687>
2012-10-11 13:43:53.174441 7f4409337700 5 filestore(/data/osd.0) _journaled_ahead 0x225fb90 seq 4214 osr(2.6a 0x3176a60) 0x301dcf0 -1686>
2012-10-11 13:43:53.174443 7f4409337700 5 filestore(/data/osd.0) queue_op 0x225fb90 seq 4214 osr(2.6a 0x3176a60) 200 bytes (queue has 479 ops and 253718 bytes) -1685>
2012-10-11 13:43:53.174446 7f4409337700 5 filestore(/data/osd.0) _journaled_ahead 0x22d5780 seq 4215 osr(2.6b 0x3176a30) 0x22ff3f0 -1684>
2012-10-11 13:43:53.174449 7f4409337700 5 filestore(/data/osd.0) queue_op 0x22d5780 seq 4215 osr(2.6b 0x3176a30) 200 bytes (queue has 479 ops and 253718 bytes) -1683>
2012-10-11 13:43:53.174455 7f4409337700 5 filestore(/data/osd.0) _journaled_ahead 0x22d55f0 seq 4216 osr(2.6f 0x21306e0) 0x22ffd80 -1682>
2012-10-11 13:43:53.174458 7f4409337700 5 filestore(/data/osd.0) queue_op 0x22d55f0 seq 4216 osr(2.6f 0x21306e0) 200 bytes (queue has 479 ops and 253718 bytes) -1681>
2012-10-11 13:43:53.174460 7f4409337700 5 filestore(/data/osd.0) _journaled_ahead 0x22d5fa0 seq 4217 osr(2.72 0x21304c0) 0x250e510 -1680>
2012-10-11 13:43:53.174463 7f4409337700 5 filestore(/data/osd.0) queue_op 0x22d5fa0 seq 4217 osr(2.72 0x21304c0) 200 bytes (queue has 479 ops and 253718 bytes) -1679>
2012-10-11 13:43:53.174466 7f4409337700 5 filestore(/data/osd.0) _journaled_ahead 0x22c2d20 seq 4218 osr(2.73 0x21304a0) 0x22ffab0 -1678>
2012-10-11 13:43:53.174469 7f4409337700 5 filestore(/data/osd.0) queue_op 0x22c2d20 seq 4218 osr(2.73 0x21304a0) 200 bytes (queue has 479 ops and 253718 bytes) -1677>
2012-10-11 13:43:53.174471 7f4409337700 5 filestore(/data/osd.0) _journaled_ahead 0x2c82d70 seq 4219 osr(2.75 0x3176af0) 0x22fff30 -1676>
2012-10-11 13:43:53.174475 7f4409337700 5 filestore(/data/osd.0) queue_op 0x2c82d70 seq 4219 osr(2.75 0x3176af0) 200 bytes (queue has 479 ops and 253718 bytes) -1675>
2012-10-11 13:43:53.174478 7f4409337700 5 filestore(/data/osd.0) _journaled_ahead 0x219baa0 seq 4220 osr(2.7c 0x2130640) 0x22ff6c0 -1674>
2012-10-11 13:43:53.174480 7f4409337700 5 filestore(/data/osd.0) queue_op 0x219baa0 seq 4220 osr(2.7c 0x2130640) 200 bytes (queue has 479 ops and 253718 bytes) -1673>
2012-10-11 13:43:53.174484 7f4409337700 5 filestore(/data/osd.0) _journaled_ahead 0x236c3c0 seq 4221 osr(2.7e 0x1d71d70) 0x22ff5a0 -1672>
2012-10-11 13:43:53.174486 7f4409337700 5 filestore(/data/osd.0) queue_op 0x236c3c0 seq 4221 osr(2.7e 0x1d71d70) 200 bytes (queue has 479 ops and 253718 bytes) -1671>
2012-10-11 13:43:53.174489 7f4409337700 5 filestore(/data/osd.0) _journaled_ahead 0x236c050 seq 4222 osr(2.81 0x3176b40) 0x250e2d0 -1670>
2012-10-11 13:43:53.174492 7f4409337700 5 filestore(/data/osd.0) queue_op 0x236c050 seq 4222 osr(2.81 0x3176b40) 200 bytes (queue has 479 ops and 253718 bytes) -1669>
2012-10-11 13:43:53.174495 7f4409337700 5 filestore(/data/osd.0) _journaled_ahead 0x225fe60 seq 4223 osr(2.82 0x2130c80) 0x250ed80 -1668>
2012-10-11 13:43:53.174498 7f4409337700 5 filestore(/data/osd.0) queue_op 0x225fe60 seq 4223 osr(2.82 0x2130c80) 200 bytes (queue has 479 ops and 253718 bytes) -1667>
2012-10-11 13:43:53.174501 7f4409337700 5 filestore(/data/osd.0) _journaled_ahead 0x21fffa0 seq 4224 osr(2.83 0x21309d0) 0x301d360 -1666>
2012-10-11 13:43:53.174504 7f4409337700 5 filestore(/data/osd.0) queue_op 0x21fffa0 seq 4224 osr(2.83 0x21309d0) 200 bytes (queue has 479 ops and 253718 bytes) -1665>
2012-10-11 13:43:53.174506 7f4409337700 5 filestore(/data/osd.0) _journaled_ahead 0x219b0f0 seq 4225 osr(2.84 0x2130980) 0x2e55f30 -1664>
2012-10-11 13:43:53.174510 7f4409337700 5 filestore(/data/osd.0) queue_op 0x219b0f0 seq 4225 osr(2.84 0x2130980) 200 bytes (queue has 479 ops and 253718 bytes) -1663>
2012-10-11 13:43:53.174512 7f4409337700 5 filestore(/data/osd.0) _journaled_ahead 0x213b000 seq 4226 osr(2.87 0x2130a90) 0x250e870 -1662>
2012-10-11 13:43:53.174516 7f4409337700 5 filestore(/data/osd.0) queue_op 0x213b000 seq 4226 osr(2.87 0x2130a90) 200 bytes (queue has 479 ops and 253718 bytes) -1661>
2012-10-11 13:43:53.174519 7f4409337700 5 filestore(/data/osd.0) _journaled_ahead 0x32d0500 seq 4227 osr(1.88 0x2adba20) 0x2a06900 -1660>
2012-10-11 13:43:53.174524 7f4409337700 5 filestore(/data/osd.0) queue_op 0x32d0500 seq 4227 osr(1.88 0x2adba20) 200 bytes (queue has 479 ops and 253718 bytes) -1659>
2012-10-11 13:43:53.174527 7f4409337700 5 filestore(/data/osd.0) _journaled_ahead 0x2d4c690 seq 4228 osr(0.40 0x1d71e80) 0x2a06120 -1658>
2012-10-11 13:43:53.174529 7f4409337700 5 filestore(/data/osd.0) queue_op 0x2d4c690 seq 4228 osr(0.40 0x1d71e80) 200 bytes (queue has 479 ops and 253718 bytes) -1657>
2012-10-11 13:43:53.174531 7f4409337700 5 filestore(/data/osd.0) _journaled_ahead 0x20d67d0 seq 4229 osr(1.84 0x2adbae0) 0x3250d80 -1656>
2012-10-11 13:43:53.174534 7f4409337700 5 filestore(/data/osd.0) queue_op 0x20d67d0 seq 4229 osr(1.84 0x2adbae0) 200 bytes (queue has 479 ops and 253718 bytes) -1655>
2012-10-11 13:43:53.174536 7f4409337700 5 filestore(/data/osd.0) _journaled_ahead 0x2ce7cd0 seq 4230 osr(1.85 0x2adbab0) 0x3250090 -1654>
2012-10-11 13:43:53.174539 7f4409337700 5 filestore(/data/osd.0) queue_op 0x2ce7cd0 seq 4230 osr(1.85 0x2adbab0) 200 bytes (queue has 479 ops and 253718 bytes) -1653>
2012-10-11 13:43:53.174541 7f4409337700 5 filestore(/data/osd.0) _journaled_ahead 0x2ce7b40 seq 4231 osr(0.3c 0x1d71cd0) 0x32505a0 -1652>
2012-10-11 13:43:53.174543 7f4409337700 5 filestore(/data/osd.0) queue_op 0x2ce7b40 seq 4231 osr(0.3c 0x1d71cd0) 200 bytes (queue has 479 ops and 253718 bytes) -1651>
2012-10-11 13:43:53.174546 7f4409337700 5 filestore(/data/osd.0) _journaled_ahead 0x25db9b0 seq 4232 osr(0.38 0x1d71d90) 0x31cbe10 -1650>
2012-10-11 13:43:53.174549 7f4409337700 5 filestore(/data/osd.0) queue_op 0x25db9b0 seq 4232 osr(0.38 0x1d71d90) 200 bytes (queue has 479 ops and 253718 bytes) -1649>
2012-10-11 13:43:53.174552 7f4409337700 5 filestore(/data/osd.0) _journaled_ahead 0x206a3c0 seq 4233 osr(0.33 0x1d71c30) 0x2cda090 -1648>
2012-10-11 13:43:53.174554 7f4409337700 5 filestore(/data/osd.0) queue_op 0x206a3c0 seq 4233 osr(0.33 0x1d71c30) 200 bytes (queue has 479 ops and 253718 bytes) -1647>
2012-10-11 13:43:53.174557 7f4409337700 5 filestore(/data/osd.0) _journaled_ahead 0x200a960 seq 4234 osr(0.32 0x1d71c60) 0x2e552d0 -1646>
2012-10-11 13:43:53.174560 7f4409337700 5 filestore(/data/osd.0) queue_op 0x200a960 seq 4234 osr(0.32 0x1d71c60) 200 bytes (queue has 479 ops and 253718 bytes) -1645>
2012-10-11 13:43:53.174564 7f4409337700 5 filestore(/data/osd.0) _journaled_ahead 0x200aaf0 seq 4235 osr(0.2f 0x1d71ac0) 0x1e41bd0 -1644>
2012-10-11 13:43:53.174566 7f4409337700 5 filestore(/data/osd.0) queue_op 0x200aaf0 seq 4235 osr(0.2f 0x1d71ac0) 200 bytes (queue has 479 ops and 253718 bytes) -1643>
2012-10-11 13:43:53.174569 7f4409337700 5 filestore(/data/osd.0) _journaled_ahead 0x200a0f0 seq 4236 osr(0.2c 0x1d71b50) 0x2e55c60 -1642>
2012-10-11 13:43:53.174572 7f4409337700 5 filestore(/data/osd.0) queue_op 0x200a0f0 seq 4236 osr(0.2c 0x1d71b50) 200 bytes (queue has 479 ops and 253718 bytes) -1641>
2012-10-11 13:43:53.174575 7f4409337700 5 filestore(/data/osd.0) _journaled_ahead 0x200a5a0 seq 4237 osr(0.24 0x1d718e0) 0x2e55b40 -1640>
2012-10-11 13:43:53.174579 7f4409337700 5 filestore(/data/osd.0) queue_op 0x200a5a0 seq 4237 osr(0.24 0x1d718e0) 200 bytes (queue has 479 ops and 253718 bytes) -1639>
2012-10-11 13:43:53.174581 7f4409337700 5 filestore(/data/osd.0) _journaled_ahead 0x29b23c0 seq 4238 osr(1.92 0x2adbc40) 0x2d2dab0 -1638>
2012-10-11 13:43:53.174584 7f4409337700 5 filestore(/data/osd.0) queue_op 0x29b23c0 seq 4238 osr(1.92 0x2adbc40) 200 bytes (queue has 479 ops and 253718 bytes) -1637>
2012-10-11 13:43:53.174588 7f4409337700 5 filestore(/data/osd.0) _journaled_ahead 0x2db1730 seq 4239 osr(1.91 0x2adbc70) 0x2d2da20 -1636>
2012-10-11 13:43:53.174590 7f4409337700 5 filestore(/data/osd.0) queue_op 0x2db1730 seq 4239 osr(1.91 0x2adbc70) 200 bytes (queue has 479 ops and 253718 bytes) -1635>
2012-10-11 13:43:53.174594 7f4409337700 5 filestore(/data/osd.0) _journaled_ahead 0x2db18c0 seq 4240 osr(1.8f 0x2adbcd0) 0x2d2d990 -1634>
2012-10-11 13:43:53.174596 7f4409337700 5 filestore(/data/osd.0) queue_op 0x2db18c0 seq 4240 osr(1.8f 0x2adbcd0) 200 bytes (queue has 479 ops and 253718 bytes) -1633>
2012-10-11 13:43:53.174599 7f4409337700 5 filestore(/data/osd.0) _journaled_ahead 0x2d4cbe0 seq 4241 osr(1.87 0x2adba50) 0x2d2d900 -1632>
2012-10-11 13:43:53.174602 7f4409337700 5 filestore(/data/osd.0) queue_op 0x2d4cbe0 seq 4241 osr(1.87 0x2adba50) 200 bytes (queue has 479 ops and 253718 bytes) -1631>
2012-10-11 13:43:53.174606 7f4409337700 5 filestore(/data/osd.0) _journaled_ahead 0x2d4c870 seq 4242 osr(0.41 0x1d71e50) 0x2d2d870 -1630>
2012-10-11 13:43:53.174608 7f4409337700 5 filestore(/data/osd.0) queue_op 0x2d4c870 seq 4242 osr(0.41 0x1d71e50) 200 bytes (queue has 479 ops and 253718 bytes) -1629>
2012-10-11 13:43:53.174614 7f4409337700 5 filestore(/data/osd.0) _journaled_ahead 0x20d6690 seq 4243 osr(0.34 0x1d71c00) 0x2d2d7e0 -1628>
2012-10-11 13:43:53.174620 7f4409337700 5 filestore(/data/osd.0) queue_op 0x20d6690 seq 4243 osr(0.34 0x1d71c00) 200 bytes (queue has 479 ops and 253718 bytes) -1627>
2012-10-11 13:43:53.174622 7f4409337700 5 filestore(/data/osd.0) _journaled_ahead 0x200a820 seq 4244 osr(0.28 0x1d71a00) 0x2d2d750 -1626>
2012-10-11 13:43:53.174625 7f4409337700 5 filestore(/data/osd.0) queue_op 0x200a820 seq 4244 osr(0.28 0x1d71a00) 200 bytes (queue has 479 ops and 253718 bytes) -1625>
2012-10-11 13:43:53.174627 7f4409337700 5 filestore(/data/osd.0) _journaled_ahead 0x1fae960 seq 4245 osr(0.22 0x1d71940) 0x2d2d630 -1624>
2012-10-11 13:43:53.174631 7f4409337700 5 filestore(/data/osd.0) queue_op 0x1fae960 seq 4245 osr(0.22 0x1d71940) 200 bytes (queue has 479 ops and 253718 bytes) -1623>
2012-10-11 13:43:53.174634 7f4409337700 5 filestore(/data/osd.0) _journaled_ahead 0x24971e0 seq 4246 osr(1.b9 0x2e384f0) 0x22ffbd0 -1622>
2012-10-11 13:43:53.174636 7f4409337700 5 filestore(/data/osd.0) queue_op 0x24971e0 seq 4246 osr(1.b9 0x2e384f0) 59 bytes (queue has 479 ops and 253718 bytes) -1621>
2012-10-11 13:43:53.174639 7f4409337700 5 filestore(/data/osd.0) _journaled_ahead 0x2497140 seq 4247 osr(1.c2 0x2e38740) 0x31c56c0 -1620>
2012-10-11 13:43:53.174641 7f4409337700 5 filestore(/data/osd.0) queue_op 0x2497140 seq 4247 osr(1.c2 0x2e38740) 59 bytes (queue has 479 ops and 253718 bytes) -1619>
2012-10-11 13:43:53.174646 7f4409337700 5 filestore(/data/osd.0) _journaled_ahead 0x2497190 seq 4248 osr(1.cb 0x2e38990) 0x31c5090 -1618>
2012-10-11 13:43:53.174649 7f4409337700 5 filestore(/data/osd.0) queue_op 0x2497190 seq 4248 osr(1.cb 0x2e38990) 59 bytes (queue has 479 ops and 253718 bytes) -1617>
2012-10-11 13:43:53.174651 7f4409337700 5 filestore(/data/osd.0) _journaled_ahead 0x2497e10 seq 4249 osr(1.cf 0x2e388d0) 0x30391b0 -1616>
2012-10-11 13:43:53.174653 7f4409337700 5 filestore(/data/osd.0) queue_op 0x2497e10 seq 4249 osr(1.cf 0x2e388d0) 59 bytes (queue has 479 ops and 253718 bytes) -1615>
2012-10-11 13:43:53.174656 7f4409337700 5 filestore(/data/osd.0) _journaled_ahead 0x2497e60 seq 4250 osr(1.ee 0x2e38f00) 0x31c5f30 -1614>
2012-10-11 13:43:53.174658 7f4409337700 5 filestore(/data/osd.0) queue_op 0x2497e60 seq 4250 osr(1.ee 0x2e38f00) 59 bytes (queue has 479 ops and 253718 bytes) -1613>
2012-10-11 13:43:53.174661 7f4409337700 5 filestore(/data/osd.0) _journaled_ahead 0x24970a0 seq 4251 osr(1.f9 0x31760f0) 0x31c5360 -1612>
2012-10-11 13:43:53.174663 7f4409337700 5 filestore(/data/osd.0) queue_op 0x24970a0 seq 4251 osr(1.f9 0x31760f0) 59 bytes (queue has 479 ops and 253718 bytes) -1611>
2012-10-11 13:43:53.174665 7f4409337700 5 filestore(/data/osd.0) _journaled_ahead 0x2497c80 seq 4252 osr(1.fd 0x3176030) 0x3039990 -1610>
2012-10-11 13:43:53.174668 7f4409337700 5 filestore(/data/osd.0) queue_op 0x2497c80 seq 4252 osr(1.fd 0x3176030) 59 bytes (queue has 479 ops and 253718 bytes) -1609>
2012-10-11 13:43:53.174670 7f4409337700 5 filestore(/data/osd.0) _journaled_ahead 0x2497cd0 seq 4253 osr(2.4 0x3176270) 0x3039000 -1608>
2012-10-11 13:43:53.174672 7f4409337700 5 filestore(/data/osd.0) queue_op 0x2497cd0 seq 4253 osr(2.4 0x3176270) 58 bytes (queue has 479 ops and 253718 bytes) -1607>
2012-10-11 13:43:53.194066 7f440a339700 5 throttle(filestore_ops 0x1dc5328) put 4 (0xb7c748 -> 0) -1606>
2012-10-11 13:43:53.194205 7f440a339700 5 throttle(filestore_bytes 0x1dc53a8) put 257 (0xb7c748 -> 0) -1605>
2012-10-11 13:43:53.194210 7f4409337700 5 filestore(/data/osd.0) _journaled_ahead 0x2497d20 seq 4254 osr(2.7 0x1d71320) 0x3039b40 -1604>
2012-10-11 13:43:53.194222 7f440a339700 5 journal put_throttle finished 4 ops and 257 bytes, now 0 ops and 0 bytes -1603>
2012-10-11 13:43:53.194231 7f4409337700 5 filestore(/data/osd.0) queue_op 0x2497d20 seq 4254 osr(2.7 0x1d71320) 58 bytes (queue has 479 ops and 253718 bytes) -1602>
2012-10-11 13:43:53.194260 7f4409337700 5 filestore(/data/osd.0) _journaled_ahead 0x2497d70 seq 4255 osr(2.12 0x1d715a0) 0x3039f30 -1601>
2012-10-11 13:43:53.194274 7f4409337700 5 filestore(/data/osd.0) queue_op 0x2497d70 seq 4255 osr(2.12 0x1d715a0) 59 bytes (queue has 479 ops and 253718 bytes) -1600>
2012-10-11 13:43:53.194277 7f4409337700 5 filestore(/data/osd.0) _journaled_ahead 0x2497dc0 seq 4256 osr(2.9a 0x2130fb0) 0x2e55630 -1599>
2012-10-11 13:43:53.194280 7f4409337700 5 filestore(/data/osd.0) queue_op 0x2497dc0 seq 4256 osr(2.9a 0x2130fb0) 60 bytes (queue has 479 ops and 253718 bytes) -1598>
2012-10-11 13:43:53.194283 7f4409337700 5 filestore(/data/osd.0) _journaled_ahead 0x2497000 seq 4257 osr(2.9c 0x2130d90) 0x2e55360 -1597>
2012-10-11 13:43:53.194287 7f4409337700 5 filestore(/data/osd.0) queue_op 0x2497000 seq 4257 osr(2.9c 0x2130d90) 60 bytes (queue has 479 ops and 253718 bytes) -1596>
2012-10-11 13:43:53.196015 7f4408b36700 5 filestore(/data/osd.0) _do_op 0x23d5140 seq 3781 osr(1.1d 0x27a1630)/0x27a1630 start -1595>
2012-10-11 13:43:53.196139 7f4401226700 5 filestore(/data/osd.0) queue_transactions existing osr(2.9e 0x2130e20)/0x2130e20 -1594>
2012-10-11 13:43:53.196152 7f4401226700 5 throttle(filestore_ops 0x1dc5328) wait -1593>
2012-10-11 13:43:53.196166 7f4401226700 5 throttle(filestore_bytes 0x1dc53a8) wait -1592>
2012-10-11 13:43:53.196168 7f4401226700 5 filestore(/data/osd.0) queue_transactions (writeahead) 4258 0x2e55480 -1591>
2012-10-11 13:43:53.196174 7f4401226700 5 journal submit_entry seq 4258 len 65 (0x2f51960) -1590>
2012-10-11 13:43:53.196184 7f4401226700 5 throttle(filestore_ops 0x1dc5328) take 1 -1589>
2012-10-11 13:43:53.196187 7f4401226700 5 throttle(filestore_bytes 0x1dc53a8) take 65 -1588>
2012-10-11 13:43:53.197576 7f4408b36700 5 filestore(/data/osd.0) _do_op 0x2e319b0 seq 3782 osr(2.a2 0x2468070)/0x2468070 start -1587>
2012-10-11 13:43:53.206060 7f440a339700 5 throttle(filestore_ops 0x1dc5328) put 1 (0xb7c748 -> 0) -1586>
2012-10-11 13:43:53.206086 7f440a339700 5 throttle(filestore_bytes 0x1dc53a8) put 65 (0xb7c748 -> 0) -1585>
2012-10-11 13:43:53.206089 7f440a339700 5 journal put_throttle finished 1 ops and 65 bytes, now 0 ops and 0 bytes -1584>
2012-10-11 13:43:53.206099 7f4409337700 5 filestore(/data/osd.0) _journaled_ahead 0x2497050 seq 4258 osr(2.9e 0x2130e20) 0x2e55480 -1583>
2012-10-11 13:43:53.206114 7f4409337700 5 filestore(/data/osd.0) queue_op 0x2497050 seq 4258 osr(2.9e 0x2130e20) 60 bytes (queue has 478 ops and 252530 bytes) -1582>
2012-10-11 13:43:53.207646 7f4408335700 5 filestore(/data/osd.0) _do_op 0x2e31820 seq 3783 osr(2.a4 0x24680a0)/0x24680a0 start -1581>
2012-10-11 13:43:53.207716 7f4401226700 5 filestore(/data/osd.0) queue_transactions existing osr(2.a1 0x2468000)/0x2468000 -1580>
2012-10-11 13:43:53.207724 7f4401226700 5 throttle(filestore_ops 0x1dc5328) wait -1579>
2012-10-11 13:43:53.207726 7f4401226700 5 throttle(filestore_bytes 0x1dc53a8) wait -1578>
2012-10-11 13:43:53.207727 7f4401226700 5 filestore(/data/osd.0) queue_transactions (writeahead) 4259 0x2e55090 -1577>
2012-10-11 13:43:53.207730 7f4401226700 5 journal submit_entry seq 4259 len 65 (0x292e420) -1576>
2012-10-11 13:43:53.207731 7f4401226700 5 throttle(filestore_ops 0x1dc5328) take 1 -1575>
2012-10-11 13:43:53.207733 7f4401226700 5 throttle(filestore_bytes 0x1dc53a8) take 65 -1574>
2012-10-11 13:43:53.209570 7f4408b36700 5 filestore(/data/osd.0) _do_op 0x2c55910 seq 3784 osr(2.a7 0x24681b0)/0x24681b0 start -1573>
2012-10-11 13:43:53.209641 7f4401226700 5 filestore(/data/osd.0) queue_transactions existing osr(2.a2 0x2468070)/0x2468070 -1572>
2012-10-11 13:43:53.209650 7f4401226700 5 throttle(filestore_ops 0x1dc5328) wait -1571>
2012-10-11 13:43:53.209651 7f4401226700 5 throttle(filestore_bytes 0x1dc53a8) wait -1570>
2012-10-11 13:43:53.209652 7f4401226700 5 filestore(/data/osd.0) queue_transactions (writeahead) 4260 0x2e555a0 -1569>
2012-10-11 13:43:53.209657 7f4401226700 5 journal submit_entry seq 4260 len 65 (0x292e9c0) -1568>
2012-10-11 13:43:53.209659 7f4401226700 5 throttle(filestore_ops 0x1dc5328) take 1 -1567>
2012-10-11 13:43:53.209660 7f4401226700 5 throttle(filestore_bytes 0x1dc53a8) take 65 -1566>
2012-10-11 13:43:53.218136 7f440a339700 5 throttle(filestore_ops 0x1dc5328) put 1 (0xb7c748 -> 1) -1565>
2012-10-11 13:43:53.218180 7f440a339700 5 throttle(filestore_bytes 0x1dc53a8) put 65 (0xb7c748 -> 65) -1564>
2012-10-11 13:43:53.218183 7f440a339700 5 journal put_throttle finished 1 ops and 65 bytes, now 1 ops and 65 bytes -1563>
2012-10-11 13:43:53.218193 7f4409337700 5 filestore(/data/osd.0) _journaled_ahead 0x24970f0 seq 4259 osr(2.a1 0x2468000) 0x2e55090 -1562>
2012-10-11 13:43:53.218212 7f4409337700 5 filestore(/data/osd.0) queue_op 0x24970f0 seq 4259 osr(2.a1 0x2468000) 60 bytes (queue has 478 ops and 252252 bytes) -1561>
2012-10-11 13:43:53.230155 7f440a339700 5 throttle(filestore_ops 0x1dc5328) put 1 (0xb7c748 -> 0) -1560>
2012-10-11 13:43:53.230170 7f440a339700 5 throttle(filestore_bytes 0x1dc53a8) put 65 (0xb7c748 -> 0) -1559>
2012-10-11 13:43:53.230173 7f440a339700 5 journal put_throttle finished 1 ops and 65 bytes, now 0 ops and 0 bytes -1558>
2012-10-11 13:43:53.230277 7f4409337700 5 filestore(/data/osd.0) _journaled_ahead 0x2497c30 seq 4260 osr(2.a2 0x2468070) 0x2e555a0 -1557>
2012-10-11 13:43:53.230292 7f4409337700 5 filestore(/data/osd.0) queue_op 0x2497c30 seq 4260 osr(2.a2 0x2468070) 60 bytes (queue has 478 ops and 252252 bytes) -1556>
2012-10-11 13:43:53.231301 7f4408335700 5 filestore(/data/osd.0) _do_op 0x2513c80 seq 3785 osr(1.22 0x27a1940)/0x27a1940 start -1555>
2012-10-11 13:43:53.231410 7f4401226700 5 filestore(/data/osd.0) queue_transactions existing osr(2.a4 0x24680a0)/0x24680a0 -1554>
2012-10-11 13:43:53.231431 7f4401226700 5 throttle(filestore_ops 0x1dc5328) wait -1553>
2012-10-11 13:43:53.231433 7f4401226700 5 throttle(filestore_bytes 0x1dc53a8) wait -1552>
2012-10-11 13:43:53.231435 7f4401226700 5 filestore(/data/osd.0) queue_transactions (writeahead) 4261 0x311ec60 -1551>
2012-10-11 13:43:53.231441 7f4401226700 5 journal submit_entry seq 4261 len 65 (0x292ecc0) -1550>
2012-10-11 13:43:53.231453 7f4401226700 5 throttle(filestore_ops 0x1dc5328) take 1 -1549>
2012-10-11 13:43:53.231456 7f4401226700 5 throttle(filestore_bytes 0x1dc53a8) take 65 -1548>
2012-10-11 13:43:53.232221 7f4408b36700 5 filestore(/data/osd.0) _do_op 0x1e64cd0 seq 3786 osr(0.2b 0x1d71270)/0x1d71270 start -1547>
2012-10-11 13:43:53.232331 7f4401226700 5 filestore(/data/osd.0) queue_transactions existing osr(2.a7 0x24681b0)/0x24681b0 -1546>
2012-10-11 13:43:53.232343 7f4401226700 5 throttle(filestore_ops 0x1dc5328) wait -1545>
2012-10-11 13:43:53.232345 7f4401226700 5 throttle(filestore_bytes 0x1dc53a8) wait -1544>
2012-10-11 13:43:53.232347 7f4401226700 5 filestore(/data/osd.0) queue_transactions (writeahead) 4262 0x311eab0 -1543>
2012-10-11 13:43:53.232352 7f4401226700 5 journal submit_entry seq 4262 len 65 (0x33a7840) -1542>
2012-10-11 13:43:53.232356 7f4401226700 5 throttle(filestore_ops 0x1dc5328) take 1 -1541>
2012-10-11 13:43:53.232359 7f4401226700 5 throttle(filestore_bytes 0x1dc53a8) take 65 -1540>
2012-10-11 13:43:53.233604 7f4408335700 5 filestore(/data/osd.0) _do_op 0x2c55460 seq 3787 osr(2.a9 0x3176f00)/0x3176f00 start -1539>
2012-10-11 13:43:53.234429 7f4408b36700 5 filestore(/data/osd.0) _do_op 0x2c55140 seq 3788 osr(2.ae 0x3176e10)/0x3176e10 start -1538>
2012-10-11 13:43:53.241858 7f440a339700 5 throttle(filestore_ops 0x1dc5328) put 1 (0xb7c748 -> 1) -1537>
2012-10-11 13:43:53.241873 7f440a339700 5 throttle(filestore_bytes 0x1dc53a8) put 65 (0xb7c748 -> 65) -1536>
2012-10-11 13:43:53.241877 7f440a339700 5 journal put_throttle finished 1 ops and 65 bytes, now 1 ops and 65 bytes -1535>
2012-10-11 13:43:53.241871 7f4409337700 5 filestore(/data/osd.0) _journaled_ahead 0x2e76f00 seq 4261 osr(2.a4 0x24680a0) 0x311ec60 -1534>
2012-10-11 13:43:53.241886 7f4409337700 5 filestore(/data/osd.0) queue_op 0x2e76f00 seq 4261 osr(2.a4 0x24680a0) 60 bytes (queue has 476 ops and 250132 bytes) -1533>
2012-10-11 13:43:53.253449 7f440a339700 5 throttle(filestore_ops 0x1dc5328) put 1 (0xb7c748 -> 0) -1532>
2012-10-11 13:43:53.253553 7f440a339700 5 throttle(filestore_bytes 0x1dc53a8) put 65 (0xb7c748 -> 0) -1531>
2012-10-11 13:43:53.253556 7f440a339700 5 journal put_throttle finished 1 ops and 65 bytes, now 0 ops and 0 bytes -1530>
2012-10-11 13:43:53.253567 7f4409337700 5 filestore(/data/osd.0) _journaled_ahead 0x2edadc0 seq 4262 osr(2.a7 0x24681b0) 0x311eab0 -1529>
2012-10-11 13:43:53.253588 7f4409337700 5 filestore(/data/osd.0) queue_op 0x2edadc0 seq 4262 osr(2.a7 0x24681b0) 60 bytes (queue has 476 ops and 250132 bytes) -1528>
2012-10-11 13:43:53.254993 7f4408335700 5 filestore(/data/osd.0) _do_op 0x22d5c80 seq 3789 osr(2.b2 0x3176d50)/0x3176d50 start -1527>
2012-10-11 13:43:53.255091 7f4401226700 5 filestore(/data/osd.0) queue_transactions existing osr(2.a9 0x3176f00)/0x3176f00 -1526>
2012-10-11 13:43:53.255108 7f4401226700 5 throttle(filestore_ops 0x1dc5328) wait -1525>
2012-10-11 13:43:53.255112 7f4401226700 5 throttle(filestore_bytes 0x1dc53a8) wait -1524>
2012-10-11 13:43:53.255114 7f4401226700 5 filestore(/data/osd.0) queue_transactions (writeahead) 4263 0x311ecf0 -1523>
2012-10-11 13:43:53.255121 7f4401226700 5 journal submit_entry seq 4263 len 65 (0x33a7ba0) -1522>
2012-10-11 13:43:53.255124 7f4401226700 5 throttle(filestore_ops 0x1dc5328) take 1 -1521>
2012-10-11 13:43:53.255126 7f4401226700 5 throttle(filestore_bytes 0x1dc53a8) take 65 -1520>
2012-10-11 13:43:53.255865 7f4408b36700 5 filestore(/data/osd.0) _do_op 0x24ad050 seq 3790 osr(2.b8 0x2468200)/0x2468200 start -1519>
2012-10-11 13:43:53.255960 7f4401226700 5 filestore(/data/osd.0) queue_transactions existing osr(2.ae 0x3176e10)/0x3176e10 -1518>
2012-10-11 13:43:53.255976 7f4401226700 5 throttle(filestore_ops 0x1dc5328) wait -1517>
2012-10-11 13:43:53.255979 7f4401226700 5 throttle(filestore_bytes 0x1dc53a8) wait -1516>
2012-10-11 13:43:53.255980 7f4401226700 5 filestore(/data/osd.0) queue_transactions (writeahead) 4264 0x2ab11b0 -1515>
2012-10-11 13:43:53.255985 7f4401226700 5 journal submit_entry seq 4264 len 65 (0x338ed20) -1514>
2012-10-11 13:43:53.255988 7f4401226700 5 throttle(filestore_ops 0x1dc5328) take 1 -1513>
2012-10-11 13:43:53.255990 7f4401226700 5 throttle(filestore_bytes 0x1dc53a8) take 65 -1512>
2012-10-11 13:43:53.265319 7f440a339700 5 throttle(filestore_ops 0x1dc5328) put 1 (0xb7c748 -> 1) -1511>
2012-10-11 13:43:53.265364 7f440a339700 5 throttle(filestore_bytes 0x1dc53a8) put 65 (0xb7c748 -> 65) -1510>
2012-10-11 13:43:53.265369 7f440a339700 5 journal put_throttle finished 1 ops and 65 bytes, now 1 ops and 65 bytes -1509>
2012-10-11 13:43:53.265379 7f4409337700 5 filestore(/data/osd.0) _journaled_ahead 0x2edaaa0 seq 4263 osr(2.a9 0x3176f00) 0x311ecf0 -1508>
2012-10-11 13:43:53.265400 7f4409337700 5 filestore(/data/osd.0) queue_op 0x2edaaa0 seq 4263 osr(2.a9 0x3176f00) 60 bytes (queue has 476 ops and 249854 bytes) -1507>
2012-10-11 13:43:53.277342 7f440a339700 5 throttle(filestore_ops 0x1dc5328) put 1 (0xb7c748 -> 0) -1506>
2012-10-11 13:43:53.277356 7f440a339700 5 throttle(filestore_bytes 0x1dc53a8) put 65 (0xb7c748 -> 0) -1505>
2012-10-11 13:43:53.277359 7f440a339700 5 journal put_throttle finished 1 ops and 65 bytes, now 0 ops and 0 bytes -1504>
2012-10-11 13:43:53.277413 7f4409337700 5 filestore(/data/osd.0) _journaled_ahead 0x2eda910 seq 4264 osr(2.ae 0x3176e10) 0x2ab11b0 -1503>
2012-10-11 13:43:53.277428 7f4409337700 5 filestore(/data/osd.0) queue_op 0x2eda910 seq 4264 osr(2.ae 0x3176e10) 60 bytes (queue has 476 ops and 249854 bytes) -1502>
2012-10-11 13:43:53.278325 7f4408335700 5 filestore(/data/osd.0) _do_op 0x26fcdc0 seq 3791 osr(2.c1 0x24686f0)/0x24686f0 start -1501>
2012-10-11 13:43:53.278438 7f4401226700 5 filestore(/data/osd.0) queue_transactions existing osr(2.b2 0x3176d50)/0x3176d50 -1500>
2012-10-11 13:43:53.278450 7f4401226700 5 throttle(filestore_ops 0x1dc5328) wait -1499>
2012-10-11 13:43:53.278453 7f4401226700 5 throttle(filestore_bytes 0x1dc53a8) wait -1498>
2012-10-11 13:43:53.278455 7f4401226700 5 filestore(/data/osd.0) queue_transactions (writeahead) 4265 0x2e557e0 -1497>
2012-10-11 13:43:53.278461 7f4401226700 5 journal submit_entry seq 4265 len 65 (0x33a3bd0) -1496>
2012-10-11 13:43:53.278464 7f4401226700 5 throttle(filestore_ops 0x1dc5328) take 1 -1495>
2012-10-11 13:43:53.278467 7f4401226700 5 throttle(filestore_bytes 0x1dc53a8) take 65 -1494>
2012-10-11 13:43:53.279193 7f4408b36700 5 filestore(/data/osd.0) _do_op 0x259dfa0 seq 3792 osr(2.ca 0x2468bd0)/0x2468bd0 start -1493>
2012-10-11 13:43:53.279292 7f4401226700 5 filestore(/data/osd.0) queue_transactions existing osr(2.b8 0x2468200)/0x2468200 -1492>
2012-10-11 13:43:53.279303 7f4401226700 5 throttle(filestore_ops 0x1dc5328) wait -1491>
2012-10-11 13:43:53.279305 7f4401226700 5 throttle(filestore_bytes 0x1dc53a8) wait -1490>
2012-10-11 13:43:53.279307 7f4401226700 5 filestore(/data/osd.0) queue_transactions (writeahead) 4266 0x2e553f0 -1489>
2012-10-11 13:43:53.279313 7f4401226700 5 journal submit_entry seq 4266 len 65 (0x33a30c0) -1488>
2012-10-11 13:43:53.279316 7f4401226700 5 throttle(filestore_ops 0x1dc5328) take 1 -1487>
2012-10-11 13:43:53.279318 7f4401226700 5 throttle(filestore_bytes 0x1dc53a8) take 65 -1486>
2012-10-11 13:43:53.289557 7f440a339700 5 throttle(filestore_ops 0x1dc5328) put 1 (0xb7c748 -> 1) -1485>
2012-10-11 13:43:53.289572 7f440a339700 5 throttle(filestore_bytes 0x1dc53a8) put 65 (0xb7c748 -> 65) -1484>
2012-10-11 13:43:53.289574 7f440a339700 5 journal put_throttle finished 1 ops and 65 bytes, now 1 ops and 65 bytes -1483>
2012-10-11 13:43:53.289682 7f4409337700 5 filestore(/data/osd.0) _journaled_ahead 0x2e14c30 seq 4265 osr(2.b2 0x3176d50) 0x2e557e0 -1482>
2012-10-11 13:43:53.289697 7f4409337700 5 filestore(/data/osd.0) queue_op 0x2e14c30 seq 4265 osr(2.b2 0x3176d50) 60 bytes (queue has 476 ops and 249576 bytes) -1481>
2012-10-11 13:43:53.301276 7f4409337700 5 filestore(/data/osd.0) _journaled_ahead 0x2e14dc0 seq 4266 osr(2.b8 0x2468200) 0x2e553f0 -1480>
2012-10-11 13:43:53.301301 7f4409337700 5 filestore(/data/osd.0) queue_op 0x2e14dc0 seq 4266 osr(2.b8 0x2468200) 60 bytes (queue has 476 ops and 249576 bytes) -1479>
2012-10-11 13:43:53.301316 7f440a339700 5 throttle(filestore_ops 0x1dc5328) put 1 (0xb7c748 -> 0) -1478>
2012-10-11 13:43:53.301324 7f440a339700 5 throttle(filestore_bytes 0x1dc53a8) put 65 (0xb7c748 -> 0) -1477>
2012-10-11 13:43:53.301327 7f440a339700 5 journal put_throttle finished 1 ops and 65 bytes, now 0 ops and 0 bytes -1476>
2012-10-11 13:43:53.302708 7f4408335700 5 filestore(/data/osd.0) _do_op 0x1e64000 seq 3793 osr(2.ce 0x2468950)/0x2468950 start -1475>
2012-10-11 13:43:53.302761 7f4401226700 5 filestore(/data/osd.0) queue_transactions existing osr(2.c1 0x24686f0)/0x24686f0 -1474>
2012-10-11 13:43:53.302778 7f4401226700 5 throttle(filestore_ops 0x1dc5328) wait -1473>
2012-10-11 13:43:53.302781 7f4401226700 5 throttle(filestore_bytes 0x1dc53a8) wait -1472>
2012-10-11 13:43:53.302783 7f4401226700 5 filestore(/data/osd.0) queue_transactions (writeahead) 4267 0x22b96c0 -1471>
2012-10-11 13:43:53.302789 7f4401226700 5 journal submit_entry seq 4267 len 65 (0x33a3480) -1470>
2012-10-11 13:43:53.302792 7f4401226700 5 throttle(filestore_ops 0x1dc5328) take 1 -1469>
2012-10-11 13:43:53.302795 7f4401226700 5 throttle(filestore_bytes 0x1dc53a8) take 65 -1468>
2012-10-11 13:43:53.304229 7f4408b36700 5 filestore(/data/osd.0) _do_op 0x259dc30 seq 3794 osr(2.ed 0x2468f50)/0x2468f50 start -1467>
2012-10-11 13:43:53.304313 7f4401226700 5 filestore(/data/osd.0) queue_transactions existing osr(2.ca 0x2468bd0)/0x2468bd0 -1466>
2012-10-11 13:43:53.304329 7f4401226700 5 throttle(filestore_ops 0x1dc5328) wait -1465>
2012-10-11 13:43:53.304333 7f4401226700 5 throttle(filestore_bytes 0x1dc53a8) wait -1464>
2012-10-11 13:43:53.304336 7f4401226700 5 filestore(/data/osd.0) queue_transactions (writeahead) 4268 0x22b9510 -1463>
2012-10-11 13:43:53.304343 7f4401226700 5 journal submit_entry seq 4268 len 65 (0x2f58c30) -1462>
2012-10-11 13:43:53.304348 7f4401226700 5 throttle(filestore_ops 0x1dc5328) take 1 -1461>
2012-10-11 13:43:53.304351 7f4401226700 5 throttle(filestore_bytes 0x1dc53a8) take 65 -1460>
2012-10-11 13:43:53.310296 7f440a339700 5 throttle(filestore_ops 0x1dc5328) put 1 (0xb7c748 -> 1) -1459>
2012-10-11 13:43:53.310311 7f440a339700 5 throttle(filestore_bytes 0x1dc53a8) put 65 (0xb7c748 -> 65) -1458>
2012-10-11 13:43:53.310315 7f440a339700 5 journal put_throttle finished 1 ops and 65 bytes, now 1 ops and 65 bytes -1457>
2012-10-11 13:43:53.310424 7f4409337700 5 filestore(/data/osd.0) _journaled_ahead 0x2e76410 seq 4267 osr(2.c1 0x24686f0) 0x22b96c0 -1456>
2012-10-11 13:43:53.310445 7f4409337700 5 filestore(/data/osd.0) queue_op 0x2e76410 seq 4267 osr(2.c1 0x24686f0) 60 bytes (queue has 476 ops and 249298 bytes) -1455>
2012-10-11 13:43:53.318588 7f4408335700 5 filestore(/data/osd.0) _do_op 0x27b6910 seq 3795 osr(2.f8 0x25cf3f0)/0x25cf3f0 start -1454>
2012-10-11 13:43:53.318696 7f4401226700 5 filestore(/data/osd.0) queue_transactions existing osr(2.ce 0x2468950)/0x2468950 -1453>
2012-10-11 13:43:53.318708 7f4401226700 5 throttle(filestore_ops 0x1dc5328) wait -1452>
2012-10-11 13:43:53.318711 7f4401226700 5 throttle(filestore_bytes 0x1dc53a8) wait -1451>
2012-10-11 13:43:53.318712 7f4401226700 5 filestore(/data/osd.0) queue_transactions (writeahead) 4269 0x1d86bd0 -1450>
2012-10-11 13:43:53.318721 7f4401226700 5 journal submit_entry seq 4269 len 65 (0x2d19780) -1449>
2012-10-11 13:43:53.318724 7f4401226700 5 throttle(filestore_ops 0x1dc5328) take 1 -1448>
2012-10-11 13:43:53.318727 7f4401226700 5 throttle(filestore_bytes 0x1dc53a8) take 65 -1447>
2012-10-11 13:43:53.321398 7f440a339700 5 throttle(filestore_ops 0x1dc5328) put 1 (0xb7c748 -> 1) -1446>
2012-10-11 13:43:53.321412 7f440a339700 5 throttle(filestore_bytes 0x1dc53a8) put 65 (0xb7c748 -> 65) -1445>
2012-10-11 13:43:53.321416 7f440a339700 5 journal put_throttle finished 1 ops and 65 bytes, now 1 ops and 65 bytes -1444>
2012-10-11 13:43:53.321442 7f4409337700 5 filestore(/data/osd.0) _journaled_ahead 0x2e763c0 seq 4268 osr(2.ca 0x2468bd0) 0x22b9510 -1443>
2012-10-11 13:43:53.321457 7f4409337700 5 filestore(/data/osd.0) queue_op 0x2e763c0 seq 4268 osr(2.ca 0x2468bd0) 60 bytes (queue has 476 ops and 249159 bytes) -1442>
2012-10-11 13:43:53.325883 7f4408b36700 5 filestore(/data/osd.0) _do_op 0x25dbaf0 seq 3796 osr(2.fc 0x25cf330)/0x25cf330 start -1441>
2012-10-11 13:43:53.325970 7f4401226700 5 filestore(/data/osd.0) queue_transactions existing osr(2.ed 0x2468f50)/0x2468f50 -1440>
2012-10-11 13:43:53.325981 7f4401226700 5 throttle(filestore_ops 0x1dc5328) wait -1439>
2012-10-11 13:43:53.325984 7f4401226700 5 throttle(filestore_bytes 0x1dc53a8) wait -1438>
2012-10-11 13:43:53.325985 7f4401226700 5 filestore(/data/osd.0) queue_transactions (writeahead) 4270 0x2a26510 -1437>
2012-10-11 13:43:53.325993 7f4401226700 5 journal submit_entry seq 4270 len 65 (0x29228d0) -1436>
2012-10-11 13:43:53.326005 7f4401226700 5 throttle(filestore_ops 0x1dc5328) take 1 -1435>
2012-10-11 13:43:53.326007 7f4401226700 5 throttle(filestore_bytes 0x1dc53a8) take 65 -1434>
2012-10-11 13:43:53.328778 7f440a339700 5 throttle(filestore_ops 0x1dc5328) put 1 (0xb7c748 -> 1) -1433>
2012-10-11 13:43:53.328791 7f440a339700 5 throttle(filestore_bytes 0x1dc53a8) put 65 (0xb7c748 -> 65) -1432>
2012-10-11 13:43:53.328794 7f440a339700 5 journal put_throttle finished 1 ops and 65 bytes, now 1 ops and 65 bytes -1431>
2012-10-11 13:43:53.328793 7f4409337700 5 filestore(/data/osd.0) _journaled_ahead 0x2e76a00 seq 4269 osr(2.ce 0x2468950) 0x1d86bd0 -1430>
2012-10-11 13:43:53.328809 7f4409337700 5 filestore(/data/osd.0) queue_op 0x2e76a00 seq 4269 osr(2.ce 0x2468950) 60 bytes (queue has 476 ops and 249020 bytes) -1429>
2012-10-11 13:43:53.334601 7f4408335700 5 filestore(/data/osd.0) _do_op 0x27b6b90 seq 3797 osr(2.ff 0x25cf2a0)/0x25cf2a0 start -1428>
2012-10-11 13:43:53.334703 7f4401226700 5 filestore(/data/osd.0) queue_transactions existing osr(2.f8 0x25cf3f0)/0x25cf3f0 -1427>
2012-10-11 13:43:53.334720 7f4401226700 5 throttle(filestore_ops 0x1dc5328) wait -1426>
2012-10-11 13:43:53.334722 7f4401226700 5 throttle(filestore_bytes 0x1dc53a8) wait -1425>
2012-10-11 13:43:53.334724 7f4401226700 5 filestore(/data/osd.0) queue_transactions (writeahead) 4271 0x250eea0 -1424>
2012-10-11 13:43:53.334729 7f4401226700 5 journal submit_entry seq 4271 len 65 (0x28818d0) -1423>
2012-10-11 13:43:53.334732 7f4401226700 5 throttle(filestore_ops 0x1dc5328) take 1 -1422>
2012-10-11 13:43:53.334735 7f4401226700 5 throttle(filestore_bytes 0x1dc53a8) take 65 -1421>
2012-10-11 13:43:53.337584 7f440a339700 5 throttle(filestore_ops 0x1dc5328) put 1 (0xb7c748 -> 1) -1420>
2012-10-11 13:43:53.337597 7f440a339700 5 throttle(filestore_bytes 0x1dc53a8) put 65 (0xb7c748 -> 65) -1419>
2012-10-11 13:43:53.337600 7f440a339700 5 journal put_throttle finished 1 ops and 65 bytes, now 1 ops and 65 bytes -1418>
2012-10-11 13:43:53.337595 7f4409337700 5 filestore(/data/osd.0) _journaled_ahead 0x2e769b0 seq 4270 osr(2.ed 0x2468f50) 0x2a26510 -1417>
2012-10-11 13:43:53.337610 7f4409337700 5 filestore(/data/osd.0) queue_op 0x2e769b0 seq 4270 osr(2.ed 0x2468f50) 60 bytes (queue has 476 ops and 248881 bytes) -1416>
2012-10-11 13:43:53.349621 7f440a339700 5 throttle(filestore_ops 0x1dc5328) put 1 (0xb7c748 -> 0) -1415>
2012-10-11 13:43:53.349635 7f440a339700 5 throttle(filestore_bytes 0x1dc53a8) put 65 (0xb7c748 -> 0) -1414>
2012-10-11 13:43:53.349640 7f440a339700 5 journal put_throttle finished 1 ops and 65 bytes, now 0 ops and 0 bytes -1413>
2012-10-11 13:43:53.349719 7f4409337700 5 filestore(/data/osd.0) _journaled_ahead 0x2e76050 seq 4271 osr(2.f8 0x25cf3f0) 0x250eea0 -1412>
2012-10-11 13:43:53.349735 7f4409337700 5 filestore(/data/osd.0) queue_op 0x2e76050 seq 4271 osr(2.f8 0x25cf3f0) 60 bytes (queue has 476 ops and 248881 bytes) -1411>
2012-10-11 13:43:53.351134 7f4408b36700 5 filestore(/data/osd.0) _do_op 0x3418cd0 seq 3798 osr(0.9c 0x2130f00)/0x2130f00 start -1410>
2012-10-11 13:43:53.351244 7f4401226700 5 filestore(/data/osd.0) queue_transactions existing osr(2.fc 0x25cf330)/0x25cf330 -1409>
2012-10-11 13:43:53.351261 7f4401226700 5 throttle(filestore_ops 0x1dc5328) wait -1408>
2012-10-11 13:43:53.351263 7f4401226700 5 throttle(filestore_bytes 0x1dc53a8) wait -1407>
2012-10-11 13:43:53.351265 7f4401226700 5 filestore(/data/osd.0) queue_transactions (writeahead) 4272 0x250e7e0 -1406>
2012-10-11 13:43:53.351272 7f4401226700 5 journal submit_entry seq 4272 len 65 (0x27abb70) -1405>
2012-10-11 13:43:53.351275 7f4401226700 5 throttle(filestore_ops 0x1dc5328) take 1 -1404>
2012-10-11 13:43:53.351278 7f4401226700 5 throttle(filestore_bytes 0x1dc53a8) take 65 -1403>
2012-10-11 13:43:53.352038 7f4408335700 5 filestore(/data/osd.0) _do_op 0x2449910 seq 3799 osr(0.9e 0x2130ea0)/0x2130ea0 start -1402>
2012-10-11 13:43:53.352133 7f4401226700 5 filestore(/data/osd.0) queue_transactions existing osr(2.ff 0x25cf2a0)/0x25cf2a0 -1401>
2012-10-11 13:43:53.352144 7f4401226700 5 throttle(filestore_ops 0x1dc5328) wait -1400>
2012-10-11 13:43:53.352148 7f4401226700 5 throttle(filestore_bytes 0x1dc53a8) wait -1399>
2012-10-11 13:43:53.352150 7f4401226700 5 filestore(/data/osd.0) queue_transactions (writeahead) 4273 0x2f21e10 -1398>
2012-10-11 13:43:53.352154 7f4401226700 5 journal submit_entry seq 4273 len 65 (0x33f38d0) -1397>
2012-10-11 13:43:53.352157 7f4401226700 5 throttle(filestore_ops 0x1dc5328) take 1 -1396>
2012-10-11 13:43:53.352159 7f4401226700 5 throttle(filestore_bytes 0x1dc53a8) take 65 -1395>
2012-10-11 13:43:53.361334 7f440a339700 5 throttle(filestore_ops 0x1dc5328) put 1 (0xb7c748 -> 1) -1394>
2012-10-11 13:43:53.361348 7f440a339700 5 throttle(filestore_bytes 0x1dc53a8) put 65 (0xb7c748 -> 65) -1393>
2012-10-11 13:43:53.361352 7f440a339700 5 journal put_throttle finished 1 ops and 65 bytes, now 1 ops and 65 bytes -1392>
2012-10-11 13:43:53.361432 7f4409337700 5 filestore(/data/osd.0) _journaled_ahead 0x2e761e0 seq 4272 osr(2.fc 0x25cf330) 0x250e7e0 -1391>
2012-10-11 13:43:53.361452 7f4409337700 5 filestore(/data/osd.0) queue_op 0x2e761e0 seq 4272 osr(2.fc 0x25cf330) 60 bytes (queue has 476 ops and 248603 bytes) -1390>
2012-10-11 13:43:53.362864 7f4408b36700 5 filestore(/data/osd.0) _do_op 0x24495f0 seq 3800 osr(0.a0 0x24681a0)/0x24681a0 start -1389>
2012-10-11 13:43:53.362970 7f4401226700 5 filestore(/data/osd.0) queue_transactions existing osr(0.9c 0x2130f00)/0x2130f00 -1388>
2012-10-11 13:43:53.362988 7f4401226700 5 throttle(filestore_ops 0x1dc5328) wait -1387>
2012-10-11 13:43:53.362991 7f4401226700 5 throttle(filestore_bytes 0x1dc53a8) wait -1386>
2012-10-11 13:43:53.362993 7f4401226700 5 filestore(/data/osd.0) queue_transactions (writeahead) 4274 0x3250c60 -1385>
2012-10-11 13:43:53.362998 7f4401226700 5 journal submit_entry seq 4274 len 65 (0x33f3c00) -1384>
2012-10-11 13:43:53.363001 7f4401226700 5 throttle(filestore_ops 0x1dc5328) take 1 -1383>
2012-10-11 13:43:53.363004 7f4401226700 5 throttle(filestore_bytes 0x1dc53a8) take 65 -1382>
2012-10-11 13:43:53.364274 7f4408335700 5 filestore(/data/osd.0) _do_op 0x24492d0 seq 3801 osr(0.a3 0x2468110)/0x2468110 start -1381>
2012-10-11 13:43:53.364378 7f4401226700 5 filestore(/data/osd.0) queue_transactions existing osr(0.9e 0x2130ea0)/0x2130ea0 -1380>
2012-10-11 13:43:53.364396 7f4401226700 5 throttle(filestore_ops 0x1dc5328) wait -1379>
2012-10-11 13:43:53.364398 7f4401226700 5 throttle(filestore_bytes 0x1dc53a8) wait -1378>
2012-10-11 13:43:53.364400 7f4401226700 5 filestore(/data/osd.0) queue_transactions (writeahead) 4275 0x3250a20 -1377>
2012-10-11 13:43:53.364409 7f4401226700 5 journal submit_entry seq 4275 len 65 (0x341c0f0) -1376>
2012-10-11 13:43:53.364412 7f4401226700 5 throttle(filestore_ops 0x1dc5328) take 1 -1375>
2012-10-11 13:43:53.364415 7f4401226700 5 throttle(filestore_bytes 0x1dc53a8) take 65 -1374>
2012-10-11 13:43:53.368745 7f440a339700 5 throttle(filestore_ops 0x1dc5328) put 1 (0xb7c748 -> 2) -1373>
2012-10-11 13:43:53.368769 7f440a339700 5 throttle(filestore_bytes 0x1dc53a8) put 65 (0xb7c748 -> 130) -1372>
2012-10-11 13:43:53.368772 7f440a339700 5 journal put_throttle finished 1 ops and 65 bytes, now 2 ops and 130 bytes -1371>
2012-10-11 13:43:53.368782 7f4409337700 5 filestore(/data/osd.0) _journaled_ahead 0x2e760a0 seq 4273 osr(2.ff 0x25cf2a0) 0x2f21e10 -1370>
2012-10-11 13:43:53.368798 7f4409337700 5 filestore(/data/osd.0) queue_op 0x2e760a0 seq 4273 osr(2.ff 0x25cf2a0) 60 bytes (queue has 476 ops and 248325 bytes) -1369>
2012-10-11 13:43:53.385661 7f440a339700 5 throttle(filestore_ops 0x1dc5328) put 2 (0xb7c748 -> 0) -1368>
2012-10-11 13:43:53.385675 7f440a339700 5 throttle(filestore_bytes 0x1dc53a8) put 130 (0xb7c748 -> 0) -1367>
2012-10-11 13:43:53.385679 7f440a339700 5 journal put_throttle finished 2 ops and 130 bytes, now 0 ops and 0 bytes -1366>
2012-10-11 13:43:53.385768 7f4409337700 5 filestore(/data/osd.0) _journaled_ahead 0x2e76dc0 seq 4274 osr(0.9c 0x2130f00) 0x3250c60 -1365>
2012-10-11 13:43:53.385784 7f4409337700 5 filestore(/data/osd.0) queue_op 0x2e76dc0 seq 4274 osr(0.9c 0x2130f00) 60 bytes (queue has 476 ops and 248325 bytes) -1364>
2012-10-11 13:43:53.385799 7f4409337700 5 filestore(/data/osd.0) _journaled_ahead 0x2e76a50 seq 4275 osr(0.9e 0x2130ea0) 0x3250a20 -1363>
2012-10-11 13:43:53.385804 7f4409337700 5 filestore(/data/osd.0) queue_op 0x2e76a50 seq 4275 osr(0.9e 0x2130ea0) 60 bytes (queue has 476 ops and 248325 bytes) -1362>
2012-10-11 13:43:53.386639 7f4408b36700 5 filestore(/data/osd.0) _do_op 0x2449e10 seq 3802 osr(0.a4 0x24680e0)/0x24680e0 start -1361>
2012-10-11 13:43:53.386735 7f4401226700 5 filestore(/data/osd.0) queue_transactions existing osr(0.a0 0x24681a0)/0x24681a0 -1360>
2012-10-11 13:43:53.386750 7f4401226700 5 throttle(filestore_ops 0x1dc5328) wait -1359>
2012-10-11 13:43:53.386752 7f4401226700 5 throttle(filestore_bytes 0x1dc53a8) wait -1358>
2012-10-11 13:43:53.386769 7f4401226700 5 filestore(/data/osd.0) queue_transactions (writeahead) 4276 0x3250480 -1357>
2012-10-11 13:43:53.386775 7f4401226700 5 journal submit_entry seq 4276 len 65 (0x24422d0) -1356>
2012-10-11 13:43:53.386779 7f4401226700 5 throttle(filestore_ops 0x1dc5328) take 1 -1355>
2012-10-11 13:43:53.386790 7f4401226700 5 throttle(filestore_bytes 0x1dc53a8) take 65 -1354>
2012-10-11 13:43:53.388067 7f4408335700 5 filestore(/data/osd.0) _do_op 0x2449c80 seq 3803 osr(0.a6 0x2468080)/0x2468080 start -1353>
2012-10-11 13:43:53.388168 7f4401226700 5 filestore(/data/osd.0) queue_transactions existing osr(0.a3 0x2468110)/0x2468110 -1352>
2012-10-11 13:43:53.388186 7f4401226700 5 throttle(filestore_ops 0x1dc5328) wait -1351>
2012-10-11 13:43:53.388189 7f4401226700 5 throttle(filestore_bytes 0x1dc53a8) wait -1350>
2012-10-11 13:43:53.388191 7f4401226700 5 filestore(/data/osd.0) queue_transactions (writeahead) 4277 0x3039900 -1349>
2012-10-11 13:43:53.388196 7f4401226700 5 journal submit_entry seq 4277 len 65 (0x2442b70) -1348>
2012-10-11 13:43:53.388199 7f4401226700 5 throttle(filestore_ops 0x1dc5328) take 1 -1347>
2012-10-11 13:43:53.388201 7f4401226700 5 throttle(filestore_bytes 0x1dc53a8) take 65 -1346>
2012-10-11 13:43:53.397866 7f440a339700 5 throttle(filestore_ops 0x1dc5328) put 1 (0xb7c748 -> 1) -1345>
2012-10-11 13:43:53.398182 7f440a339700 5 throttle(filestore_bytes 0x1dc53a8) put 65 (0xb7c748 -> 65) -1344>
2012-10-11 13:43:53.398186 7f440a339700 5 journal put_throttle finished 1 ops and 65 bytes, now 1 ops and 65 bytes -1343>
2012-10-11 13:43:53.397947 7f4409337700 5 filestore(/data/osd.0) _journaled_ahead 0x2e768c0 seq 4276 osr(0.a0 0x24681a0) 0x3250480 -1342>
2012-10-11 13:43:53.398272 7f4409337700 5 filestore(/data/osd.0) queue_op 0x2e768c0 seq 4276 osr(0.a0 0x24681a0) 60 bytes (queue has 476 ops and 248047 bytes) -1341>
2012-10-11 13:43:53.409412 7f440a339700 5 throttle(filestore_ops 0x1dc5328) put 1 (0xb7c748 -> 0) -1340>
2012-10-11 13:43:53.409426 7f440a339700 5 throttle(filestore_bytes 0x1dc53a8) put 65 (0xb7c748 -> 0) -1339>
2012-10-11 13:43:53.409431 7f440a339700 5 journal put_throttle finished 1 ops and 65 bytes, now 0 ops and 0 bytes -1338>
2012-10-11 13:43:53.409512 7f4409337700 5 filestore(/data/osd.0) _journaled_ahead 0x2e76870 seq 4277 osr(0.a3 0x2468110) 0x3039900 -1337>
2012-10-11 13:43:53.409533 7f4409337700 5 filestore(/data/osd.0) queue_op 0x2e76870 seq 4277 osr(0.a3 0x2468110) 60 bytes (queue has 476 ops and 248047 bytes) -1336>
2012-10-11 13:43:53.410455 7f4408b36700 5 filestore(/data/osd.0) _do_op 0x24ad960 seq 3804 osr(0.a9 0x24683f0)/0x24683f0 start -1335>
2012-10-11 13:43:53.410559 7f4401226700 5 filestore(/data/osd.0) queue_transactions existing osr(0.a4 0x24680e0)/0x24680e0 -1334>
2012-10-11 13:43:53.410574 7f4401226700 5 throttle(filestore_ops 0x1dc5328) wait -1333>
2012-10-11 13:43:53.410576 7f4401226700 5 throttle(filestore_bytes 0x1dc53a8) wait -1332>
2012-10-11 13:43:53.410578 7f4401226700 5 filestore(/data/osd.0) queue_transactions (writeahead) 4278 0x2cdad80 -1331>
2012-10-11 13:43:53.410583 7f4401226700 5 journal submit_entry seq 4278 len 65 (0x2442810) -1330>
2012-10-11 13:43:53.410588 7f4401226700 5 throttle(filestore_ops 0x1dc5328) take 1 -1329>
2012-10-11 13:43:53.410591 7f4401226700 5 throttle(filestore_bytes 0x1dc53a8) take 65 -1328>
2012-10-11 13:43:53.411361 7f4408335700 5 filestore(/data/osd.0) _do_op 0x24ad4b0 seq 3805 osr(0.ab 0x2468390)/0x2468390 start -1327>
2012-10-11 13:43:53.411470 7f4401226700 5 filestore(/data/osd.0) queue_transactions existing osr(0.a6 0x2468080)/0x2468080 -1326>
2012-10-11 13:43:53.411488 7f4401226700 5 throttle(filestore_ops 0x1dc5328) wait -1325>
2012-10-11 13:43:53.411491 7f4401226700 5 throttle(filestore_bytes 0x1dc53a8) wait -1324>
2012-10-11 13:43:53.411493 7f4401226700 5 filestore(/data/osd.0) queue_transactions (writeahead) 4279 0x2e55a20 -1323>
2012-10-11 13:43:53.411498 7f4401226700 5 journal submit_entry seq 4279 len 65 (0x2442cf0) -1322>
2012-10-11 13:43:53.411501 7f4401226700 5 throttle(filestore_ops 0x1dc5328) take 1 -1321>
2012-10-11 13:43:53.411503 7f4401226700 5 throttle(filestore_bytes 0x1dc53a8) take 65 -1320>
2012-10-11 13:43:53.421493 7f440a339700 5 throttle(filestore_ops 0x1dc5328) put 1 (0xb7c748 -> 1) -1319>
2012-10-11 13:43:53.421641 7f440a339700 5 throttle(filestore_bytes 0x1dc53a8) put 65 (0xb7c748 -> 65) -1318>
2012-10-11 13:43:53.421645 7f440a339700 5 journal put_throttle finished 1 ops and 65 bytes, now 1 ops and 65 bytes -1317>
2012-10-11 13:43:53.421656 7f4409337700 5 filestore(/data/osd.0) _journaled_ahead 0x2e76550 seq 4278 osr(0.a4 0x24680e0) 0x2cdad80 -1316>
2012-10-11 13:43:53.421672 7f4409337700 5 filestore(/data/osd.0) queue_op 0x2e76550 seq 4278 osr(0.a4 0x24680e0) 60 bytes (queue has 476 ops and 247769 bytes) -1315>
2012-10-11 13:43:53.426117 7f4408b36700 5 filestore(/data/osd.0) _do_op 0x24ad190 seq 3806 osr(0.b0 0x24682a0)/0x24682a0 start -1314>
2012-10-11 13:43:53.426226 7f4401226700 5 filestore(/data/osd.0) queue_transactions existing osr(0.a9 0x24683f0)/0x24683f0 -1313>
2012-10-11 13:43:53.426250 7f4401226700 5 throttle(filestore_ops 0x1dc5328) wait -1312>
2012-10-11 13:43:53.426253 7f4401226700 5 throttle(filestore_bytes 0x1dc53a8) wait -1311>
2012-10-11 13:43:53.426256 7f4401226700 5 filestore(/data/osd.0) queue_transactions (writeahead) 4280 0x2e55d80 -1310>
2012-10-11 13:43:53.426261 7f4401226700 5 journal submit_entry seq 4280 len 65 (0x2496540) -1309>
2012-10-11 13:43:53.426265 7f4401226700 5 throttle(filestore_ops 0x1dc5328) take 1 -1308>
2012-10-11 13:43:53.426277 7f4401226700 5 throttle(filestore_bytes 0x1dc53a8) take 65 -1307>
2012-10-11 13:43:53.426984 7f4408335700 5 filestore(/data/osd.0) _do_op 0x25139b0 seq 3807 osr(0.b4 0x24685e0)/0x24685e0 start -1306>
2012-10-11 13:43:53.427080 7f4401226700 5 filestore(/data/osd.0) queue_transactions existing osr(0.ab 0x2468390)/0x2468390 -1305>
2012-10-11 13:43:53.427096 7f4401226700 5 throttle(filestore_ops 0x1dc5328) wait -1304>
2012-10-11 13:43:53.427098 7f4401226700 5 throttle(filestore_bytes 0x1dc53a8) wait -1303>
2012-10-11 13:43:53.427100 7f4401226700 5 filestore(/data/osd.0) queue_transactions (writeahead) 4281 0x31cb6c0 -1302>
