2012-10-11 13:43:50.741967 7f4402a29700 5 throttle(filestore_bytes 0x1dc53a8) take 969 -8241>
2012-10-11 13:43:50.741996 7f4402a29700 5 filestore(/data/osd.0) queue_transactions existing osr(2.d1 0x2468630)/0x2468630 -8240>
2012-10-11 13:43:50.737241 7f440532f700 1 -- 149.165.228.10:6802/338 <== osd.2 149.165.228.10:6808/1657 538 ==== osd pg remove(epoch 7; pg2.1b; ) v1 ==== 25+0+0 (3540353107 0 0) 0x20b0a80 con 0x2fe2280 -8239>
2012-10-11 13:43:50.742022 7f440532f700 5 --OSD::tracker-- reqid: unknown.0.0:0, seq: 1443, time:
2012-10-11 13:43:50.034411, event: header_read, request: osd pg remove(epoch 7; pg2.1b; ) v1 -8238>
2012-10-11 13:43:50.742013 7f4402a29700 5 throttle(filestore_ops 0x1dc5328) wait -8237>
2012-10-11 13:43:50.742041 7f4402a29700 5 throttle(filestore_bytes 0x1dc53a8) wait -8236>
2012-10-11 13:43:50.742048 7f4402a29700 5 filestore(/data/osd.0) queue_transactions (writeahead) 4057 0x26fdea0 -8235>
2012-10-11 13:43:50.742065 7f4402a29700 5 journal submit_entry seq 4057 len 969 (0x26c1390) -8234>
2012-10-11 13:43:50.742054 7f440532f700 5 --OSD::tracker-- reqid: unknown.0.0:0, seq: 1443, time:
2012-10-11 13:43:50.034422, event: throttled, request: osd pg remove(epoch 7; pg2.1b; ) v1 -8233>
2012-10-11 13:43:50.742080 7f440532f700 5 --OSD::tracker-- reqid: unknown.0.0:0, seq: 1443, time:
2012-10-11 13:43:50.034430, event: all_read, request: osd pg remove(epoch 7; pg2.1b; ) v1 -8232>
2012-10-11 13:43:50.742088 7f4402a29700 5 throttle(filestore_ops 0x1dc5328) take 1 -8231>
2012-10-11 13:43:50.742098 7f4402a29700 5 throttle(filestore_bytes 0x1dc53a8) take 969 -8230>
2012-10-11 13:43:50.742137 7f4402a29700 5 filestore(/data/osd.0) queue_transactions existing osr(2.d6 0x25cf1e0)/0x25cf1e0 -8229>
2012-10-11 13:43:50.742103 7f440532f700 5 --OSD::tracker-- reqid: unknown.0.0:0, seq: 1443, time:
2012-10-11 13:43:50.742020, event: dispatched, request: osd pg remove(epoch 7; pg2.1b; ) v1 -8228>
2012-10-11 13:43:50.742155 7f440532f700 5 --OSD::tracker-- reqid: unknown.0.0:0, seq: 1443, time:
2012-10-11 13:43:50.742155, event: waiting_for_osdmap, request: osd pg remove(epoch 7; pg2.1b; ) v1 -8227>
2012-10-11 13:43:50.742168 7f440532f700 5 --OSD::tracker-- reqid: unknown.0.0:0, seq: 1443, time:
2012-10-11 13:43:50.742168, event: started, request: osd pg remove(epoch 7; pg2.1b; ) v1 -8226>
2012-10-11 13:43:50.742179 7f440532f700 5 osd.0 8 queue_pg_for_deletion: 2.1b -8225>
2012-10-11 13:43:50.742199 7f440532f700 5 filestore(/data/osd.0) queue_transactions existing osr(2.1b 0x1d71880)/0x1d71880 -8224>
2012-10-11 13:43:50.742206 7f4402a29700 5 throttle(filestore_ops 0x1dc5328) wait -8223>
2012-10-11 13:43:50.742217 7f4402a29700 5 throttle(filestore_bytes 0x1dc53a8) wait -8222>
2012-10-11 13:43:50.742224 7f4402a29700 5 filestore(/data/osd.0) queue_transactions (writeahead) 4058 0x26fd000 -8221>
2012-10-11 13:43:50.742233 7f4402a29700 5 journal submit_entry seq 4058 len 969 (0x26c11e0) -8220>
2012-10-11 13:43:50.742239 7f440532f700 5 throttle(filestore_ops 0x1dc5328) wait -8219>
2012-10-11 13:43:50.742250 7f440532f700 5 throttle(filestore_bytes 0x1dc53a8) wait -8218>
2012-10-11 13:43:50.742255 7f4402a29700 5 throttle(filestore_ops 0x1dc5328) take 1 -8217>
2012-10-11 13:43:50.742267 7f4402a29700 5 throttle(filestore_bytes 0x1dc53a8) take 969 -8216>
2012-10-11 13:43:50.742302 7f4402a29700 5 filestore(/data/osd.0) queue_transactions existing osr(0.8 0x1d71410)/0x1d71410 -8215>
2012-10-11 13:43:50.742310 7f440532f700 5 filestore(/data/osd.0) queue_transactions (writeahead) 4059 0x31cb000 -8214>
2012-10-11 13:43:50.742323 7f440532f700 5 journal submit_entry seq 4059 len 205 (0x1f50f00) -8213>
2012-10-11 13:43:50.742331 7f440532f700 5 throttle(filestore_ops 0x1dc5328) take 1 -8212>
2012-10-11 13:43:50.742338 7f440532f700 5 throttle(filestore_bytes 0x1dc53a8) take 205 -8211>
2012-10-11 13:43:50.744666 7f440532f700 5 --OSD::tracker-- reqid: unknown.0.0:0, seq: 1443, time:
2012-10-11 13:43:50.744666, event: done, request: osd pg remove(epoch 7; pg2.1b; ) v1 -8210>
2012-10-11 13:43:50.744682 7f4402a29700 5 throttle(filestore_ops 0x1dc5328) wait -8209>
2012-10-11 13:43:50.745025 7f4402a29700 5 throttle(filestore_bytes 0x1dc53a8) wait -8208>
2012-10-11 13:43:50.745036 7f4402a29700 5 filestore(/data/osd.0) queue_transactions (writeahead) 4060 0x26fd120 -8207>
2012-10-11 13:43:50.745048 7f4402a29700 5 journal submit_entry seq 4060 len 963 (0x26c1720) -8206>
2012-10-11 13:43:50.745069 7f4402a29700 5 throttle(filestore_ops 0x1dc5328) take 1 -8205>
2012-10-11 13:43:50.745420 7f4402a29700 5 throttle(filestore_bytes 0x1dc53a8) take 963 -8204>
2012-10-11 13:43:50.745061 7f440532f700 5 throttle(msgr_dispatch_throttler-cluster 0x1d9b088) put 25 (0xb7c748 -> 111409) -8203>
2012-10-11 13:43:50.745441 7f440532f700 1 -- 149.165.228.10:6802/338 <== osd.1 149.165.228.10:6805/1098 883 ==== pg_info(1 pgs e6:1.d8) v3 ==== 471+0+0 (678647658 0 0) 0x31d1380 con 0x2fe2140 -8202>
2012-10-11 13:43:50.745508 7f440532f700 5 --OSD::tracker-- reqid: unknown.0.0:0, seq: 1444, time:
2012-10-11 13:43:48.981977, event: header_read, request: pg_info(1 pgs e6:1.d8) v3 -8201>
2012-10-11 13:43:50.745522 7f440532f700 5 --OSD::tracker-- reqid: unknown.0.0:0, seq: 1444, time:
2012-10-11 13:43:48.981981, event: throttled, request: pg_info(1 pgs e6:1.d8) v3 -8200>
2012-10-11 13:43:50.745532 7f440532f700 5 --OSD::tracker-- reqid: unknown.0.0:0, seq: 1444, time:
2012-10-11 13:43:48.981990, event: all_read, request: pg_info(1 pgs e6:1.d8) v3 -8199>
2012-10-11 13:43:50.745542 7f440532f700 5 --OSD::tracker-- reqid: unknown.0.0:0, seq: 1444, time:
2012-10-11 13:43:50.745506, event: dispatched, request: pg_info(1 pgs e6:1.d8) v3 -8198>
2012-10-11 13:43:50.745553 7f440532f700 5 --OSD::tracker-- reqid: unknown.0.0:0, seq: 1444, time:
2012-10-11 13:43:50.745553, event: waiting_for_osdmap, request: pg_info(1 pgs e6:1.d8) v3 -8197>
2012-10-11 13:43:50.745495 7f4402a29700 5 filestore(/data/osd.0) queue_transactions existing osr(0.e8 0x2468c20)/0x2468c20 -8196>
2012-10-11 13:43:50.745571 7f4402a29700 5 throttle(filestore_ops 0x1dc5328) wait -8195>
2012-10-11 13:43:50.745587 7f4402a29700 5 throttle(filestore_bytes 0x1dc53a8) wait -8194>
2012-10-11 13:43:50.745594 7f4402a29700 5 filestore(/data/osd.0) queue_transactions (writeahead) 4061 0x26fdf30 -8193>
2012-10-11 13:43:50.745577 7f440532f700 5 --OSD::tracker-- reqid: unknown.0.0:0, seq: 1444, time:
2012-10-11 13:43:50.745577, event: started, request: pg_info(1 pgs e6:1.d8) v3 -8192>
2012-10-11 13:43:50.745619 7f440532f700 5 --OSD::tracker-- reqid: unknown.0.0:0, seq: 1444, time:
2012-10-11 13:43:50.745619, event: done, request: pg_info(1 pgs e6:1.d8) v3 -8191>
2012-10-11 13:43:50.745630 7f4402a29700 5 journal submit_entry seq 4061 len 969 (0x26c1db0) -8190>
2012-10-11 13:43:50.745642 7f4402a29700 5 throttle(filestore_ops 0x1dc5328) take 1 -8189>
2012-10-11 13:43:50.745649 7f4402a29700 5 throttle(filestore_bytes 0x1dc53a8) take 969 -8188>
2012-10-11 13:43:50.745661 7f440532f700 5 throttle(msgr_dispatch_throttler-cluster 0x1d9b088) put 471 (0xb7c748 -> 110938) -8187>
2012-10-11 13:43:50.745706 7f440532f700 1 -- 149.165.228.10:6802/338 <== osd.2 149.165.228.10:6808/1657 539 ==== osd pg remove(epoch 7; pg2.1e; ) v1 ==== 25+0+0 (3139731225 0 0) 0x28d11c0 con 0x2fe2280 -8186>
2012-10-11 13:43:50.745723 7f440532f700 5 --OSD::tracker-- reqid: unknown.0.0:0, seq: 1445, time:
2012-10-11 13:43:50.037714, event: header_read, request: osd pg remove(epoch 7; pg2.1e; ) v1 -8185>
2012-10-11 13:43:50.745735 7f440532f700 5 --OSD::tracker-- reqid: unknown.0.0:0, seq: 1445, time:
2012-10-11 13:43:50.037722, event: throttled, request: osd pg remove(epoch 7; pg2.1e; ) v1 -8184>
2012-10-11 13:43:50.745695 7f4402a29700 5 filestore(/data/osd.0) queue_transactions existing osr(0.ee 0x2468f00)/0x2468f00 -8183>
2012-10-11 13:43:50.745753 7f4402a29700 5 throttle(filestore_ops 0x1dc5328) wait -8182>
2012-10-11 13:43:50.745769 7f4402a29700 5 throttle(filestore_bytes 0x1dc53a8) wait -8181>
2012-10-11 13:43:50.745758 7f440532f700 5 --OSD::tracker-- reqid: unknown.0.0:0, seq: 1445, time:
2012-10-11 13:43:50.037728, event: all_read, request: osd pg remove(epoch 7; pg2.1e; ) v1 -8180>
2012-10-11 13:43:50.745786 7f440532f700 5 --OSD::tracker-- reqid: unknown.0.0:0, seq: 1445, time:
2012-10-11 13:43:50.745721, event: dispatched, request: osd pg remove(epoch 7; pg2.1e; ) v1 -8179>
2012-10-11 13:43:50.745779 7f4402a29700 5 filestore(/data/osd.0) queue_transactions (writeahead) 4062 0x26fd2d0 -8178>
2012-10-11 13:43:50.745805 7f4402a29700 5 journal submit_entry seq 4062 len 969 (0x27d2960) -8177>
2012-10-11 13:43:50.745821 7f4402a29700 5 throttle(filestore_ops 0x1dc5328) take 1 -8176>
2012-10-11 13:43:50.745811 7f440532f700 5 --OSD::tracker-- reqid: unknown.0.0:0, seq: 1445, time:
2012-10-11 13:43:50.745811, event: waiting_for_osdmap, request: osd pg remove(epoch 7; pg2.1e; ) v1 -8175>
2012-10-11 13:43:50.745837 7f440532f700 5 --OSD::tracker-- reqid: unknown.0.0:0, seq: 1445, time:
2012-10-11 13:43:50.745837, event: started, request: osd pg remove(epoch 7; pg2.1e; ) v1 -8174>
2012-10-11 13:43:50.745845 7f4402a29700 5 throttle(filestore_bytes 0x1dc53a8) take 969 -8173>
2012-10-11 13:43:50.745886 7f4402a29700 5 filestore(/data/osd.0) queue_transactions existing osr(0.f0 0x2468ea0)/0x2468ea0 -8172>
2012-10-11 13:43:50.745894 7f440532f700 5 osd.0 8 queue_pg_for_deletion: 2.1e -8171>
2012-10-11 13:43:50.745921 7f440532f700 5 filestore(/data/osd.0) queue_transactions existing osr(2.1e 0x1d71780)/0x1d71780 -8170>
2012-10-11 13:43:50.745930 7f440532f700 5 throttle(filestore_ops 0x1dc5328) wait -8169>
2012-10-11 13:43:50.745937 7f440532f700 5 throttle(filestore_bytes 0x1dc53a8) wait -8168>
2012-10-11 13:43:50.745948 7f440532f700 5 filestore(/data/osd.0) queue_transactions (writeahead) 4063 0x31cb3f0 -8167>
2012-10-11 13:43:50.745942 7f4402a29700 5 throttle(filestore_ops 0x1dc5328) wait -8166>
2012-10-11 13:43:50.745962 7f4402a29700 5 throttle(filestore_bytes 0x1dc53a8) wait -8165>
2012-10-11 13:43:50.745967 7f440532f700 5 journal submit_entry seq 4063 len 205 (0x210bcc0) -8164>
2012-10-11 13:43:50.745981 7f440532f700 5 throttle(filestore_ops 0x1dc5328) take 1 -8163>
2012-10-11 13:43:50.745987 7f440532f700 5 throttle(filestore_bytes 0x1dc53a8) take 205 -8162>
2012-10-11 13:43:50.746011 7f440532f700 5 --OSD::tracker-- reqid: unknown.0.0:0, seq: 1445, time:
2012-10-11 13:43:50.746011, event: done, request: osd pg remove(epoch 7; pg2.1e; ) v1 -8161>
2012-10-11 13:43:50.746022 7f4402a29700 5 filestore(/data/osd.0) queue_transactions (writeahead) 4064 0x26fde10 -8160>
2012-10-11 13:43:50.746037 7f4402a29700 5 journal submit_entry seq 4064 len 969 (0x2827bd0) -8159>
2012-10-11 13:43:50.746045 7f4402a29700 5 throttle(filestore_ops 0x1dc5328) take 1 -8158>
2012-10-11 13:43:50.746052 7f4402a29700 5 throttle(filestore_bytes 0x1dc53a8) take 969 -8157>
2012-10-11 13:43:50.746087 7f4402a29700 5 filestore(/data/osd.0) queue_transactions existing osr(0.f2 0x2468e40)/0x2468e40 -8156>
2012-10-11 13:43:50.746099 7f440532f700 5 throttle(msgr_dispatch_throttler-cluster 0x1d9b088) put 25 (0xb7c748 -> 110913) -8155>
2012-10-11 13:43:50.746112 7f440532f700 1 -- 149.165.228.10:6802/338 <== osd.1 149.165.228.10:6805/1098 884 ==== pg_info(1 pgs e6:0.d9) v3 ==== 471+0+0 (3584303480 0 0) 0x31d11c0 con 0x2fe2140 -8154>
2012-10-11 13:43:50.746134 7f440532f700 5 --OSD::tracker-- reqid: unknown.0.0:0, seq: 1446, time:
2012-10-11 13:43:48.981995, event: header_read, request: pg_info(1 pgs e6:0.d9) v3 -8153>
2012-10-11 13:43:50.746127 7f4402a29700 5 throttle(filestore_ops 0x1dc5328) wait -8152>
2012-10-11 13:43:50.746151 7f4402a29700 5 throttle(filestore_bytes 0x1dc53a8) wait -8151>
2012-10-11 13:43:50.746158 7f4402a29700 5 filestore(/data/osd.0) queue_transactions (writeahead) 4065 0x26fd090 -8150>
2012-10-11 13:43:50.746175 7f4402a29700 5 journal submit_entry seq 4065 len 969 (0x28810c0) -8149>
2012-10-11 13:43:50.746164 7f440532f700 5 --OSD::tracker-- reqid: unknown.0.0:0, seq: 1446, time:
2012-10-11 13:43:48.981998, event: throttled, request: pg_info(1 pgs e6:0.d9) v3 -8148>
2012-10-11 13:43:50.746190 7f440532f700 5 --OSD::tracker-- reqid: unknown.0.0:0, seq: 1446, time:
2012-10-11 13:43:48.982006, event: all_read, request: pg_info(1 pgs e6:0.d9) v3 -8147>
2012-10-11 13:43:50.746198 7f4402a29700 5 throttle(filestore_ops 0x1dc5328) take 1 -8146>
2012-10-11 13:43:50.746209 7f4402a29700 5 throttle(filestore_bytes 0x1dc53a8) take 969 -8145>
2012-10-11 13:43:50.746249 7f4402a29700 5 filestore(/data/osd.0) queue_transactions existing osr(0.f3 0x2468e10)/0x2468e10 -8144>
2012-10-11 13:43:50.746214 7f440532f700 5 --OSD::tracker-- reqid: unknown.0.0:0, seq: 1446, time:
2012-10-11 13:43:50.746132, event: dispatched, request: pg_info(1 pgs e6:0.d9) v3 -8143>
2012-10-11 13:43:50.746268 7f440532f700 5 --OSD::tracker-- reqid: unknown.0.0:0, seq: 1446, time:
2012-10-11 13:43:50.746268, event: waiting_for_osdmap, request: pg_info(1 pgs e6:0.d9) v3 -8142>
2012-10-11 13:43:50.746281 7f440532f700 5 --OSD::tracker-- reqid: unknown.0.0:0, seq: 1446, time:
2012-10-11 13:43:50.746281, event: started, request: pg_info(1 pgs e6:0.d9) v3 -8141>
2012-10-11 13:43:50.746300 7f440532f700 5 --OSD::tracker-- reqid: unknown.0.0:0, seq: 1446, time:
2012-10-11 13:43:50.746300, event: done, request: pg_info(1 pgs e6:0.d9) v3 -8140>
2012-10-11 13:43:50.746309 7f4402a29700 5 throttle(filestore_ops 0x1dc5328) wait -8139>
2012-10-11 13:43:50.746320 7f4402a29700 5 throttle(filestore_bytes 0x1dc53a8) wait -8138>
2012-10-11 13:43:50.746337 7f4402a29700 5 filestore(/data/osd.0) queue_transactions (writeahead) 4066 0x26fdcf0 -8137>
2012-10-11 13:43:50.746347 7f4402a29700 5 journal submit_entry seq 4066 len 969 (0x2f0e2a0) -8136>
2012-10-11 13:43:50.746330 7f440532f700 5 throttle(msgr_dispatch_throttler-cluster 0x1d9b088) put 471 (0xb7c748 -> 110442) -8135>
2012-10-11 13:43:50.746362 7f440532f700 1 -- 149.165.228.10:6802/338 <== osd.2 149.165.228.10:6808/1657 540 ==== osd pg remove(epoch 7; pg2.1f; ) v1 ==== 25+0+0 (4061659710 0 0) 0x20b0c40 con 0x2fe2280 -8134>
2012-10-11 13:43:50.746375 7f4402a29700 5 throttle(filestore_ops 0x1dc5328) take 1 -8133>
2012-10-11 13:43:50.746385 7f4402a29700 5 throttle(filestore_bytes 0x1dc53a8) take 969 -8132>
2012-10-11 13:43:50.746394 7f440532f700 5 --OSD::tracker-- reqid: unknown.0.0:0, seq: 1447, time:
2012-10-11 13:43:50.037766, event: header_read, request: osd pg remove(epoch 7; pg2.1f; ) v1 -8131>
2012-10-11 13:43:50.746440 7f440532f700 5 --OSD::tracker-- reqid: unknown.0.0:0, seq: 1447, time:
2012-10-11 13:43:50.037771, event: throttled, request: osd pg remove(epoch 7; pg2.1f; ) v1 -8130>
2012-10-11 13:43:50.746452 7f440532f700 5 --OSD::tracker-- reqid: unknown.0.0:0, seq: 1447, time:
2012-10-11 13:43:50.037776, event: all_read, request: osd pg remove(epoch 7; pg2.1f; ) v1 -8129>
2012-10-11 13:43:50.746463 7f440532f700 5 --OSD::tracker-- reqid: unknown.0.0:0, seq: 1447, time:
2012-10-11 13:43:50.746392, event: dispatched, request: osd pg remove(epoch 7; pg2.1f; ) v1 -8128>
2012-10-11 13:43:50.746430 7f4402a29700 5 filestore(/data/osd.0) queue_transactions existing osr(0.f5 0x27a11b0)/0x27a11b0 -8127>
2012-10-11 13:43:50.746487 7f4402a29700 5 throttle(filestore_ops 0x1dc5328) wait -8126>
2012-10-11 13:43:50.746476 7f440532f700 5 --OSD::tracker-- reqid: unknown.0.0:0, seq: 1447, time:
2012-10-11 13:43:50.746476, event: waiting_for_osdmap, request: osd pg remove(epoch 7; pg2.1f; ) v1 -8125>
2012-10-11 13:43:50.746504 7f440532f700 5 --OSD::tracker-- reqid: unknown.0.0:0, seq: 1447, time:
2012-10-11 13:43:50.746504, event: started, request: osd pg remove(epoch 7; pg2.1f; ) v1 -8124>
2012-10-11 13:43:50.746495 7f4402a29700 5 throttle(filestore_bytes 0x1dc53a8) wait -8123>
2012-10-11 13:43:50.746520 7f4402a29700 5 filestore(/data/osd.0) queue_transactions (writeahead) 4067 0x31cb360 -8122>
2012-10-11 13:43:50.746528 7f440532f700 5 osd.0 8 queue_pg_for_deletion: 2.1f -8121>
2012-10-11 13:43:50.746554 7f440532f700 5 filestore(/data/osd.0) queue_transactions existing osr(2.1f 0x31764f0)/0x31764f0 -8120>
2012-10-11 13:43:50.746535 7f4402a29700 5 journal submit_entry seq 4067 len 969 (0x2e13ed0) -8119>
2012-10-11 13:43:50.746569 7f4402a29700 5 throttle(filestore_ops 0x1dc5328) take 1 -8118>
2012-10-11 13:43:50.746576 7f4402a29700 5 throttle(filestore_bytes 0x1dc53a8) take 969 -8117>
2012-10-11 13:43:50.746608 7f4402a29700 5 filestore(/data/osd.0) queue_transactions existing osr(0.f9 0x27a10f0)/0x27a10f0 -8116>
2012-10-11 13:43:50.746617 7f440532f700 5 throttle(filestore_ops 0x1dc5328) wait -8115>
2012-10-11 13:43:50.746628 7f440532f700 5 throttle(filestore_bytes 0x1dc53a8) wait -8114>
2012-10-11 13:43:50.746635 7f440532f700 5 filestore(/data/osd.0) queue_transactions (writeahead) 4068 0x31cb2d0 -8113>
2012-10-11 13:43:50.746643 7f440532f700 5 journal submit_entry seq 4068 len 205 (0x1f469c0) -8112>
2012-10-11 13:43:50.746651 7f440532f700 5 throttle(filestore_ops 0x1dc5328) take 1 -8111>
2012-10-11 13:43:50.746659 7f440532f700 5 throttle(filestore_bytes 0x1dc53a8) take 205 -8110>
2012-10-11 13:43:50.746665 7f4402a29700 5 throttle(filestore_ops 0x1dc5328) wait -8109>
2012-10-11 13:43:50.746677 7f4402a29700 5 throttle(filestore_bytes 0x1dc53a8) wait -8108>
2012-10-11 13:43:50.746704 7f440532f700 5 --OSD::tracker-- reqid: unknown.0.0:0, seq: 1447, time:
2012-10-11 13:43:50.746704, event: done, request: osd pg remove(epoch 7; pg2.1f; ) v1 -8107>
2012-10-11 13:43:50.746715 7f4402a29700 5 filestore(/data/osd.0) queue_transactions (writeahead) 4069 0x31cb870 -8106>
2012-10-11 13:43:50.746728 7f4402a29700 5 journal submit_entry seq 4069 len 969 (0x30a1810) -8105>
2012-10-11 13:43:50.746737 7f4402a29700 5 throttle(filestore_ops 0x1dc5328) take 1 -8104>
2012-10-11 13:43:50.746743 7f4402a29700 5 throttle(filestore_bytes 0x1dc53a8) take 969 -8103>
2012-10-11 13:43:50.746754 7f440532f700 5 throttle(msgr_dispatch_throttler-cluster 0x1d9b088) put 25 (0xb7c748 -> 110417) -8102>
2012-10-11 13:43:50.746796 7f440532f700 1 -- 149.165.228.10:6802/338 <== osd.1 149.165.228.10:6805/1098 885 ==== pg_info(1 pgs e6:2.da) v3 ==== 471+0+0 (3641783217 0 0) 0x31d1000 con 0x2fe2140 -8101>
2012-10-11 13:43:50.746814 7f440532f700 5 --OSD::tracker-- reqid: unknown.0.0:0, seq: 1448, time:
2012-10-11 13:43:48.982010, event: header_read, request: pg_info(1 pgs e6:2.da) v3 -8100>
2012-10-11 13:43:50.746786 7f4402a29700 5 filestore(/data/osd.0) queue_transactions existing osr(0.fb 0x27a1090)/0x27a1090 -8099>
2012-10-11 13:43:50.746839 7f4402a29700 5 throttle(filestore_ops 0x1dc5328) wait -8098>
2012-10-11 13:43:50.746829 7f440532f700 5 --OSD::tracker-- reqid: unknown.0.0:0, seq: 1448, time:
2012-10-11 13:43:48.982013, event: throttled, request: pg_info(1 pgs e6:2.da) v3 -8097>
2012-10-11 13:43:50.746857 7f440532f700 5 --OSD::tracker-- reqid: unknown.0.0:0, seq: 1448, time:
2012-10-11 13:43:48.982021, event: all_read, request: pg_info(1 pgs e6:2.da) v3 -8096>
2012-10-11 13:43:50.746850 7f4402a29700 5 throttle(filestore_bytes 0x1dc53a8) wait -8095>
2012-10-11 13:43:50.746873 7f4402a29700 5 filestore(/data/osd.0) queue_transactions (writeahead) 4070 0x31cbcf0 -8094>
2012-10-11 13:43:50.746890 7f4402a29700 5 journal submit_entry seq 4070 len 969 (0x1e86bd0) -8093>
2012-10-11 13:43:50.746878 7f440532f700 5 --OSD::tracker-- reqid: unknown.0.0:0, seq: 1448, time:
2012-10-11 13:43:50.746812, event: dispatched, request: pg_info(1 pgs e6:2.da) v3 -8092>
2012-10-11 13:43:50.746904 7f4402a29700 5 throttle(filestore_ops 0x1dc5328) take 1 -8091>
2012-10-11 13:43:50.746918 7f4402a29700 5 throttle(filestore_bytes 0x1dc53a8) take 969 -8090>
2012-10-11 13:43:50.746909 7f440532f700 5 --OSD::tracker-- reqid: unknown.0.0:0, seq: 1448, time:
2012-10-11 13:43:50.746909, event: waiting_for_osdmap, request: pg_info(1 pgs e6:2.da) v3 -8089>
2012-10-11 13:43:50.746959 7f4402a29700 5 filestore(/data/osd.0) queue_transactions existing osr(0.fc 0x27a1060)/0x27a1060 -8088>
2012-10-11 13:43:50.746968 7f440532f700 5 --OSD::tracker-- reqid: unknown.0.0:0, seq: 1448, time:
2012-10-11 13:43:50.746968, event: started, request: pg_info(1 pgs e6:2.da) v3 -8087>
2012-10-11 13:43:50.746993 7f440532f700 5 --OSD::tracker-- reqid: unknown.0.0:0, seq: 1448, time:
2012-10-11 13:43:50.746993, event: done, request: pg_info(1 pgs e6:2.da) v3 -8086>
2012-10-11 13:43:50.747007 7f440532f700 5 throttle(msgr_dispatch_throttler-cluster 0x1d9b088) put 471 (0xb7c748 -> 109946) -8085>
2012-10-11 13:43:50.747020 7f440532f700 1 -- 149.165.228.10:6802/338 <== osd.2 149.165.228.10:6808/1657 541 ==== osd pg remove(epoch 7; pg2.26; ) v1 ==== 25+0+0 (1885935598 0 0) 0x28d1700 con 0x2fe2280 -8084>
2012-10-11 13:43:50.747013 7f4402a29700 5 throttle(filestore_ops 0x1dc5328) wait -8083>
2012-10-11 13:43:50.747041 7f4402a29700 5 throttle(filestore_bytes 0x1dc53a8) wait -8082>
2012-10-11 13:43:50.747048 7f4402a29700 5 filestore(/data/osd.0) queue_transactions (writeahead) 4071 0x31cb750 -8081>
2012-10-11 13:43:50.747067 7f4402a29700 5 journal submit_entry seq 4071 len 969 (0x1eed420) -8080>
2012-10-11 13:43:50.747055 7f440532f700 5 --OSD::tracker-- reqid: unknown.0.0:0, seq: 1449, time:
2012-10-11 13:43:50.042150, event: header_read, request: osd pg remove(epoch 7; pg2.26; ) v1 -8079>
2012-10-11 13:43:50.747083 7f4402a29700 5 throttle(filestore_ops 0x1dc5328) take 1 -8078>
2012-10-11 13:43:50.747097 7f4402a29700 5 throttle(filestore_bytes 0x1dc53a8) take 969 -8077>
2012-10-11 13:43:50.747088 7f440532f700 5 --OSD::tracker-- reqid: unknown.0.0:0, seq: 1449, time:
2012-10-11 13:43:50.042165, event: throttled, request: osd pg remove(epoch 7; pg2.26; ) v1 -8076>
2012-10-11 13:43:50.747138 7f4402a29700 5 filestore(/data/osd.0) queue_transactions existing osr(1.e7 0x2e38c50)/0x2e38c50 -8075>
2012-10-11 13:43:50.747146 7f440532f700 5 --OSD::tracker-- reqid: unknown.0.0:0, seq: 1449, time:
2012-10-11 13:43:50.042174, event: all_read, request: osd pg remove(epoch 7; pg2.26; ) v1 -8074>
2012-10-11 13:43:50.747162 7f440532f700 5 --OSD::tracker-- reqid: unknown.0.0:0, seq: 1449, time:
2012-10-11 13:43:50.747053, event: dispatched, request: osd pg remove(epoch 7; pg2.26; ) v1 -8073>
2012-10-11 13:43:50.747173 7f440532f700 5 --OSD::tracker-- reqid: unknown.0.0:0, seq: 1449, time:
2012-10-11 13:43:50.747173, event: waiting_for_osdmap, request: osd pg remove(epoch 7; pg2.26; ) v1 -8072>
2012-10-11 13:43:50.747185 7f440532f700 5 --OSD::tracker-- reqid: unknown.0.0:0, seq: 1449, time:
2012-10-11 13:43:50.747185, event: started, request: osd pg remove(epoch 7; pg2.26; ) v1 -8071>
2012-10-11 13:43:50.747196 7f440532f700 5 osd.0 8 queue_pg_for_deletion: 2.26 -8070>
2012-10-11 13:43:50.747202 7f4402a29700 5 throttle(filestore_ops 0x1dc5328) wait -8069>
2012-10-11 13:43:50.747226 7f440532f700 5 filestore(/data/osd.0) queue_transactions existing osr(2.26 0x1d71a10)/0x1d71a10 -8068>
2012-10-11 13:43:50.747231 7f4402a29700 5 throttle(filestore_bytes 0x1dc53a8) wait -8067>
2012-10-11 13:43:50.747242 7f4402a29700 5 filestore(/data/osd.0) queue_transactions (writeahead) 4072 0x31cb480 -8066>
2012-10-11 13:43:50.747252 7f4402a29700 5 journal submit_entry seq 4072 len 969 (0x1eedc90) -8065>
2012-10-11 13:43:50.747260 7f4402a29700 5 throttle(filestore_ops 0x1dc5328) take 1 -8064>
2012-10-11 13:43:50.747270 7f4402a29700 5 throttle(filestore_bytes 0x1dc53a8) take 969 -8063>
2012-10-11 13:43:50.747274 7f440532f700 5 throttle(filestore_ops 0x1dc5328) wait -8062>
2012-10-11 13:43:50.747314 7f4402a29700 5 filestore(/data/osd.0) queue_transactions existing osr(1.ed 0x2e38f30)/0x2e38f30 -8061>
2012-10-11 13:43:50.747321 7f440532f700 5 throttle(filestore_bytes 0x1dc53a8) wait -8060>
2012-10-11 13:43:50.747333 7f440532f700 5 filestore(/data/osd.0) queue_transactions (writeahead) 4073 0x31cbf30 -8059>
2012-10-11 13:43:50.747341 7f440532f700 5 journal submit_entry seq 4073 len 205 (0x1feeab0) -8058>
2012-10-11 13:43:50.747350 7f440532f700 5 throttle(filestore_ops 0x1dc5328) take 1 -8057>
2012-10-11 13:43:50.747357 7f440532f700 5 throttle(filestore_bytes 0x1dc53a8) take 205 -8056>
2012-10-11 13:43:50.747378 7f440532f700 5 --OSD::tracker-- reqid: unknown.0.0:0, seq: 1449, time:
2012-10-11 13:43:50.747378, event: done, request: osd pg remove(epoch 7; pg2.26; ) v1 -8055>
2012-10-11 13:43:50.747390 7f4402a29700 5 throttle(filestore_ops 0x1dc5328) wait -8054>
2012-10-11 13:43:50.747401 7f4402a29700 5 throttle(filestore_bytes 0x1dc53a8) wait -8053>
2012-10-11 13:43:50.747408 7f4402a29700 5 filestore(/data/osd.0) queue_transactions (writeahead) 4074 0x31cb510 -8052>
2012-10-11 13:43:50.747419 7f440532f700 5 throttle(msgr_dispatch_throttler-cluster 0x1d9b088) put 25 (0xb7c748 -> 109921) -8051>
2012-10-11 13:43:50.747427 7f4402a29700 5 journal submit_entry seq 4074 len 969 (0x33abf90) -8050>
2012-10-11 13:43:50.747439 7f4402a29700 5 throttle(filestore_ops 0x1dc5328) take 1 -8049>
2012-10-11 13:43:50.747459 7f4402a29700 5 throttle(filestore_bytes 0x1dc53a8) take 969 -8048>
2012-10-11 13:43:50.747498 7f4402a29700 5 filestore(/data/osd.0) queue_transactions existing osr(1.ef 0x2e38ed0)/0x2e38ed0 -8047>
2012-10-11 13:43:50.747444 7f440532f700 1 -- 149.165.228.10:6802/338 <== osd.1 149.165.228.10:6805/1098 886 ==== pg_info(1 pgs e6:2.d5) v3 ==== 471+0+0 (255920550 0 0) 0x2a27e00 con 0x2fe2140 -8046>
2012-10-11 13:43:50.747517 7f440532f700 5 --OSD::tracker-- reqid: unknown.0.0:0, seq: 1450, time:
2012-10-11 13:43:48.982025, event: header_read, request: pg_info(1 pgs e6:2.d5) v3 -8045>
2012-10-11 13:43:50.747530 7f440532f700 5 --OSD::tracker-- reqid: unknown.0.0:0, seq: 1450, time:
2012-10-11 13:43:48.982029, event: throttled, request: pg_info(1 pgs e6:2.d5) v3 -8044>
2012-10-11 13:43:50.747548 7f440532f700 5 --OSD::tracker-- reqid: unknown.0.0:0, seq: 1450, time:
2012-10-11 13:43:48.982056, event: all_read, request: pg_info(1 pgs e6:2.d5) v3 -8043>
2012-10-11 13:43:50.747558 7f440532f700 5 --OSD::tracker-- reqid: unknown.0.0:0, seq: 1450, time:
2012-10-11 13:43:50.747515, event: dispatched, request: pg_info(1 pgs e6:2.d5) v3 -8042>
2012-10-11 13:43:50.747567 7f4402a29700 5 throttle(filestore_ops 0x1dc5328) wait -8041>
2012-10-11 13:43:50.747578 7f4402a29700 5 throttle(filestore_bytes 0x1dc53a8) wait -8040>
2012-10-11 13:43:50.747593 7f4402a29700 5 filestore(/data/osd.0) queue_transactions (writeahead) 4075 0x308f900 -8039>
2012-10-11 13:43:50.747583 7f440532f700 5 --OSD::tracker-- reqid: unknown.0.0:0, seq: 1450, time:
2012-10-11 13:43:50.747583, event: waiting_for_osdmap, request: pg_info(1 pgs e6:2.d5) v3 -8038>
2012-10-11 13:43:50.747615 7f440532f700 5 --OSD::tracker-- reqid: unknown.0.0:0, seq: 1450, time:
2012-10-11 13:43:50.747615, event: started, request: pg_info(1 pgs e6:2.d5) v3 -8037>
2012-10-11 13:43:50.747606 7f4402a29700 5 journal submit_entry seq 4075 len 969 (0x33a7bd0) -8036>
2012-10-11 13:43:50.747632 7f4402a29700 5 throttle(filestore_ops 0x1dc5328) take 1 -8035>
2012-10-11 13:43:50.747655 7f4402a29700 5 throttle(filestore_bytes 0x1dc53a8) take 969 -8034>
2012-10-11 13:43:50.747690 7f4402a29700 5 filestore(/data/osd.0) queue_transactions existing osr(1.f1 0x2e38e70)/0x2e38e70 -8033>
2012-10-11 13:43:50.747646 7f440532f700 5 --OSD::tracker-- reqid: unknown.0.0:0, seq: 1450, time:
2012-10-11 13:43:50.747646, event: done, request: pg_info(1 pgs e6:2.d5) v3 -8032>
2012-10-11 13:43:50.747710 7f440532f700 5 throttle(msgr_dispatch_throttler-cluster 0x1d9b088) put 471 (0xb7c748 -> 109450) -8031>
2012-10-11 13:43:50.747719 7f440532f700 1 -- 149.165.228.10:6802/338 <== osd.2 149.165.228.10:6808/1657 542 ==== osd pg remove(epoch 7; pg2.32; ) v1 ==== 25+0+0 (3573718071 0 0) 0x30098c0 con 0x2fe2280 -8030>
2012-10-11 13:43:50.747736 7f440532f700 5 --OSD::tracker-- reqid: unknown.0.0:0, seq: 1451, time:
2012-10-11 13:43:50.043923, event: header_read, request: osd pg remove(epoch 7; pg2.32; ) v1 -8029>
2012-10-11 13:43:50.747746 7f4402a29700 5 throttle(filestore_ops 0x1dc5328) wait -8028>
2012-10-11 13:43:50.747757 7f4402a29700 5 throttle(filestore_bytes 0x1dc53a8) wait -8027>
2012-10-11 13:43:50.747771 7f4402a29700 5 filestore(/data/osd.0) queue_transactions (writeahead) 4076 0x1f95ab0 -8026>
2012-10-11 13:43:50.747762 7f440532f700 5 --OSD::tracker-- reqid: unknown.0.0:0, seq: 1451, time:
2012-10-11 13:43:50.043933, event: throttled, request: osd pg remove(epoch 7; pg2.32; ) v1 -8025>
2012-10-11 13:43:50.747791 7f440532f700 5 --OSD::tracker-- reqid: unknown.0.0:0, seq: 1451, time:
2012-10-11 13:43:50.043939, event: all_read, request: osd pg remove(epoch 7; pg2.32; ) v1 -8024>
2012-10-11 13:43:50.747783 7f4402a29700 5 journal submit_entry seq 4076 len 969 (0x33a3a50) -8023>
2012-10-11 13:43:50.747808 7f4402a29700 5 throttle(filestore_ops 0x1dc5328) take 1 -8022>
2012-10-11 13:43:50.747822 7f4402a29700 5 throttle(filestore_bytes 0x1dc53a8) take 969 -8021>
2012-10-11 13:43:50.747813 7f440532f700 5 --OSD::tracker-- reqid: unknown.0.0:0, seq: 1451, time:
2012-10-11 13:43:50.747734, event: dispatched, request: osd pg remove(epoch 7; pg2.32; ) v1 -8020>
2012-10-11 13:43:50.747869 7f440532f700 5 --OSD::tracker-- reqid: unknown.0.0:0, seq: 1451, time:
2012-10-11 13:43:50.747869, event: waiting_for_osdmap, request: osd pg remove(epoch 7; pg2.32; ) v1 -8019>
2012-10-11 13:43:50.747883 7f440532f700 5 --OSD::tracker-- reqid: unknown.0.0:0, seq: 1451, time:
2012-10-11 13:43:50.747883, event: started, request: osd pg remove(epoch 7; pg2.32; ) v1 -8018>
2012-10-11 13:43:50.747894 7f440532f700 5 osd.0 8 queue_pg_for_deletion: 2.32 -8017>
2012-10-11 13:43:50.747914 7f440532f700 5 filestore(/data/osd.0) queue_transactions existing osr(2.32 0x1d71b40)/0x1d71b40 -8016>
2012-10-11 13:43:50.747859 7f4402a29700 5 filestore(/data/osd.0) queue_transactions existing osr(1.f2 0x2e38e40)/0x2e38e40 -8015>
2012-10-11 13:43:50.747930 7f4402a29700 5 throttle(filestore_ops 0x1dc5328) wait -8014>
2012-10-11 13:43:50.747937 7f4402a29700 5 throttle(filestore_bytes 0x1dc53a8) wait -8013>
2012-10-11 13:43:50.747948 7f4402a29700 5 filestore(/data/osd.0) queue_transactions (writeahead) 4077 0x1f95f30 -8012>
2012-10-11 13:43:50.747942 7f440532f700 5 throttle(filestore_ops 0x1dc5328) wait -8011>
2012-10-11 13:43:50.747962 7f440532f700 5 throttle(filestore_bytes 0x1dc53a8) wait -8010>
2012-10-11 13:43:50.747968 7f4402a29700 5 journal submit_entry seq 4077 len 969 (0x33a33c0) -8009>
2012-10-11 13:43:50.747981 7f4402a29700 5 throttle(filestore_ops 0x1dc5328) take 1 -8008>
2012-10-11 13:43:50.747988 7f4402a29700 5 throttle(filestore_bytes 0x1dc53a8) take 969 -8007>
2012-10-11 13:43:50.748024 7f4402a29700 5 filestore(/data/osd.0) queue_transactions existing osr(1.f8 0x3176120)/0x3176120 -8006>
2012-10-11 13:43:50.748032 7f440532f700 5 filestore(/data/osd.0) queue_transactions (writeahead) 4078 0x31cb7e0 -8005>
2012-10-11 13:43:50.748045 7f440532f700 5 journal submit_entry seq 4078 len 205 (0x1fa8de0) -8004>
2012-10-11 13:43:50.748053 7f440532f700 5 throttle(filestore_ops 0x1dc5328) take 1 -8003>
2012-10-11 13:43:50.748060 7f440532f700 5 throttle(filestore_bytes 0x1dc53a8) take 205 -8002>
2012-10-11 13:43:50.748090 7f440532f700 5 --OSD::tracker-- reqid: unknown.0.0:0, seq: 1451, time:
2012-10-11 13:43:50.748090, event: done, request: osd pg remove(epoch 7; pg2.32; ) v1 -8001>
2012-10-11 13:43:50.748103 7f4402a29700 5 throttle(filestore_ops 0x1dc5328) wait -8000>
2012-10-11 13:43:50.748114 7f4402a29700 5 throttle(filestore_bytes 0x1dc53a8) wait -7999>
2012-10-11 13:43:50.748130 7f4402a29700 5 filestore(/data/osd.0) queue_transactions (writeahead) 4079 0x1f95480 -7998>
2012-10-11 13:43:50.748123 7f440532f700 5 throttle(msgr_dispatch_throttler-cluster 0x1d9b088) put 25 (0xb7c748 -> 109425) -7997>
2012-10-11 13:43:50.748150 7f440532f700 1 -- 149.165.228.10:6802/338 <== osd.1 149.165.228.10:6805/1098 887 ==== pg_info(1 pgs e6:1.d6) v3 ==== 471+0+0 (1798569575 0 0) 0x2a27c40 con 0x2fe2140 -7996>
2012-10-11 13:43:50.748142 7f4402a29700 5 journal submit_entry seq 4079 len 969 (0x30a17e0) -7995>
2012-10-11 13:43:50.748171 7f4402a29700 5 throttle(filestore_ops 0x1dc5328) take 1 -7994>
2012-10-11 13:43:50.748178 7f4402a29700 5 throttle(filestore_bytes 0x1dc53a8) take 969 -7993>
2012-10-11 13:43:50.748222 7f4402a29700 5 filestore(/data/osd.0) queue_transactions existing osr(1.fa 0x31760c0)/0x31760c0 -7992>
2012-10-11 13:43:50.748184 7f440532f700 5 --OSD::tracker-- reqid: unknown.0.0:0, seq: 1452, time:
2012-10-11 13:43:48.982061, event: header_read, request: pg_info(1 pgs e6:1.d6) v3 -7991>
2012-10-11 13:43:50.748239 7f440532f700 5 --OSD::tracker-- reqid: unknown.0.0:0, seq: 1452, time:
2012-10-11 13:43:48.982067, event: throttled, request: pg_info(1 pgs e6:1.d6) v3 -7990>
2012-10-11 13:43:50.748251 7f440532f700 5 --OSD::tracker-- reqid: unknown.0.0:0, seq: 1452, time:
2012-10-11 13:43:48.982089, event: all_read, request: pg_info(1 pgs e6:1.d6) v3 -7989>
2012-10-11 13:43:50.748261 7f440532f700 5 --OSD::tracker-- reqid: unknown.0.0:0, seq: 1452, time:
2012-10-11 13:43:50.748183, event: dispatched, request: pg_info(1 pgs e6:1.d6) v3 -7988>
2012-10-11 13:43:50.748272 7f440532f700 5 --OSD::tracker-- reqid: unknown.0.0:0, seq: 1452, time:
2012-10-11 13:43:50.748272, event: waiting_for_osdmap, request: pg_info(1 pgs e6:1.d6) v3 -7987>
2012-10-11 13:43:50.748288 7f440532f700 5 --OSD::tracker-- reqid: unknown.0.0:0, seq: 1452, time:
2012-10-11 13:43:50.748288, event: started, request: pg_info(1 pgs e6:1.d6) v3 -7986>
2012-10-11 13:43:50.748280 7f4402a29700 5 throttle(filestore_ops 0x1dc5328) wait -7985>
2012-10-11 13:43:50.748304 7f4402a29700 5 throttle(filestore_bytes 0x1dc53a8) wait -7984>
2012-10-11 13:43:50.748312 7f4402a29700 5 filestore(/data/osd.0) queue_transactions (writeahead) 4080 0x1f95360 -7983>
2012-10-11 13:43:50.748338 7f4402a29700 5 journal submit_entry seq 4080 len 969 (0x30568d0) -7982>
2012-10-11 13:43:50.748347 7f4402a29700 5 throttle(filestore_ops 0x1dc5328) take 1 -7981>
2012-10-11 13:43:50.748326 7f440532f700 5 --OSD::tracker-- reqid: unknown.0.0:0, seq: 1452, time:
2012-10-11 13:43:50.748326, event: done, request: pg_info(1 pgs e6:1.d6) v3 -7980>
2012-10-11 13:43:50.748698 7f440532f700 5 throttle(msgr_dispatch_throttler-cluster 0x1d9b088) put 471 (0xb7c748 -> 108954) -7979>
2012-10-11 13:43:50.748678 7f4402a29700 5 throttle(filestore_bytes 0x1dc53a8) take 969 -7978>
2012-10-11 13:43:50.748745 7f4402a29700 5 filestore(/data/osd.0) queue_transactions existing osr(1.fb 0x3176090)/0x3176090 -7977>
2012-10-11 13:43:50.748754 7f440532f700 1 -- 149.165.228.10:6802/338 <== osd.2 149.165.228.10:6808/1657 543 ==== osd pg remove(epoch 7; pg2.3f; ) v1 ==== 25+0+0 (4279789479 0 0) 0x24af000 con 0x2fe2280 -7976>
2012-10-11 13:43:50.748777 7f440532f700 5 --OSD::tracker-- reqid: unknown.0.0:0, seq: 1453, time:
2012-10-11 13:43:50.043981, event: header_read, request: osd pg remove(epoch 7; pg2.3f; ) v1 -7975>
2012-10-11 13:43:50.748789 7f440532f700 5 --OSD::tracker-- reqid: unknown.0.0:0, seq: 1453, time:
2012-10-11 13:43:50.043989, event: throttled, request: osd pg remove(epoch 7; pg2.3f; ) v1 -7974>
2012-10-11 13:43:50.748800 7f440532f700 5 --OSD::tracker-- reqid: unknown.0.0:0, seq: 1453, time:
2012-10-11 13:43:50.043994, event: all_read, request: osd pg remove(epoch 7; pg2.3f; ) v1 -7973>
2012-10-11 13:43:50.748809 7f4402a29700 5 throttle(filestore_ops 0x1dc5328) wait -7972>
2012-10-11 13:43:50.748827 7f4402a29700 5 throttle(filestore_bytes 0x1dc53a8) wait -7971>
2012-10-11 13:43:50.748818 7f440532f700 5 --OSD::tracker-- reqid: unknown.0.0:0, seq: 1453, time:
2012-10-11 13:43:50.748775, event: dispatched, request: osd pg remove(epoch 7; pg2.3f; ) v1 -7970>
2012-10-11 13:43:50.748844 7f440532f700 5 --OSD::tracker-- reqid: unknown.0.0:0, seq: 1453, time:
2012-10-11 13:43:50.748844, event: waiting_for_osdmap, request: osd pg remove(epoch 7; pg2.3f; ) v1 -7969>
2012-10-11 13:43:50.748836 7f4402a29700 5 filestore(/data/osd.0) queue_transactions (writeahead) 4081 0x1f951b0 -7968>
2012-10-11 13:43:50.748863 7f4402a29700 5 journal submit_entry seq 4081 len 969 (0x2faf090) -7967>
2012-10-11 13:43:50.748880 7f4402a29700 5 throttle(filestore_ops 0x1dc5328) take 1 -7966>
2012-10-11 13:43:50.748870 7f440532f700 5 --OSD::tracker-- reqid: unknown.0.0:0, seq: 1453, time:
2012-10-11 13:43:50.748870, event: started, request: osd pg remove(epoch 7; pg2.3f; ) v1 -7965>
2012-10-11 13:43:50.748897 7f440532f700 5 osd.0 8 queue_pg_for_deletion: 2.3f -7964>
2012-10-11 13:43:50.748890 7f4402a29700 5 throttle(filestore_bytes 0x1dc53a8) take 969 -7963>
2012-10-11 13:43:50.748938 7f4402a29700 5 filestore(/data/osd.0) queue_transactions existing osr(2.e6 0x2468a70)/0x2468a70 -7962>
2012-10-11 13:43:50.748959 7f440532f700 5 filestore(/data/osd.0) queue_transactions existing osr(2.3f 0x3176750)/0x3176750 -7961>
2012-10-11 13:43:50.748972 7f440532f700 5 throttle(filestore_ops 0x1dc5328) wait -7960>
2012-10-11 13:43:50.748979 7f440532f700 5 throttle(filestore_bytes 0x1dc53a8) wait -7959>
2012-10-11 13:43:50.748986 7f440532f700 5 filestore(/data/osd.0) queue_transactions (writeahead) 4082 0x31cba20 -7958>
2012-10-11 13:43:50.748995 7f440532f700 5 journal submit_entry seq 4082 len 205 (0x320bc60) -7957>
2012-10-11 13:43:50.749001 7f4402a29700 5 throttle(filestore_ops 0x1dc5328) wait -7956>
2012-10-11 13:43:50.749014 7f4402a29700 5 throttle(filestore_bytes 0x1dc53a8) wait -7955>
2012-10-11 13:43:50.749018 7f440532f700 5 throttle(filestore_ops 0x1dc5328) take 1 -7954>
2012-10-11 13:43:50.749030 7f440532f700 5 throttle(filestore_bytes 0x1dc53a8) take 205 -7953>
2012-10-11 13:43:50.749058 7f440532f700 5 --OSD::tracker-- reqid: unknown.0.0:0, seq: 1453, time:
2012-10-11 13:43:50.749058, event: done, request: osd pg remove(epoch 7; pg2.3f; ) v1 -7952>
2012-10-11 13:43:50.749069 7f4402a29700 5 filestore(/data/osd.0) queue_transactions (writeahead) 4083 0x1f95cf0 -7951>
2012-10-11 13:43:50.749084 7f4402a29700 5 journal submit_entry seq 4083 len 969 (0x2b5d540) -7950>
2012-10-11 13:43:50.749092 7f4402a29700 5 throttle(filestore_ops 0x1dc5328) take 1 -7949>
2012-10-11 13:43:50.749099 7f4402a29700 5 throttle(filestore_bytes 0x1dc53a8) take 969 -7948>
2012-10-11 13:43:50.749133 7f4402a29700 5 filestore(/data/osd.0) queue_transactions existing osr(2.ec 0x2468ee0)/0x2468ee0 -7947>
2012-10-11 13:43:50.749144 7f440532f700 5 throttle(msgr_dispatch_throttler-cluster 0x1d9b088) put 25 (0xb7c748 -> 108929) -7946>
2012-10-11 13:43:50.749157 7f440532f700 1 -- 149.165.228.10:6802/338 <== osd.1 149.165.228.10:6805/1098 888 ==== pg_info(1 pgs e6:0.d7) v3 ==== 471+0+0 (1270785823 0 0) 0x2a27a80 con 0x2fe2140 -7945>
2012-10-11 13:43:50.749172 7f4402a29700 5 throttle(filestore_ops 0x1dc5328) wait -7944>
2012-10-11 13:43:50.749193 7f4402a29700 5 throttle(filestore_bytes 0x1dc53a8) wait -7943>
2012-10-11 13:43:50.749200 7f4402a29700 5 filestore(/data/osd.0) queue_transactions (writeahead) 4084 0x1f95240 -7942>
2012-10-11 13:43:50.749182 7f440532f700 5 --OSD::tracker-- reqid: unknown.0.0:0, seq: 1454, time:
2012-10-11 13:43:48.982094, event: header_read, request: pg_info(1 pgs e6:0.d7) v3 -7941>
2012-10-11 13:43:50.749214 7f440532f700 5 --OSD::tracker-- reqid: unknown.0.0:0, seq: 1454, time:
2012-10-11 13:43:48.982098, event: throttled, request: pg_info(1 pgs e6:0.d7) v3 -7940>
2012-10-11 13:43:50.749223 7f4402a29700 5 journal submit_entry seq 4084 len 969 (0x2719390) -7939>
2012-10-11 13:43:50.749236 7f4402a29700 5 throttle(filestore_ops 0x1dc5328) take 1 -7938>
2012-10-11 13:43:50.749241 7f440532f700 5 --OSD::tracker-- reqid: unknown.0.0:0, seq: 1454, time:
2012-10-11 13:43:48.982106, event: all_read, request: pg_info(1 pgs e6:0.d7) v3 -7937>
2012-10-11 13:43:50.749281 7f440532f700 5 --OSD::tracker-- reqid: unknown.0.0:0, seq: 1454, time:
2012-10-11 13:43:50.749180, event: dispatched, request: pg_info(1 pgs e6:0.d7) v3 -7936>
2012-10-11 13:43:50.749294 7f4402a29700 5 throttle(filestore_bytes 0x1dc53a8) take 969 -7935>
2012-10-11 13:43:50.749335 7f4402a29700 5 filestore(/data/osd.0) queue_transactions existing osr(2.6 0x1d712d0)/0x1d712d0 -7934>
2012-10-11 13:43:50.749344 7f440532f700 5 --OSD::tracker-- reqid: unknown.0.0:0, seq: 1454, time:
2012-10-11 13:43:50.749344, event: waiting_for_osdmap, request: pg_info(1 pgs e6:0.d7) v3 -7933>
2012-10-11 13:43:50.749361 7f440532f700 5 --OSD::tracker-- reqid: unknown.0.0:0, seq: 1454, time:
2012-10-11 13:43:50.749361, event: started, request: pg_info(1 pgs e6:0.d7) v3 -7932>
2012-10-11 13:43:50.749381 7f440532f700 5 --OSD::tracker-- reqid: unknown.0.0:0, seq: 1454, time:
2012-10-11 13:43:50.749381, event: done, request: pg_info(1 pgs e6:0.d7) v3 -7931>
2012-10-11 13:43:50.749401 7f440532f700 5 throttle(msgr_dispatch_throttler-cluster 0x1d9b088) put 471 (0xb7c748 -> 108458) -7930>
2012-10-11 13:43:50.749391 7f4402a29700 5 throttle(filestore_ops 0x1dc5328) wait -7929>
2012-10-11 13:43:50.749414 7f4402a29700 5 throttle(filestore_bytes 0x1dc53a8) wait -7928>
2012-10-11 13:43:50.749422 7f4402a29700 5 filestore(/data/osd.0) queue_transactions (writeahead) 4085 0x1f95630 -7927>
2012-10-11 13:43:50.749446 7f4402a29700 5 journal submit_entry seq 4085 len 963 (0x2881f00) -7926>
2012-10-11 13:43:50.749454 7f4402a29700 5 throttle(filestore_ops 0x1dc5328) take 1 -7925>
2012-10-11 13:43:50.749429 7f440532f700 1 -- 149.165.228.10:6802/338 <== osd.2 149.165.228.10:6808/1657 544 ==== osd pg remove(epoch 7; pg2.43; ) v1 ==== 25+0+0 (256394767 0 0) 0x311ca80 con 0x2fe2280 -7924>
2012-10-11 13:43:50.749469 7f440532f700 5 --OSD::tracker-- reqid: unknown.0.0:0, seq: 1455, time:
2012-10-11 13:43:50.044033, event: header_read, request: osd pg remove(epoch 7; pg2.43; ) v1 -7923>
2012-10-11 13:43:50.749477 7f4402a29700 5 throttle(filestore_bytes 0x1dc53a8) take 963 -7922>
2012-10-11 13:43:50.749767 7f440532f700 5 --OSD::tracker-- reqid: unknown.0.0:0, seq: 1455, time:
2012-10-11 13:43:50.044040, event: throttled, request: osd pg remove(epoch 7; pg2.43; ) v1 -7921>
2012-10-11 13:43:50.749785 7f440532f700 5 --OSD::tracker-- reqid: unknown.0.0:0, seq: 1455, time:
2012-10-11 13:43:50.044047, event: all_read, request: osd pg remove(epoch 7; pg2.43; ) v1 -7920>
2012-10-11 13:43:50.749796 7f440532f700 5 --OSD::tracker-- reqid: unknown.0.0:0, seq: 1455, time:
2012-10-11 13:43:50.749467, event: dispatched, request: osd pg remove(epoch 7; pg2.43; ) v1 -7919>
2012-10-11 13:43:50.749520 7f4402a29700 5 filestore(/data/osd.0) queue_transactions existing osr(2.ee 0x2468fd0)/0x2468fd0 -7918>
2012-10-11 13:43:50.749823 7f4402a29700 5 throttle(filestore_ops 0x1dc5328) wait -7917>
2012-10-11 13:43:50.749811 7f440532f700 5 --OSD::tracker-- reqid: unknown.0.0:0, seq: 1455, time:
2012-10-11 13:43:50.749811, event: waiting_for_osdmap, request: osd pg remove(epoch 7; pg2.43; ) v1 -7916>
2012-10-11 13:43:50.749842 7f440532f700 5 --OSD::tracker-- reqid: unknown.0.0:0, seq: 1455, time:
2012-10-11 13:43:50.749842, event: started, request: osd pg remove(epoch 7; pg2.43; ) v1 -7915>
2012-10-11 13:43:50.749833 7f4402a29700 5 throttle(filestore_bytes 0x1dc53a8) wait -7914>
2012-10-11 13:43:50.749858 7f4402a29700 5 filestore(/data/osd.0) queue_transactions (writeahead) 4086 0x1f95ea0 -7913>
2012-10-11 13:43:50.749868 7f4402a29700 5 journal submit_entry seq 4086 len 969 (0x216eab0) -7912>
2012-10-11 13:43:50.749874 7f440532f700 5 osd.0 8 queue_pg_for_deletion: 2.43 -7911>
2012-10-11 13:43:50.749899 7f440532f700 5 filestore(/data/osd.0) queue_transactions existing osr(2.43 0x1d71ce0)/0x1d71ce0 -7910>
2012-10-11 13:43:50.749906 7f4402a29700 5 throttle(filestore_ops 0x1dc5328) take 1 -7909>
2012-10-11 13:43:50.749917 7f4402a29700 5 throttle(filestore_bytes 0x1dc53a8) take 969 -7908>
2012-10-11 13:43:50.749953 7f4402a29700 5 filestore(/data/osd.0) queue_transactions existing osr(2.f0 0x2468c00)/0x2468c00 -7907>
2012-10-11 13:43:50.749962 7f440532f700 5 throttle(filestore_ops 0x1dc5328) wait -7906>
2012-10-11 13:43:50.749973 7f440532f700 5 throttle(filestore_bytes 0x1dc53a8) wait -7905>
2012-10-11 13:43:50.749980 7f440532f700 5 filestore(/data/osd.0) queue_transactions (writeahead) 4087 0x2062d80 -7904>
2012-10-11 13:43:50.749989 7f440532f700 5 journal submit_entry seq 4087 len 205 (0x325b060) -7903>
2012-10-11 13:43:50.749997 7f440532f700 5 throttle(filestore_ops 0x1dc5328) take 1 -7902>
2012-10-11 13:43:50.750004 7f440532f700 5 throttle(filestore_bytes 0x1dc53a8) take 205 -7901>
2012-10-11 13:43:50.750012 7f4402a29700 5 throttle(filestore_ops 0x1dc5328) wait -7900>
2012-10-11 13:43:50.750021 7f4402a29700 5 throttle(filestore_bytes 0x1dc53a8) wait -7899>
2012-10-11 13:43:50.750047 7f440532f700 5 --OSD::tracker-- reqid: unknown.0.0:0, seq: 1455, time:
2012-10-11 13:43:50.750047, event: done, request: osd pg remove(epoch 7; pg2.43; ) v1 -7898>
2012-10-11 13:43:50.750058 7f4402a29700 5 filestore(/data/osd.0) queue_transactions (writeahead) 4088 0x1f95000 -7897>
2012-10-11 13:43:50.750072 7f4402a29700 5 journal submit_entry seq 4088 len 969 (0x325b9f0) -7896>
2012-10-11 13:43:50.750080 7f4402a29700 5 throttle(filestore_ops 0x1dc5328) take 1 -7895>
2012-10-11 13:43:50.750087 7f4402a29700 5 throttle(filestore_bytes 0x1dc53a8) take 969 -7894>
2012-10-11 13:43:50.750131 7f4402a29700 5 filestore(/data/osd.0) queue_transactions existing osr(2.f3 0x2468cd0)/0x2468cd0 -7893>
2012-10-11 13:43:50.750096 7f440532f700 5 throttle(msgr_dispatch_throttler-cluster 0x1d9b088) put 25 (0xb7c748 -> 108433) -7892>
2012-10-11 13:43:50.750149 7f440532f700 1 -- 149.165.228.10:6802/338 <== osd.1 149.165.228.10:6805/1098 889 ==== pg_info(1 pgs e6:2.d7) v3 ==== 471+0+0 (972993957 0 0) 0x2a278c0 con 0x2fe2140 -7891>
2012-10-11 13:43:50.750167 7f440532f700 5 --OSD::tracker-- reqid: unknown.0.0:0, seq: 1456, time:
2012-10-11 13:43:48.982111, event: header_read, request: pg_info(1 pgs e6:2.d7) v3 -7890>
2012-10-11 13:43:50.750178 7f440532f700 5 --OSD::tracker-- reqid: unknown.0.0:0, seq: 1456, time:
2012-10-11 13:43:48.982114, event: throttled, request: pg_info(1 pgs e6:2.d7) v3 -7889>
2012-10-11 13:43:50.750187 7f4402a29700 5 throttle(filestore_ops 0x1dc5328) wait -7888>
2012-10-11 13:43:50.750198 7f440532f700 5 --OSD::tracker-- reqid: unknown.0.0:0, seq: 1456, time:
2012-10-11 13:43:48.982123, event: all_read, request: pg_info(1 pgs e6:2.d7) v3 -7887>
2012-10-11 13:43:50.750205 7f4402a29700 5 throttle(filestore_bytes 0x1dc53a8) wait -7886>
2012-10-11 13:43:50.750218 7f4402a29700 5 filestore(/data/osd.0) queue_transactions (writeahead) 4089 0x1f956c0 -7885>
2012-10-11 13:43:50.750235 7f4402a29700 5 journal submit_entry seq 4089 len 969 (0x3235930) -7884>
2012-10-11 13:43:50.750224 7f440532f700 5 --OSD::tracker-- reqid: unknown.0.0:0, seq: 1456, time:
2012-10-11 13:43:50.750164, event: dispatched, request: pg_info(1 pgs e6:2.d7) v3 -7883>
2012-10-11 13:43:50.750249 7f440532f700 5 --OSD::tracker-- reqid: unknown.0.0:0, seq: 1456, time:
2012-10-11 13:43:50.750249, event: waiting_for_osdmap, request: pg_info(1 pgs e6:2.d7) v3 -7882>
2012-10-11 13:43:50.750257 7f4402a29700 5 throttle(filestore_ops 0x1dc5328) take 1 -7881>
2012-10-11 13:43:50.750268 7f4402a29700 5 throttle(filestore_bytes 0x1dc53a8) take 969 -7880>
2012-10-11 13:43:50.750311 7f4402a29700 5 filestore(/data/osd.0) queue_transactions existing osr(2.f1 0x2468c40)/0x2468c40 -7879>
2012-10-11 13:43:50.750274 7f440532f700 5 --OSD::tracker-- reqid: unknown.0.0:0, seq: 1456, time:
2012-10-11 13:43:50.750274, event: started, request: pg_info(1 pgs e6:2.d7) v3 -7878>
2012-10-11 13:43:50.750338 7f440532f700 5 --OSD::tracker-- reqid: unknown.0.0:0, seq: 1456, time:
2012-10-11 13:43:50.750338, event: done, request: pg_info(1 pgs e6:2.d7) v3 -7877>
2012-10-11 13:43:50.750353 7f440532f700 5 throttle(msgr_dispatch_throttler-cluster 0x1d9b088) put 471 (0xb7c748 -> 107962) -7876>
2012-10-11 13:43:50.750362 7f4402a29700 5 throttle(filestore_ops 0x1dc5328) wait -7875>
2012-10-11 13:43:50.750381 7f4402a29700 5 throttle(filestore_bytes 0x1dc53a8) wait -7874>
2012-10-11 13:43:50.750389 7f4402a29700 5 filestore(/data/osd.0) queue_transactions (writeahead) 4090 0x1f95870 -7873>
2012-10-11 13:43:50.750367 7f440532f700 1 -- 149.165.228.10:6802/338 <== osd.2 149.165.228.10:6808/1657 545 ==== osd pg remove(epoch 7; pg2.45; ) v1 ==== 25+0+0 (3157081644 0 0) 0x24af700 con 0x2fe2280 -7872>
2012-10-11 13:43:50.750404 7f440532f700 5 --OSD::tracker-- reqid: unknown.0.0:0, seq: 1457, time:
2012-10-11 13:43:50.044084, event: header_read, request: osd pg remove(epoch 7; pg2.45; ) v1 -7871>
2012-10-11 13:43:50.750414 7f4402a29700 5 journal submit_entry seq 4090 len 969 (0x1f507b0) -7870>
2012-10-11 13:43:50.750426 7f4402a29700 5 throttle(filestore_ops 0x1dc5328) take 1 -7869>
2012-10-11 13:43:50.750440 7f4402a29700 5 throttle(filestore_bytes 0x1dc53a8) take 969 -7868>
2012-10-11 13:43:50.750431 7f440532f700 5 --OSD::tracker-- reqid: unknown.0.0:0, seq: 1457, time:
2012-10-11 13:43:50.044092, event: throttled, request: osd pg remove(epoch 7; pg2.45; ) v1 -7867>
2012-10-11 13:43:50.750488 7f440532f700 5 --OSD::tracker-- reqid: unknown.0.0:0, seq: 1457, time:
2012-10-11 13:43:50.044097, event: all_read, request: osd pg remove(epoch 7; pg2.45; ) v1 -7866>
2012-10-11 13:43:50.750500 7f440532f700 5 --OSD::tracker-- reqid: unknown.0.0:0, seq: 1457, time:
2012-10-11 13:43:50.750402, event: dispatched, request: osd pg remove(epoch 7; pg2.45; ) v1 -7865>
2012-10-11 13:43:50.750511 7f440532f700 5 --OSD::tracker-- reqid: unknown.0.0:0, seq: 1457, time:
2012-10-11 13:43:50.750511, event: waiting_for_osdmap, request: osd pg remove(epoch 7; pg2.45; ) v1 -7864>
2012-10-11 13:43:50.750523 7f440532f700 5 --OSD::tracker-- reqid: unknown.0.0:0, seq: 1457, time:
2012-10-11 13:43:50.750523, event: started, request: osd pg remove(epoch 7; pg2.45; ) v1 -7863>
2012-10-11 13:43:50.750478 7f4402a29700 5 filestore(/data/osd.0) queue_transactions existing osr(2.f9 0x25cf3c0)/0x25cf3c0 -7862>
2012-10-11 13:43:50.750539 7f440532f700 5 osd.0 8 queue_pg_for_deletion: 2.45 -7861>
2012-10-11 13:43:50.750546 7f4402a29700 5 throttle(filestore_ops 0x1dc5328) wait -7860>
