2012-10-11 13:43:53.427105 7f4401226700 5 journal submit_entry seq 4281 len 65 (0x24961e0) -1301>
2012-10-11 13:43:53.427108 7f4401226700 5 throttle(filestore_ops 0x1dc5328) take 1 -1300>
2012-10-11 13:43:53.427111 7f4401226700 5 throttle(filestore_bytes 0x1dc53a8) take 65 -1299>
2012-10-11 13:43:53.429931 7f440a339700 5 throttle(filestore_ops 0x1dc5328) put 1 (0xb7c748 -> 2) -1298>
2012-10-11 13:43:53.429996 7f440a339700 5 throttle(filestore_bytes 0x1dc53a8) put 65 (0xb7c748 -> 130) -1297>
2012-10-11 13:43:53.429999 7f440a339700 5 journal put_throttle finished 1 ops and 65 bytes, now 2 ops and 130 bytes -1296>
2012-10-11 13:43:53.430011 7f4409337700 5 filestore(/data/osd.0) _journaled_ahead 0x2e766e0 seq 4279 osr(0.a6 0x2468080) 0x2e55a20 -1295>
2012-10-11 13:43:53.430026 7f4409337700 5 filestore(/data/osd.0) queue_op 0x2e766e0 seq 4279 osr(0.a6 0x2468080) 60 bytes (queue has 476 ops and 247491 bytes) -1294>
2012-10-11 13:43:53.445737 7f440a339700 5 throttle(filestore_ops 0x1dc5328) put 2 (0xb7c748 -> 0) -1293>
2012-10-11 13:43:53.445801 7f440a339700 5 throttle(filestore_bytes 0x1dc53a8) put 130 (0xb7c748 -> 0) -1292>
2012-10-11 13:43:53.445804 7f440a339700 5 journal put_throttle finished 2 ops and 130 bytes, now 0 ops and 0 bytes -1291>
2012-10-11 13:43:53.445818 7f4409337700 5 filestore(/data/osd.0) _journaled_ahead 0x2e76280 seq 4280 osr(0.a9 0x24683f0) 0x2e55d80 -1290>
2012-10-11 13:43:53.445834 7f4409337700 5 filestore(/data/osd.0) queue_op 0x2e76280 seq 4280 osr(0.a9 0x24683f0) 60 bytes (queue has 476 ops and 247491 bytes) -1289>
2012-10-11 13:43:53.445841 7f4409337700 5 filestore(/data/osd.0) _journaled_ahead 0x2e76230 seq 4281 osr(0.ab 0x2468390) 0x31cb6c0 -1288>
2012-10-11 13:43:53.445846 7f4409337700 5 filestore(/data/osd.0) queue_op 0x2e76230 seq 4281 osr(0.ab 0x2468390) 60 bytes (queue has 476 ops and 247491 bytes) -1287>
2012-10-11 13:43:53.447643 7f4408b36700 5 filestore(/data/osd.0) _do_op 0x2513370 seq 3808 osr(0.ba 0x24684c0)/0x24684c0 start -1286>
2012-10-11 13:43:53.447794 7f4401226700 5 filestore(/data/osd.0) queue_transactions existing osr(0.b0 0x24682a0)/0x24682a0 -1285>
2012-10-11 13:43:53.447814 7f4401226700 5 throttle(filestore_ops 0x1dc5328) wait -1284>
2012-10-11 13:43:53.447818 7f4401226700 5 throttle(filestore_bytes 0x1dc53a8) wait -1283>
2012-10-11 13:43:53.447820 7f4401226700 5 filestore(/data/osd.0) queue_transactions (writeahead) 4282 0x311e510 -1282>
2012-10-11 13:43:53.447828 7f4401226700 5 journal submit_entry seq 4282 len 65 (0x24968d0) -1281>
2012-10-11 13:43:53.447831 7f4401226700 5 throttle(filestore_ops 0x1dc5328) take 1 -1280>
2012-10-11 13:43:53.447834 7f4401226700 5 throttle(filestore_bytes 0x1dc53a8) take 65 -1279>
2012-10-11 13:43:53.448546 7f4408335700 5 filestore(/data/osd.0) _do_op 0x2513a00 seq 3809 osr(0.c3 0x2468710)/0x2468710 start -1278>
2012-10-11 13:43:53.448641 7f4401226700 5 filestore(/data/osd.0) queue_transactions existing osr(0.b4 0x24685e0)/0x24685e0 -1277>
2012-10-11 13:43:53.448652 7f4401226700 5 throttle(filestore_ops 0x1dc5328) wait -1276>
2012-10-11 13:43:53.448654 7f4401226700 5 throttle(filestore_bytes 0x1dc53a8) wait -1275>
2012-10-11 13:43:53.448656 7f4401226700 5 filestore(/data/osd.0) queue_transactions (writeahead) 4283 0x311e6c0 -1274>
2012-10-11 13:43:53.448661 7f4401226700 5 journal submit_entry seq 4283 len 65 (0x2496f60) -1273>
2012-10-11 13:43:53.448663 7f4401226700 5 throttle(filestore_ops 0x1dc5328) take 1 -1272>
2012-10-11 13:43:53.448666 7f4401226700 5 throttle(filestore_bytes 0x1dc53a8) take 65 -1271>
2012-10-11 13:43:53.457303 7f440a339700 5 throttle(filestore_ops 0x1dc5328) put 1 (0xb7c748 -> 1) -1270>
2012-10-11 13:43:53.457343 7f440a339700 5 throttle(filestore_bytes 0x1dc53a8) put 65 (0xb7c748 -> 65) -1269>
2012-10-11 13:43:53.457347 7f440a339700 5 journal put_throttle finished 1 ops and 65 bytes, now 1 ops and 65 bytes -1268>
2012-10-11 13:43:53.457360 7f4409337700 5 filestore(/data/osd.0) _journaled_ahead 0x2e76b90 seq 4282 osr(0.b0 0x24682a0) 0x311e510 -1267>
2012-10-11 13:43:53.457380 7f4409337700 5 filestore(/data/osd.0) queue_op 0x2e76b90 seq 4282 osr(0.b0 0x24682a0) 60 bytes (queue has 476 ops and 247213 bytes) -1266>
2012-10-11 13:43:53.469724 7f440a339700 5 throttle(filestore_ops 0x1dc5328) put 1 (0xb7c748 -> 0) -1265>
2012-10-11 13:43:53.469738 7f440a339700 5 throttle(filestore_bytes 0x1dc53a8) put 65 (0xb7c748 -> 0) -1264>
2012-10-11 13:43:53.469742 7f440a339700 5 journal put_throttle finished 1 ops and 65 bytes, now 0 ops and 0 bytes -1263>
2012-10-11 13:43:53.469842 7f4409337700 5 filestore(/data/osd.0) _journaled_ahead 0x2e76d20 seq 4283 osr(0.b4 0x24685e0) 0x311e6c0 -1262>
2012-10-11 13:43:53.469863 7f4409337700 5 filestore(/data/osd.0) queue_op 0x2e76d20 seq 4283 osr(0.b4 0x24685e0) 60 bytes (queue has 476 ops and 247213 bytes) -1261>
2012-10-11 13:43:53.470757 7f4408b36700 5 filestore(/data/osd.0) _do_op 0x2574be0 seq 3810 osr(0.cc 0x2468960)/0x2468960 start -1260>
2012-10-11 13:43:53.470862 7f4401226700 5 filestore(/data/osd.0) queue_transactions existing osr(0.ba 0x24684c0)/0x24684c0 -1259>
2012-10-11 13:43:53.470880 7f4401226700 5 throttle(filestore_ops 0x1dc5328) wait -1258>
2012-10-11 13:43:53.470882 7f4401226700 5 throttle(filestore_bytes 0x1dc53a8) wait -1257>
2012-10-11 13:43:53.470884 7f4401226700 5 filestore(/data/osd.0) queue_transactions (writeahead) 4284 0x311e480 -1256>
2012-10-11 13:43:53.470889 7f4401226700 5 journal submit_entry seq 4284 len 65 (0x24f80f0) -1255>
2012-10-11 13:43:53.470892 7f4401226700 5 throttle(filestore_ops 0x1dc5328) take 1 -1254>
2012-10-11 13:43:53.470895 7f4401226700 5 throttle(filestore_bytes 0x1dc53a8) take 65 -1253>
2012-10-11 13:43:53.471791 7f4408335700 5 filestore(/data/osd.0) _do_op 0x25dbdc0 seq 3811 osr(0.d0 0x24688a0)/0x24688a0 start -1252>
2012-10-11 13:43:53.471886 7f4401226700 5 filestore(/data/osd.0) queue_transactions existing osr(0.c3 0x2468710)/0x2468710 -1251>
2012-10-11 13:43:53.471901 7f4401226700 5 throttle(filestore_ops 0x1dc5328) wait -1250>
2012-10-11 13:43:53.471904 7f4401226700 5 throttle(filestore_bytes 0x1dc53a8) wait -1249>
2012-10-11 13:43:53.471906 7f4401226700 5 filestore(/data/osd.0) queue_transactions (writeahead) 4285 0x311e750 -1248>
2012-10-11 13:43:53.471913 7f4401226700 5 journal submit_entry seq 4285 len 65 (0x24f8630) -1247>
2012-10-11 13:43:53.471915 7f4401226700 5 throttle(filestore_ops 0x1dc5328) take 1 -1246>
2012-10-11 13:43:53.471918 7f4401226700 5 throttle(filestore_bytes 0x1dc53a8) take 65 -1245>
2012-10-11 13:43:53.481285 7f440a339700 5 throttle(filestore_ops 0x1dc5328) put 1 (0xb7c748 -> 1) -1244>
2012-10-11 13:43:53.481326 7f440a339700 5 throttle(filestore_bytes 0x1dc53a8) put 65 (0xb7c748 -> 65) -1243>
2012-10-11 13:43:53.481327 7f4409337700 5 filestore(/data/osd.0) _journaled_ahead 0x2e76820 seq 4284 osr(0.ba 0x24684c0) 0x311e480 -1242>
2012-10-11 13:43:53.481343 7f4409337700 5 filestore(/data/osd.0) queue_op 0x2e76820 seq 4284 osr(0.ba 0x24684c0) 60 bytes (queue has 476 ops and 246935 bytes) -1241>
2012-10-11 13:43:53.481345 7f440a339700 5 journal put_throttle finished 1 ops and 65 bytes, now 1 ops and 65 bytes -1240>
2012-10-11 13:43:53.494672 7f440a339700 5 throttle(filestore_ops 0x1dc5328) put 1 (0xb7c748 -> 0) -1239>
2012-10-11 13:43:53.494689 7f440a339700 5 throttle(filestore_bytes 0x1dc53a8) put 65 (0xb7c748 -> 0) -1238>
2012-10-11 13:43:53.494693 7f440a339700 5 journal put_throttle finished 1 ops and 65 bytes, now 0 ops and 0 bytes -1237>
2012-10-11 13:43:53.494738 7f4409337700 5 filestore(/data/osd.0) _journaled_ahead 0x2e76eb0 seq 4285 osr(0.c3 0x2468710) 0x311e750 -1236>
2012-10-11 13:43:53.494757 7f4409337700 5 filestore(/data/osd.0) queue_op 0x2e76eb0 seq 4285 osr(0.c3 0x2468710) 60 bytes (queue has 476 ops and 246935 bytes) -1235>
2012-10-11 13:43:53.495658 7f4408b36700 5 filestore(/data/osd.0) _do_op 0x263b780 seq 3812 osr(0.ef 0x2468ed0)/0x2468ed0 start -1234>
2012-10-11 13:43:53.495761 7f4401226700 5 filestore(/data/osd.0) queue_transactions existing osr(0.cc 0x2468960)/0x2468960 -1233>
2012-10-11 13:43:53.495778 7f4401226700 5 throttle(filestore_ops 0x1dc5328) wait -1232>
2012-10-11 13:43:53.495780 7f4401226700 5 throttle(filestore_bytes 0x1dc53a8) wait -1231>
2012-10-11 13:43:53.495787 7f4401226700 5 filestore(/data/osd.0) queue_transactions (writeahead) 4286 0x311eea0 -1230>
2012-10-11 13:43:53.495792 7f4401226700 5 journal submit_entry seq 4286 len 65 (0x2553000) -1229>
2012-10-11 13:43:53.495796 7f4401226700 5 throttle(filestore_ops 0x1dc5328) take 1 -1228>
2012-10-11 13:43:53.495799 7f4401226700 5 throttle(filestore_bytes 0x1dc53a8) take 65 -1227>
2012-10-11 13:43:53.497159 7f4408335700 5 filestore(/data/osd.0) _do_op 0x27616e0 seq 3813 osr(0.fa 0x27a10c0)/0x27a10c0 start -1226>
2012-10-11 13:43:53.497281 7f4401226700 5 filestore(/data/osd.0) queue_transactions existing osr(0.d0 0x24688a0)/0x24688a0 -1225>
2012-10-11 13:43:53.497293 7f4401226700 5 throttle(filestore_ops 0x1dc5328) wait -1224>
2012-10-11 13:43:53.497295 7f4401226700 5 throttle(filestore_bytes 0x1dc53a8) wait -1223>
2012-10-11 13:43:53.497297 7f4401226700 5 filestore(/data/osd.0) queue_transactions (writeahead) 4287 0x311e120 -1222>
2012-10-11 13:43:53.497302 7f4401226700 5 journal submit_entry seq 4287 len 65 (0x25a30c0) -1221>
2012-10-11 13:43:53.497305 7f4401226700 5 throttle(filestore_ops 0x1dc5328) take 1 -1220>
2012-10-11 13:43:53.497308 7f4401226700 5 throttle(filestore_bytes 0x1dc53a8) take 65 -1219>
2012-10-11 13:43:53.499342 7f4408b36700 5 filestore(/data/osd.0) _do_op 0x27c75a0 seq 3814 osr(0.fe 0x27a1000)/0x27a1000 start -1218>
2012-10-11 13:43:53.499493 7f4401226700 5 filestore(/data/osd.0) queue_transactions existing osr(0.ef 0x2468ed0)/0x2468ed0 -1217>
2012-10-11 13:43:53.499509 7f4401226700 5 throttle(filestore_ops 0x1dc5328) wait -1216>
2012-10-11 13:43:53.499512 7f4401226700 5 throttle(filestore_bytes 0x1dc53a8) wait -1215>
2012-10-11 13:43:53.499514 7f4401226700 5 filestore(/data/osd.0) queue_transactions (writeahead) 4288 0x311e870 -1214>
2012-10-11 13:43:53.499519 7f4401226700 5 journal submit_entry seq 4288 len 65 (0x2609180) -1213>
2012-10-11 13:43:53.499522 7f4401226700 5 throttle(filestore_ops 0x1dc5328) take 1 -1212>
2012-10-11 13:43:53.499524 7f4401226700 5 throttle(filestore_bytes 0x1dc53a8) take 65 -1211>
2012-10-11 13:43:53.503529 7f440a339700 5 throttle(filestore_ops 0x1dc5328) put 1 (0xb7c748 -> 2) -1210>
2012-10-11 13:43:53.503544 7f440a339700 5 throttle(filestore_bytes 0x1dc53a8) put 65 (0xb7c748 -> 130) -1209>
2012-10-11 13:43:53.503548 7f440a339700 5 journal put_throttle finished 1 ops and 65 bytes, now 2 ops and 130 bytes -1208>
2012-10-11 13:43:53.503540 7f4409337700 5 filestore(/data/osd.0) _journaled_ahead 0x2e76500 seq 4286 osr(0.cc 0x2468960) 0x311eea0 -1207>
2012-10-11 13:43:53.503556 7f4409337700 5 filestore(/data/osd.0) queue_op 0x2e76500 seq 4286 osr(0.cc 0x2468960) 60 bytes (queue has 476 ops and 246518 bytes) -1206>
2012-10-11 13:43:53.504782 7f4408335700 5 filestore(/data/osd.0) _do_op 0x27c7f50 seq 3815 osr(1.5 0x27a12b0)/0x27a12b0 start -1205>
2012-10-11 13:43:53.504862 7f4401226700 5 filestore(/data/osd.0) queue_transactions existing osr(0.fa 0x27a10c0)/0x27a10c0 -1204>
2012-10-11 13:43:53.504877 7f4401226700 5 throttle(filestore_ops 0x1dc5328) wait -1203>
2012-10-11 13:43:53.504880 7f4401226700 5 throttle(filestore_bytes 0x1dc53a8) wait -1202>
2012-10-11 13:43:53.504882 7f4401226700 5 filestore(/data/osd.0) queue_transactions (writeahead) 4289 0x311eb40 -1201>
2012-10-11 13:43:53.504887 7f4401226700 5 journal submit_entry seq 4289 len 65 (0x26096c0) -1200>
2012-10-11 13:43:53.504889 7f4401226700 5 throttle(filestore_ops 0x1dc5328) take 1 -1199>
2012-10-11 13:43:53.504892 7f4401226700 5 throttle(filestore_bytes 0x1dc53a8) take 65 -1198>
2012-10-11 13:43:53.518016 7f440a339700 5 throttle(filestore_ops 0x1dc5328) put 2 (0xb7c748 -> 1) -1197>
2012-10-11 13:43:53.518031 7f440a339700 5 throttle(filestore_bytes 0x1dc53a8) put 130 (0xb7c748 -> 65) -1196>
2012-10-11 13:43:53.518035 7f440a339700 5 journal put_throttle finished 2 ops and 130 bytes, now 1 ops and 65 bytes -1195>
2012-10-11 13:43:53.518166 7f4409337700 5 filestore(/data/osd.0) _journaled_ahead 0x2e76370 seq 4287 osr(0.d0 0x24688a0) 0x311e120 -1194>
2012-10-11 13:43:53.518182 7f4409337700 5 filestore(/data/osd.0) queue_op 0x2e76370 seq 4287 osr(0.d0 0x24688a0) 60 bytes (queue has 476 ops and 246379 bytes) -1193>
2012-10-11 13:43:53.518188 7f4409337700 5 filestore(/data/osd.0) _journaled_ahead 0x2e760f0 seq 4288 osr(0.ef 0x2468ed0) 0x311e870 -1192>
2012-10-11 13:43:53.518192 7f4409337700 5 filestore(/data/osd.0) queue_op 0x2e760f0 seq 4288 osr(0.ef 0x2468ed0) 60 bytes (queue has 476 ops and 246379 bytes) -1191>
2012-10-11 13:43:53.533223 7f4409337700 5 filestore(/data/osd.0) _journaled_ahead 0x2e76c30 seq 4289 osr(0.fa 0x27a10c0) 0x311eb40 -1190>
2012-10-11 13:43:53.533241 7f4409337700 5 filestore(/data/osd.0) queue_op 0x2e76c30 seq 4289 osr(0.fa 0x27a10c0) 60 bytes (queue has 476 ops and 246379 bytes) -1189>
2012-10-11 13:43:53.533267 7f440a339700 5 throttle(filestore_ops 0x1dc5328) put 1 (0xb7c748 -> 0) -1188>
2012-10-11 13:43:53.533273 7f440a339700 5 throttle(filestore_bytes 0x1dc53a8) put 65 (0xb7c748 -> 0) -1187>
2012-10-11 13:43:53.533275 7f440a339700 5 journal put_throttle finished 1 ops and 65 bytes, now 0 ops and 0 bytes -1186>
2012-10-11 13:43:53.534281 7f4408b36700 5 filestore(/data/osd.0) _do_op 0x2828460 seq 3816 osr(1.8 0x27a1220)/0x27a1220 start -1185>
2012-10-11 13:43:53.534387 7f4401226700 5 filestore(/data/osd.0) queue_transactions existing osr(0.fe 0x27a1000)/0x27a1000 -1184>
2012-10-11 13:43:53.534400 7f4401226700 5 throttle(filestore_ops 0x1dc5328) wait -1183>
2012-10-11 13:43:53.534403 7f4401226700 5 throttle(filestore_bytes 0x1dc53a8) wait -1182>
2012-10-11 13:43:53.534405 7f4401226700 5 filestore(/data/osd.0) queue_transactions (writeahead) 4290 0x31c5510 -1181>
2012-10-11 13:43:53.534411 7f4401226700 5 journal submit_entry seq 4290 len 65 (0x2719c30) -1180>
2012-10-11 13:43:53.534414 7f4401226700 5 throttle(filestore_ops 0x1dc5328) take 1 -1179>
2012-10-11 13:43:53.534417 7f4401226700 5 throttle(filestore_bytes 0x1dc53a8) take 65 -1178>
2012-10-11 13:43:53.535159 7f4408335700 5 filestore(/data/osd.0) _do_op 0x2a76690 seq 3817 osr(1.24 0x27a18e0)/0x27a18e0 start -1177>
2012-10-11 13:43:53.536475 7f4408335700 5 filestore(/data/osd.0) _do_op 0x2828fa0 seq 3818 osr(1.13 0x27a1410)/0x27a1410 start -1176>
2012-10-11 13:43:53.537595 7f4401226700 5 filestore(/data/osd.0) queue_transactions existing osr(1.5 0x27a12b0)/0x27a12b0 -1175>
2012-10-11 13:43:53.537612 7f4401226700 5 throttle(filestore_ops 0x1dc5328) wait -1174>
2012-10-11 13:43:53.537615 7f4401226700 5 throttle(filestore_bytes 0x1dc53a8) wait -1173>
2012-10-11 13:43:53.537617 7f4401226700 5 filestore(/data/osd.0) queue_transactions (writeahead) 4291 0x2a32ab0 -1172>
2012-10-11 13:43:53.537622 7f4401226700 5 journal submit_entry seq 4291 len 64 (0x27d2390) -1171>
2012-10-11 13:43:53.537624 7f4401226700 5 throttle(filestore_ops 0x1dc5328) take 1 -1170>
2012-10-11 13:43:53.537627 7f4401226700 5 throttle(filestore_bytes 0x1dc53a8) take 64 -1169>
2012-10-11 13:43:53.541876 7f440a339700 5 throttle(filestore_ops 0x1dc5328) put 1 (0xb7c748 -> 1) -1168>
2012-10-11 13:43:53.541893 7f4409337700 5 filestore(/data/osd.0) _journaled_ahead 0x2e76be0 seq 4290 osr(0.fe 0x27a1000) 0x31c5510 -1167>
2012-10-11 13:43:53.541909 7f4409337700 5 filestore(/data/osd.0) queue_op 0x2e76be0 seq 4290 osr(0.fe 0x27a1000) 60 bytes (queue has 475 ops and 245183 bytes) -1166>
2012-10-11 13:43:53.541914 7f440a339700 5 throttle(filestore_bytes 0x1dc53a8) put 65 (0xb7c748 -> 64) -1165>
2012-10-11 13:43:53.541937 7f440a339700 5 journal put_throttle finished 1 ops and 65 bytes, now 1 ops and 64 bytes -1164>
2012-10-11 13:43:53.553619 7f440a339700 5 throttle(filestore_ops 0x1dc5328) put 1 (0xb7c748 -> 0) -1163>
2012-10-11 13:43:53.553667 7f440a339700 5 throttle(filestore_bytes 0x1dc53a8) put 64 (0xb7c748 -> 0) -1162>
2012-10-11 13:43:53.553690 7f440a339700 5 journal put_throttle finished 1 ops and 64 bytes, now 0 ops and 0 bytes -1161>
2012-10-11 13:43:53.553755 7f4409337700 5 filestore(/data/osd.0) _journaled_ahead 0x33235a0 seq 4291 osr(1.5 0x27a12b0) 0x2a32ab0 -1160>
2012-10-11 13:43:53.553774 7f4409337700 5 filestore(/data/osd.0) queue_op 0x33235a0 seq 4291 osr(1.5 0x27a12b0) 59 bytes (queue has 475 ops and 245183 bytes) -1159>
2012-10-11 13:43:53.554482 7f4408b36700 5 filestore(/data/osd.0) _do_op 0x3394aa0 seq 3819 osr(2.1c 0x1d716f0)/0x1d716f0 start -1158>
2012-10-11 13:43:53.554594 7f4401226700 5 filestore(/data/osd.0) queue_transactions existing osr(1.8 0x27a1220)/0x27a1220 -1157>
2012-10-11 13:43:53.554607 7f4401226700 5 throttle(filestore_ops 0x1dc5328) wait -1156>
2012-10-11 13:43:53.554610 7f4401226700 5 throttle(filestore_bytes 0x1dc53a8) wait -1155>
2012-10-11 13:43:53.554612 7f4401226700 5 filestore(/data/osd.0) queue_transactions (writeahead) 4292 0x2a32ea0 -1154>
2012-10-11 13:43:53.554621 7f4401226700 5 journal submit_entry seq 4292 len 64 (0x27d28d0) -1153>
2012-10-11 13:43:53.554624 7f4401226700 5 throttle(filestore_ops 0x1dc5328) take 1 -1152>
2012-10-11 13:43:53.554627 7f4401226700 5 throttle(filestore_bytes 0x1dc53a8) take 64 -1151>
2012-10-11 13:43:53.555676 7f4401226700 5 filestore(/data/osd.0) queue_transactions existing osr(1.13 0x27a1410)/0x27a1410 -1150>
2012-10-11 13:43:53.555704 7f4401226700 5 throttle(filestore_ops 0x1dc5328) wait -1149>
2012-10-11 13:43:53.555709 7f4401226700 5 throttle(filestore_bytes 0x1dc53a8) wait -1148>
2012-10-11 13:43:53.555711 7f4401226700 5 filestore(/data/osd.0) queue_transactions (writeahead) 4293 0x2a32870 -1147>
2012-10-11 13:43:53.555716 7f4401226700 5 journal submit_entry seq 4293 len 65 (0x2827270) -1146>
2012-10-11 13:43:53.555719 7f4401226700 5 throttle(filestore_ops 0x1dc5328) take 1 -1145>
2012-10-11 13:43:53.555721 7f4401226700 5 throttle(filestore_bytes 0x1dc53a8) take 65 -1144>
2012-10-11 13:43:53.555747 7f4408335700 5 filestore(/data/osd.0) _do_op 0x2513d70 seq 3820 osr(2.21 0x1d714b0)/0x1d714b0 start -1143>
2012-10-11 13:43:53.556758 7f4408b36700 5 filestore(/data/osd.0) _do_op 0x288ae60 seq 3821 osr(0.9 0x1d713e0)/0x1d713e0 start -1142>
2012-10-11 13:43:53.557840 7f4408335700 5 filestore(/data/osd.0) _do_op 0x25138c0 seq 3822 osr(2.23 0x1d717c0)/0x1d717c0 start -1141>
2012-10-11 13:43:53.559139 7f4408335700 5 filestore(/data/osd.0) _do_op 0x1e64050 seq 3823 osr(0.30 0x1d71a90)/0x1d71a90 start -1140>
2012-10-11 13:43:53.560407 7f4408335700 5 filestore(/data/osd.0) _do_op 0x1e64820 seq 3824 osr(0.39 0x1d71d60)/0x1d71d60 start -1139>
2012-10-11 13:43:53.561701 7f4408335700 5 filestore(/data/osd.0) _do_op 0x1e8b870 seq 3825 osr(0.6 0x1d71380)/0x1d71380 start -1138>
2012-10-11 13:43:53.565913 7f440a339700 5 throttle(filestore_ops 0x1dc5328) put 1 (0xb7c748 -> 1) -1137>
2012-10-11 13:43:53.565931 7f440a339700 5 throttle(filestore_bytes 0x1dc53a8) put 64 (0xb7c748 -> 65) -1136>
2012-10-11 13:43:53.565923 7f4409337700 5 filestore(/data/osd.0) _journaled_ahead 0x33233c0 seq 4292 osr(1.8 0x27a1220) 0x2a32ea0 -1135>
2012-10-11 13:43:53.565934 7f440a339700 5 journal put_throttle finished 1 ops and 64 bytes, now 1 ops and 65 bytes -1134>
2012-10-11 13:43:53.565940 7f4409337700 5 filestore(/data/osd.0) queue_op 0x33233c0 seq 4292 osr(1.8 0x27a1220) 59 bytes (queue has 470 ops and 240303 bytes) -1133>
2012-10-11 13:43:53.570129 7f4408b36700 5 filestore(/data/osd.0) _do_op 0x1e640f0 seq 3826 osr(0.3e 0x1d71ee0)/0x1d71ee0 start -1132>
2012-10-11 13:43:53.570229 7f4401226700 5 filestore(/data/osd.0) queue_transactions existing osr(0.9 0x1d713e0)/0x1d713e0 -1131>
2012-10-11 13:43:53.570242 7f4401226700 5 throttle(filestore_ops 0x1dc5328) wait -1130>
2012-10-11 13:43:53.570245 7f4401226700 5 throttle(filestore_bytes 0x1dc53a8) wait -1129>
2012-10-11 13:43:53.570247 7f4401226700 5 filestore(/data/osd.0) queue_transactions (writeahead) 4294 0x2a326c0 -1128>
2012-10-11 13:43:53.570252 7f4401226700 5 journal submit_entry seq 4294 len 64 (0x28278d0) -1127>
2012-10-11 13:43:53.570255 7f4401226700 5 throttle(filestore_ops 0x1dc5328) take 1 -1126>
2012-10-11 13:43:53.570258 7f4401226700 5 throttle(filestore_bytes 0x1dc53a8) take 64 -1125>
2012-10-11 13:43:53.571398 7f4408b36700 5 filestore(/data/osd.0) _do_op 0x1e64b90 seq 3827 osr(0.42 0x1d71e20)/0x1d71e20 start -1124>
2012-10-11 13:43:53.572699 7f4408b36700 5 filestore(/data/osd.0) _do_op 0x1e8b730 seq 3828 osr(1.9f 0x2e381d0)/0x2e381d0 start -1123>
2012-10-11 13:43:53.572871 7f440a339700 5 throttle(filestore_ops 0x1dc5328) put 1 (0xb7c748 -> 1) -1122>
2012-10-11 13:43:53.572887 7f4409337700 5 filestore(/data/osd.0) _journaled_ahead 0x3323550 seq 4293 osr(1.13 0x27a1410) 0x2a32870 -1121>
2012-10-11 13:43:53.572906 7f4409337700 5 filestore(/data/osd.0) queue_op 0x3323550 seq 4293 osr(1.13 0x27a1410) 60 bytes (queue has 468 ops and 238325 bytes) -1120>
2012-10-11 13:43:53.572900 7f440a339700 5 throttle(filestore_bytes 0x1dc53a8) put 65 (0xb7c748 -> 64) -1119>
2012-10-11 13:43:53.572935 7f440a339700 5 journal put_throttle finished 1 ops and 65 bytes, now 1 ops and 64 bytes -1118>
2012-10-11 13:43:53.573979 7f4408335700 5 filestore(/data/osd.0) _do_op 0x1e64640 seq 3829 osr(0.44 0x1d71ff0)/0x1d71ff0 start -1117>
2012-10-11 13:43:53.574082 7f4401226700 5 filestore(/data/osd.0) queue_transactions existing osr(0.6 0x1d71380)/0x1d71380 -1116>
2012-10-11 13:43:53.574094 7f4401226700 5 throttle(filestore_ops 0x1dc5328) wait -1115>
2012-10-11 13:43:53.574097 7f4401226700 5 throttle(filestore_bytes 0x1dc53a8) wait -1114>
2012-10-11 13:43:53.574099 7f4401226700 5 filestore(/data/osd.0) queue_transactions (writeahead) 4295 0x2a32990 -1113>
2012-10-11 13:43:53.574104 7f4401226700 5 journal submit_entry seq 4295 len 64 (0x2881e10) -1112>
2012-10-11 13:43:53.574107 7f4401226700 5 throttle(filestore_ops 0x1dc5328) take 1 -1111>
2012-10-11 13:43:53.574110 7f4401226700 5 throttle(filestore_bytes 0x1dc53a8) take 64 -1110>
2012-10-11 13:43:53.575261 7f4408335700 5 filestore(/data/osd.0) _do_op 0x1e64550 seq 3830 osr(0.4a 0x2130120)/0x2130120 start -1109>
2012-10-11 13:43:53.576552 7f4408335700 5 filestore(/data/osd.0) _do_op 0x2e142d0 seq 3831 osr(1.9d 0x2adbe30)/0x2adbe30 start -1108>
2012-10-11 13:43:53.578180 7f4408b36700 5 filestore(/data/osd.0) _do_op 0x1e643c0 seq 3832 osr(0.4f 0x2130030)/0x2130030 start -1107>
2012-10-11 13:43:53.578281 7f4401226700 5 filestore(/data/osd.0) queue_transactions existing osr(1.9f 0x2e381d0)/0x2e381d0 -1106>
2012-10-11 13:43:53.578293 7f4401226700 5 throttle(filestore_ops 0x1dc5328) wait -1105>
2012-10-11 13:43:53.578300 7f4401226700 5 throttle(filestore_bytes 0x1dc53a8) wait -1104>
2012-10-11 13:43:53.578301 7f4401226700 5 filestore(/data/osd.0) queue_transactions (writeahead) 4296 0x311ef30 -1103>
2012-10-11 13:43:53.578307 7f4401226700 5 journal submit_entry seq 4296 len 65 (0x1e96540) -1102>
2012-10-11 13:43:53.578310 7f4401226700 5 throttle(filestore_ops 0x1dc5328) take 1 -1101>
2012-10-11 13:43:53.578312 7f4401226700 5 throttle(filestore_bytes 0x1dc53a8) take 65 -1100>
2012-10-11 13:43:53.579460 7f4408b36700 5 filestore(/data/osd.0) _do_op 0x1e646e0 seq 3833 osr(1.2a 0x27a1bc0)/0x27a1bc0 start -1099>
2012-10-11 13:43:53.580728 7f4408b36700 5 filestore(/data/osd.0) _do_op 0x2e145f0 seq 3834 osr(1.9b 0x2adbe90)/0x2adbe90 start -1098>
2012-10-11 13:43:53.580928 7f440a339700 5 throttle(filestore_ops 0x1dc5328) put 1 (0xb7c748 -> 2) -1097>
2012-10-11 13:43:53.580945 7f440a339700 5 throttle(filestore_bytes 0x1dc53a8) put 64 (0xb7c748 -> 129) -1096>
2012-10-11 13:43:53.580949 7f440a339700 5 journal put_throttle finished 1 ops and 64 bytes, now 2 ops and 129 bytes -1095>
2012-10-11 13:43:53.580943 7f4409337700 5 filestore(/data/osd.0) _journaled_ahead 0x3323050 seq 4294 osr(0.9 0x1d713e0) 0x2a326c0 -1094>
2012-10-11 13:43:53.580963 7f4409337700 5 filestore(/data/osd.0) queue_op 0x3323050 seq 4294 osr(0.9 0x1d713e0) 59 bytes (queue has 464 ops and 234366 bytes) -1093>
2012-10-11 13:43:53.598754 7f4409337700 5 filestore(/data/osd.0) _journaled_ahead 0x33230a0 seq 4295 osr(0.6 0x1d71380) 0x2a32990 -1092>
2012-10-11 13:43:53.598774 7f4409337700 5 filestore(/data/osd.0) queue_op 0x33230a0 seq 4295 osr(0.6 0x1d71380) 59 bytes (queue has 464 ops and 234366 bytes) -1091>
2012-10-11 13:43:53.598810 7f4409337700 5 filestore(/data/osd.0) _journaled_ahead 0x33230f0 seq 4296 osr(1.9f 0x2e381d0) 0x311ef30 -1090>
2012-10-11 13:43:53.598819 7f4409337700 5 filestore(/data/osd.0) queue_op 0x33230f0 seq 4296 osr(1.9f 0x2e381d0) 60 bytes (queue has 464 ops and 234366 bytes) -1089>
2012-10-11 13:43:53.598829 7f440a339700 5 throttle(filestore_ops 0x1dc5328) put 2 (0xb7c748 -> 0) -1088>
2012-10-11 13:43:53.598836 7f440a339700 5 throttle(filestore_bytes 0x1dc53a8) put 129 (0xb7c748 -> 0) -1087>
2012-10-11 13:43:53.598839 7f440a339700 5 journal put_throttle finished 2 ops and 129 bytes, now 0 ops and 0 bytes -1086>
2012-10-11 13:43:53.600223 7f4408335700 5 filestore(/data/osd.0) _do_op 0x236c190 seq 3835 osr(1.2f 0x27a1ad0)/0x27a1ad0 start -1085>
2012-10-11 13:43:53.600327 7f4401226700 5 filestore(/data/osd.0) queue_transactions existing osr(1.9d 0x2adbe30)/0x2adbe30 -1084>
2012-10-11 13:43:53.600345 7f4401226700 5 throttle(filestore_ops 0x1dc5328) wait -1083>
2012-10-11 13:43:53.600347 7f4401226700 5 throttle(filestore_bytes 0x1dc53a8) wait -1082>
2012-10-11 13:43:53.600349 7f4401226700 5 filestore(/data/osd.0) queue_transactions (writeahead) 4297 0x311ebd0 -1081>
2012-10-11 13:43:53.600355 7f4401226700 5 journal submit_entry seq 4297 len 65 (0x1e96060) -1080>
2012-10-11 13:43:53.600358 7f4401226700 5 throttle(filestore_ops 0x1dc5328) take 1 -1079>
2012-10-11 13:43:53.600361 7f4401226700 5 throttle(filestore_bytes 0x1dc53a8) take 65 -1078>
2012-10-11 13:43:53.601575 7f4408335700 5 filestore(/data/osd.0) _do_op 0x25040a0 seq 3836 osr(1.38 0x27a1d20)/0x27a1d20 start -1077>
2012-10-11 13:43:53.602861 7f4408335700 5 filestore(/data/osd.0) _do_op 0x20f36e0 seq 3837 osr(1.3d 0x27a1c30)/0x27a1c30 start -1076>
2012-10-11 13:43:53.604140 7f4408335700 5 filestore(/data/osd.0) _do_op 0x23ff500 seq 3838 osr(1.41 0x27a1f70)/0x27a1f70 start -1075>
2012-10-11 13:43:53.605456 7f4408335700 5 filestore(/data/osd.0) _do_op 0x23ff820 seq 3839 osr(1.43 0x27a1f10)/0x27a1f10 start -1074>
2012-10-11 13:43:53.606733 7f4408335700 5 filestore(/data/osd.0) _do_op 0x23ffeb0 seq 3840 osr(1.49 0x2adb1f0)/0x2adb1f0 start -1073>
2012-10-11 13:43:53.607998 7f4408335700 5 filestore(/data/osd.0) _do_op 0x28effa0 seq 3841 osr(1.4e 0x2adb100)/0x2adb100 start -1072>
2012-10-11 13:43:53.609342 7f4408335700 5 filestore(/data/osd.0) _do_op 0x1e8b6e0 seq 3842 osr(0.9d 0x2130ed0)/0x2130ed0 start -1071>
2012-10-11 13:43:53.613521 7f440a339700 5 throttle(filestore_ops 0x1dc5328) put 1 (0xb7c748 -> 0) -1070>
2012-10-11 13:43:53.613531 7f4409337700 5 filestore(/data/osd.0) _journaled_ahead 0x3323140 seq 4297 osr(1.9d 0x2adbe30) 0x311ebd0 -1069>
2012-10-11 13:43:53.613546 7f4409337700 5 filestore(/data/osd.0) queue_op 0x3323140 seq 4297 osr(1.9d 0x2adbe30) 60 bytes (queue has 457 ops and 227780 bytes) -1068>
2012-10-11 13:43:53.613553 7f440a339700 5 throttle(filestore_bytes 0x1dc53a8) put 65 (0xb7c748 -> 0) -1067>
2012-10-11 13:43:53.613577 7f440a339700 5 journal put_throttle finished 1 ops and 65 bytes, now 0 ops and 0 bytes -1066>
2012-10-11 13:43:53.615254 7f4408b36700 5 filestore(/data/osd.0) _do_op 0x3240c80 seq 3843 osr(2.29 0x3176630)/0x3176630 start -1065>
2012-10-11 13:43:53.615354 7f4401226700 5 filestore(/data/osd.0) queue_transactions existing osr(1.9b 0x2adbe90)/0x2adbe90 -1064>
2012-10-11 13:43:53.615366 7f4401226700 5 throttle(filestore_ops 0x1dc5328) wait -1063>
2012-10-11 13:43:53.615369 7f4401226700 5 throttle(filestore_bytes 0x1dc53a8) wait -1062>
2012-10-11 13:43:53.615371 7f4401226700 5 filestore(/data/osd.0) queue_transactions (writeahead) 4298 0x311e000 -1061>
2012-10-11 13:43:53.615376 7f4401226700 5 journal submit_entry seq 4298 len 65 (0x2e13090) -1060>
2012-10-11 13:43:53.615379 7f4401226700 5 throttle(filestore_ops 0x1dc5328) take 1 -1059>
2012-10-11 13:43:53.615382 7f4401226700 5 throttle(filestore_bytes 0x1dc53a8) take 65 -1058>
2012-10-11 13:43:53.616125 7f4408335700 5 filestore(/data/osd.0) _do_op 0x2bbe640 seq 3844 osr(2.2e 0x3176540)/0x3176540 start -1057>
2012-10-11 13:43:53.616420 7f4401226700 5 filestore(/data/osd.0) queue_transactions existing osr(0.9d 0x2130ed0)/0x2130ed0 -1056>
2012-10-11 13:43:53.616436 7f4401226700 5 throttle(filestore_ops 0x1dc5328) wait -1055>
2012-10-11 13:43:53.616439 7f4401226700 5 throttle(filestore_bytes 0x1dc53a8) wait -1054>
2012-10-11 13:43:53.616441 7f4401226700 5 filestore(/data/osd.0) queue_transactions (writeahead) 4299 0x311e2d0 -1053>
2012-10-11 13:43:53.616446 7f4401226700 5 journal submit_entry seq 4299 len 65 (0x2e13450) -1052>
2012-10-11 13:43:53.616449 7f4401226700 5 throttle(filestore_ops 0x1dc5328) take 1 -1051>
2012-10-11 13:43:53.616451 7f4401226700 5 throttle(filestore_bytes 0x1dc53a8) take 65 -1050>
2012-10-11 13:43:53.617364 7f4408b36700 5 filestore(/data/osd.0) _do_op 0x2449730 seq 3845 osr(0.a1 0x2468170)/0x2468170 start -1049>
2012-10-11 13:43:53.618382 7f4408335700 5 filestore(/data/osd.0) _do_op 0x24490f0 seq 3846 osr(0.b3 0x2468210)/0x2468210 start -1048>
2012-10-11 13:43:53.625320 7f440a339700 5 throttle(filestore_ops 0x1dc5328) put 1 (0xb7c748 -> 1) -1047>
2012-10-11 13:43:53.625324 7f4409337700 5 filestore(/data/osd.0) _journaled_ahead 0x2e76d70 seq 4298 osr(1.9b 0x2adbe90) 0x311e000 -1046>
2012-10-11 13:43:53.625335 7f440a339700 5 throttle(filestore_bytes 0x1dc53a8) put 65 (0xb7c748 -> 65) -1045>
2012-10-11 13:43:53.625338 7f4409337700 5 filestore(/data/osd.0) queue_op 0x2e76d70 seq 4298 osr(1.9b 0x2adbe90) 60 bytes (queue has 455 ops and 225660 bytes) -1044>
2012-10-11 13:43:53.625339 7f440a339700 5 journal put_throttle finished 1 ops and 65 bytes, now 1 ops and 65 bytes -1043>
2012-10-11 13:43:53.637225 7f440a339700 5 throttle(filestore_ops 0x1dc5328) put 1 (0xb7c748 -> 0) -1042>
2012-10-11 13:43:53.637240 7f440a339700 5 throttle(filestore_bytes 0x1dc53a8) put 65 (0xb7c748 -> 0) -1041>
2012-10-11 13:43:53.637233 7f4409337700 5 filestore(/data/osd.0) _journaled_ahead 0x2e76690 seq 4299 osr(0.9d 0x2130ed0) 0x311e2d0 -1040>
2012-10-11 13:43:53.637244 7f440a339700 5 journal put_throttle finished 1 ops and 65 bytes, now 0 ops and 0 bytes -1039>
2012-10-11 13:43:53.637258 7f4409337700 5 filestore(/data/osd.0) queue_op 0x2e76690 seq 4299 osr(0.9d 0x2130ed0) 60 bytes (queue has 455 ops and 225660 bytes) -1038>
2012-10-11 13:43:53.638208 7f4408b36700 5 filestore(/data/osd.0) _do_op 0x2513730 seq 3847 osr(0.7d 0x2130a50)/0x2130a50 start -1037>
2012-10-11 13:43:53.638313 7f4401226700 5 filestore(/data/osd.0) queue_transactions existing osr(0.a1 0x2468170)/0x2468170 -1036>
2012-10-11 13:43:53.638332 7f4401226700 5 throttle(filestore_ops 0x1dc5328) wait -1035>
2012-10-11 13:43:53.638335 7f4401226700 5 throttle(filestore_bytes 0x1dc53a8) wait -1034>
2012-10-11 13:43:53.638337 7f4401226700 5 filestore(/data/osd.0) queue_transactions (writeahead) 4300 0x311e3f0 -1033>
2012-10-11 13:43:53.638345 7f4401226700 5 journal submit_entry seq 4300 len 65 (0x2881cc0) -1032>
2012-10-11 13:43:53.638350 7f4401226700 5 throttle(filestore_ops 0x1dc5328) take 1 -1031>
2012-10-11 13:43:53.638353 7f4401226700 5 throttle(filestore_bytes 0x1dc53a8) take 65 -1030>
2012-10-11 13:43:53.639244 7f4408335700 5 filestore(/data/osd.0) _do_op 0x25134b0 seq 3848 osr(0.b6 0x2468580)/0x2468580 start -1029>
2012-10-11 13:43:53.639329 7f4401226700 5 filestore(/data/osd.0) queue_transactions existing osr(0.b3 0x2468210)/0x2468210 -1028>
2012-10-11 13:43:53.639349 7f4401226700 5 throttle(filestore_ops 0x1dc5328) wait -1027>
2012-10-11 13:43:53.639351 7f4401226700 5 throttle(filestore_bytes 0x1dc53a8) wait -1026>
2012-10-11 13:43:53.639353 7f4401226700 5 filestore(/data/osd.0) queue_transactions (writeahead) 4301 0x2f217e0 -1025>
2012-10-11 13:43:53.639358 7f4401226700 5 journal submit_entry seq 4301 len 65 (0x2827780) -1024>
2012-10-11 13:43:53.639361 7f4401226700 5 throttle(filestore_ops 0x1dc5328) take 1 -1023>
2012-10-11 13:43:53.639364 7f4401226700 5 throttle(filestore_bytes 0x1dc53a8) take 65 -1022>
2012-10-11 13:43:53.640523 7f4408b36700 5 filestore(/data/osd.0) _do_op 0x2513410 seq 3849 osr(0.8f 0x2130e30)/0x2130e30 start -1021>
2012-10-11 13:43:53.641894 7f4408b36700 5 filestore(/data/osd.0) _do_op 0x26b1c80 seq 3850 osr(0.94 0x2130d40)/0x2130d40 start -1020>
2012-10-11 13:43:53.643178 7f4408b36700 5 filestore(/data/osd.0) _do_op 0x2513000 seq 3851 osr(0.b7 0x2468550)/0x2468550 start -1019>
2012-10-11 13:43:53.648625 7f440a339700 5 throttle(filestore_ops 0x1dc5328) put 1 (0xb7c748 -> 1) -1018>
2012-10-11 13:43:53.648653 7f440a339700 5 throttle(filestore_bytes 0x1dc53a8) put 65 (0xb7c748 -> 65) -1017>
2012-10-11 13:43:53.648667 7f440a339700 5 journal put_throttle finished 1 ops and 65 bytes, now 1 ops and 65 bytes -1016>
2012-10-11 13:43:53.648661 7f4409337700 5 filestore(/data/osd.0) _journaled_ahead 0x2e319b0 seq 4300 osr(0.a1 0x2468170) 0x311e3f0 -1015>
2012-10-11 13:43:53.648693 7f4409337700 5 filestore(/data/osd.0) queue_op 0x2e319b0 seq 4300 osr(0.a1 0x2468170) 60 bytes (queue has 452 ops and 222619 bytes) -1014>
2012-10-11 13:43:53.658439 7f4408335700 5 filestore(/data/osd.0) _do_op 0x1e1bfa0 seq 3852 osr(1.7c 0x2adb860)/0x2adb860 start -1013>
2012-10-11 13:43:53.658545 7f4401226700 5 filestore(/data/osd.0) queue_transactions existing osr(0.b6 0x2468580)/0x2468580 -1012>
2012-10-11 13:43:53.658563 7f4401226700 5 throttle(filestore_ops 0x1dc5328) wait -1011>
2012-10-11 13:43:53.658565 7f4401226700 5 throttle(filestore_bytes 0x1dc53a8) wait -1010>
2012-10-11 13:43:53.658567 7f4401226700 5 filestore(/data/osd.0) queue_transactions (writeahead) 4302 0x2f212d0 -1009>
2012-10-11 13:43:53.658576 7f4401226700 5 journal submit_entry seq 4302 len 65 (0x2827120) -1008>
2012-10-11 13:43:53.658582 7f4401226700 5 throttle(filestore_ops 0x1dc5328) take 1 -1007>
2012-10-11 13:43:53.658585 7f4401226700 5 throttle(filestore_bytes 0x1dc53a8) take 65 -1006>
2012-10-11 13:43:53.659811 7f4408335700 5 filestore(/data/osd.0) _do_op 0x2513e60 seq 3853 osr(0.b8 0x2468520)/0x2468520 start -1005>
2012-10-11 13:43:53.662601 7f440a339700 5 throttle(filestore_ops 0x1dc5328) put 1 (0xb7c748 -> 1) -1004>
2012-10-11 13:43:53.662616 7f440a339700 5 throttle(filestore_bytes 0x1dc53a8) put 65 (0xb7c748 -> 65) -1003>
2012-10-11 13:43:53.662620 7f440a339700 5 journal put_throttle finished 1 ops and 65 bytes, now 1 ops and 65 bytes -1002>
2012-10-11 13:43:53.662622 7f4409337700 5 filestore(/data/osd.0) _journaled_ahead 0x3323500 seq 4301 osr(0.b3 0x2468210) 0x2f217e0 -1001>
2012-10-11 13:43:53.662638 7f4409337700 5 filestore(/data/osd.0) queue_op 0x3323500 seq 4301 osr(0.b3 0x2468210) 60 bytes (queue has 451 ops and 221431 bytes) -1000>
2012-10-11 13:43:53.667014 7f4408b36700 5 filestore(/data/osd.0) _do_op 0x2513cd0 seq 3854 osr(0.bb 0x2468490)/0x2468490 start -999>
2012-10-11 13:43:53.667116 7f4401226700 5 filestore(/data/osd.0) queue_transactions existing osr(0.b7 0x2468550)/0x2468550 -998>
2012-10-11 13:43:53.667134 7f4401226700 5 throttle(filestore_ops 0x1dc5328) wait -997>
2012-10-11 13:43:53.667138 7f4401226700 5 throttle(filestore_bytes 0x1dc53a8) wait -996>
2012-10-11 13:43:53.667142 7f4401226700 5 filestore(/data/osd.0) queue_transactions (writeahead) 4303 0x2bd6990 -995>
2012-10-11 13:43:53.667149 7f4401226700 5 journal submit_entry seq 4303 len 65 (0x2d19300) -994>
2012-10-11 13:43:53.667155 7f4401226700 5 throttle(filestore_ops 0x1dc5328) take 1 -993>
2012-10-11 13:43:53.667158 7f4401226700 5 throttle(filestore_bytes 0x1dc53a8) take 65 -992>
2012-10-11 13:43:53.669908 7f4409337700 5 filestore(/data/osd.0) _journaled_ahead 0x33239b0 seq 4302 osr(0.b6 0x2468580) 0x2f212d0 -991>
2012-10-11 13:43:53.669926 7f4409337700 5 filestore(/data/osd.0) queue_op 0x33239b0 seq 4302 osr(0.b6 0x2468580) 60 bytes (queue has 451 ops and 221292 bytes) -990>
2012-10-11 13:43:53.669939 7f440a339700 5 throttle(filestore_ops 0x1dc5328) put 1 (0xb7c748 -> 1) -989>
2012-10-11 13:43:53.669943 7f440a339700 5 throttle(filestore_bytes 0x1dc53a8) put 65 (0xb7c748 -> 65) -988>
2012-10-11 13:43:53.669946 7f440a339700 5 journal put_throttle finished 1 ops and 65 bytes, now 1 ops and 65 bytes -987>
2012-10-11 13:43:53.671136 7f4408335700 5 filestore(/data/osd.0) _do_op 0x28289b0 seq 3855 osr(1.8e 0x2adbd00)/0x2adbd00 start -986>
2012-10-11 13:43:53.671247 7f4401226700 5 filestore(/data/osd.0) queue_transactions existing osr(0.b8 0x2468520)/0x2468520 -985>
2012-10-11 13:43:53.671269 7f4401226700 5 throttle(filestore_ops 0x1dc5328) wait -984>
2012-10-11 13:43:53.671272 7f4401226700 5 throttle(filestore_bytes 0x1dc53a8) wait -983>
2012-10-11 13:43:53.671273 7f4401226700 5 filestore(/data/osd.0) queue_transactions (writeahead) 4304 0x2bd6240 -982>
2012-10-11 13:43:53.671279 7f4401226700 5 journal submit_entry seq 4304 len 65 (0x2d19a80) -981>
2012-10-11 13:43:53.671282 7f4401226700 5 throttle(filestore_ops 0x1dc5328) take 1 -980>
2012-10-11 13:43:53.671284 7f4401226700 5 throttle(filestore_bytes 0x1dc53a8) take 65 -979>
2012-10-11 13:43:53.672547 7f4408335700 5 filestore(/data/osd.0) _do_op 0x30601e0 seq 3856 osr(1.93 0x2adbc10)/0x2adbc10 start -978>
2012-10-11 13:43:53.673457 7f4402228700 1 -- 149.165.228.10:6802/338 --> osd.1 149.165.228.10:6805/1098 -- osd_sub_op(osd.0.0:21 1.8e c4405e8e/608.00000000/head//1 [push] v 3'1 snapset=0=[]:[] snapc=0=[]) v7 -- ?+0 0x2fbf400 -977>
2012-10-11 13:43:53.674138 7f4402228700 1 -- 149.165.228.10:6802/338 --> osd.1 149.165.228.10:6805/1098 -- pg_info(1 pgs e8:1.d8) v3 -- ?+0 0x2337700 -976>
2012-10-11 13:43:53.674156 7f4408335700 5 filestore(/data/osd.0) _do_op 0x2574820 seq 3857 osr(0.cb 0x2468990)/0x2468990 start -975>
2012-10-11 13:43:53.674188 7f4402228700 5 filestore(/data/osd.0) queue_transactions existing osr(1.d8 0x2e38b20)/0x2e38b20 -974>
2012-10-11 13:43:53.674195 7f4402228700 5 throttle(filestore_ops 0x1dc5328) wait -973>
2012-10-11 13:43:53.674197 7f4402228700 5 throttle(filestore_bytes 0x1dc53a8) wait -972>
2012-10-11 13:43:53.674199 7f4402228700 5 filestore(/data/osd.0) queue_transactions (writeahead) 4305 0x2f21630 -971>
2012-10-11 13:43:53.674204 7f4402228700 5 journal submit_entry seq 4305 len 682 (0x2719780) -970>
2012-10-11 13:43:53.674207 7f4402228700 5 throttle(filestore_ops 0x1dc5328) take 1 -969>
2012-10-11 13:43:53.674209 7f4402228700 5 throttle(filestore_bytes 0x1dc53a8) take 682 -968>
2012-10-11 13:43:53.674222 7f4402228700 1 -- 149.165.228.10:6802/338 --> osd.1 149.165.228.10:6805/1098 -- pg_info(1 pgs e8:0.d9) v3 -- ?+0 0x2337e00 -967>
2012-10-11 13:43:53.674250 7f4402228700 5 filestore(/data/osd.0) queue_transactions existing osr(0.d9 0x2468af0)/0x2468af0 -966>
2012-10-11 13:43:53.674255 7f4402228700 5 throttle(filestore_ops 0x1dc5328) wait -965>
2012-10-11 13:43:53.674256 7f4402228700 5 throttle(filestore_bytes 0x1dc53a8) wait -964>
2012-10-11 13:43:53.674259 7f4402228700 5 filestore(/data/osd.0) queue_transactions (writeahead) 4306 0x2f21750 -963>
2012-10-11 13:43:53.674263 7f4402228700 5 journal submit_entry seq 4306 len 682 (0x341c000) -962>
2012-10-11 13:43:53.674266 7f4402228700 5 throttle(filestore_ops 0x1dc5328) take 1 -961>
2012-10-11 13:43:53.674268 7f4402228700 5 throttle(filestore_bytes 0x1dc53a8) take 682 -960>
2012-10-11 13:43:53.674282 7f4402228700 1 -- 149.165.228.10:6802/338 --> osd.1 149.165.228.10:6805/1098 -- pg_info(1 pgs e8:2.da) v3 -- ?+0 0x3099380 -959>
2012-10-11 13:43:53.674309 7f4402228700 5 filestore(/data/osd.0) queue_transactions existing osr(2.da 0x25cf120)/0x25cf120 -958>
2012-10-11 13:43:53.674313 7f4402228700 5 throttle(filestore_ops 0x1dc5328) wait -957>
2012-10-11 13:43:53.674315 7f4402228700 5 throttle(filestore_bytes 0x1dc53a8) wait -956>
2012-10-11 13:43:53.674317 7f4402228700 5 filestore(/data/osd.0) queue_transactions (writeahead) 4307 0x2f21120 -955>
2012-10-11 13:43:53.674321 7f4402228700 5 journal submit_entry seq 4307 len 682 (0x31a16f0) -954>
2012-10-11 13:43:53.674323 7f4402228700 5 throttle(filestore_ops 0x1dc5328) take 1 -953>
2012-10-11 13:43:53.674326 7f4402228700 5 throttle(filestore_bytes 0x1dc53a8) take 682 -952>
2012-10-11 13:43:53.674337 7f4402228700 1 -- 149.165.228.10:6802/338 --> osd.1 149.165.228.10:6805/1098 -- pg_info(1 pgs e8:2.d5) v3 -- ?+0 0x30991c0 -951>
2012-10-11 13:43:53.674363 7f4402228700 5 filestore(/data/osd.0) queue_transactions existing osr(2.d5 0x25cf210)/0x25cf210 -950>
2012-10-11 13:43:53.674367 7f4402228700 5 throttle(filestore_ops 0x1dc5328) wait -949>
2012-10-11 13:43:53.674369 7f4402228700 5 throttle(filestore_bytes 0x1dc53a8) wait -948>
2012-10-11 13:43:53.674371 7f4402228700 5 filestore(/data/osd.0) queue_transactions (writeahead) 4308 0x2f216c0 -947>
2012-10-11 13:43:53.674375 7f4402228700 5 journal submit_entry seq 4308 len 682 (0x2a69b40) -946>
2012-10-11 13:43:53.674378 7f4402228700 5 throttle(filestore_ops 0x1dc5328) take 1 -945>
2012-10-11 13:43:53.674381 7f4402228700 5 throttle(filestore_bytes 0x1dc53a8) take 682 -944>
2012-10-11 13:43:53.674393 7f440532f700 5 --OSD::tracker-- reqid: unknown.0.0:0, seq: 1846, time:
2012-10-11 13:43:53.674392, event: done, request: pg_info(1 pgs e8:1.8e) v3 -943>
2012-10-11 13:43:53.674421 7f440532f700 5 throttle(msgr_dispatch_throttler-cluster 0x1d9b088) put 471 (0xb7c748 -> 71717) -942>
2012-10-11 13:43:53.674431 7f440532f700 1 -- 149.165.228.10:6802/338 <== osd.2 149.165.228.10:6808/1657 741 ==== osd pg remove(epoch 8; pg0.21; ) v1 ==== 25+0+0 (3573557037 0 0) 0x256e1c0 con 0x2fe2280 -941>
2012-10-11 13:43:53.674452 7f440532f700 5 --OSD::tracker-- reqid: unknown.0.0:0, seq: 1847, time:
2012-10-11 13:43:51.017051, event: header_read, request: osd pg remove(epoch 8; pg0.21; ) v1 -940>
2012-10-11 13:43:53.674461 7f440532f700 5 --OSD::tracker-- reqid: unknown.0.0:0, seq: 1847, time:
2012-10-11 13:43:51.017053, event: throttled, request: osd pg remove(epoch 8; pg0.21; ) v1 -939>
2012-10-11 13:43:53.674469 7f440532f700 5 --OSD::tracker-- reqid: unknown.0.0:0, seq: 1847, time:
2012-10-11 13:43:51.017057, event: all_read, request: osd pg remove(epoch 8; pg0.21; ) v1 -938>
2012-10-11 13:43:53.674476 7f440532f700 5 --OSD::tracker-- reqid: unknown.0.0:0, seq: 1847, time:
2012-10-11 13:43:53.674450, event: dispatched, request: osd pg remove(epoch 8; pg0.21; ) v1 -937>
2012-10-11 13:43:53.674484 7f440532f700 5 --OSD::tracker-- reqid: unknown.0.0:0, seq: 1847, time:
2012-10-11 13:43:53.674484, event: waiting_for_osdmap, request: osd pg remove(epoch 8; pg0.21; ) v1 -936>
2012-10-11 13:43:53.674497 7f440532f700 5 --OSD::tracker-- reqid: unknown.0.0:0, seq: 1847, time:
2012-10-11 13:43:53.674497, event: started, request: osd pg remove(epoch 8; pg0.21; ) v1 -935>
2012-10-11 13:43:53.674504 7f440532f700 5 osd.0 8 queue_pg_for_deletion: 0.21 -934>
2012-10-11 13:43:53.674534 7f440532f700 5 filestore(/data/osd.0) queue_transactions existing osr(0.21 0x1d71970)/0x1d71970 -933>
2012-10-11 13:43:53.674540 7f440532f700 5 throttle(filestore_ops 0x1dc5328) wait -932>
2012-10-11 13:43:53.674542 7f440532f700 5 throttle(filestore_bytes 0x1dc53a8) wait -931>
2012-10-11 13:43:53.674544 7f440532f700 5 filestore(/data/osd.0) queue_transactions (writeahead) 4309 0x2d2d510 -930>
2012-10-11 13:43:53.674549 7f440532f700 5 journal submit_entry seq 4309 len 205 (0x1f9c450) -929>
2012-10-11 13:43:53.674553 7f440532f700 5 throttle(filestore_ops 0x1dc5328) take 1 -928>
2012-10-11 13:43:53.674555 7f440532f700 5 throttle(filestore_bytes 0x1dc53a8) take 205 -927>
2012-10-11 13:43:53.674589 7f440532f700 5 --OSD::tracker-- reqid: unknown.0.0:0, seq: 1847, time:
2012-10-11 13:43:53.674589, event: done, request: osd pg remove(epoch 8; pg0.21; ) v1 -926>
2012-10-11 13:43:53.674603 7f440532f700 5 throttle(msgr_dispatch_throttler-cluster 0x1d9b088) put 25 (0xb7c748 -> 71692) -925>
2012-10-11 13:43:53.674607 7f440532f700 1 -- 149.165.228.10:6802/338 <== osd.1 149.165.228.10:6805/1098 1086 ==== pg_info(1 pgs e8:1.93) v3 ==== 471+0+0 (3502180230 0 0) 0x28d1c40 con 0x2fe2140 -924>
2012-10-11 13:43:53.674622 7f440532f700 5 --OSD::tracker-- reqid: unknown.0.0:0, seq: 1848, time:
2012-10-11 13:43:50.937308, event: header_read, request: pg_info(1 pgs e8:1.93) v3 -923>
2012-10-11 13:43:53.674635 7f440532f700 5 --OSD::tracker-- reqid: unknown.0.0:0, seq: 1848, time:
2012-10-11 13:43:50.937310, event: throttled, request: pg_info(1 pgs e8:1.93) v3 -922>
2012-10-11 13:43:53.674642 7f440532f700 5 --OSD::tracker-- reqid: unknown.0.0:0, seq: 1848, time:
2012-10-11 13:43:50.937318, event: all_read, request: pg_info(1 pgs e8:1.93) v3 -921>
2012-10-11 13:43:53.674648 7f440532f700 5 --OSD::tracker-- reqid: unknown.0.0:0, seq: 1848, time:
2012-10-11 13:43:53.674620, event: dispatched, request: pg_info(1 pgs e8:1.93) v3 -920>
2012-10-11 13:43:53.674636 7f4402228700 1 -- 149.165.228.10:6802/338 --> osd.1 149.165.228.10:6805/1098 -- pg_info(1 pgs e8:1.d6) v3 -- ?+0 0x3099c40 -919>
2012-10-11 13:43:53.674655 7f440532f700 5 --OSD::tracker-- reqid: unknown.0.0:0, seq: 1848, time:
2012-10-11 13:43:53.674655, event: waiting_for_osdmap, request: pg_info(1 pgs e8:1.93) v3 -918>
2012-10-11 13:43:53.674664 7f440532f700 5 --OSD::tracker-- reqid: unknown.0.0:0, seq: 1848, time:
2012-10-11 13:43:53.674664, event: started, request: pg_info(1 pgs e8:1.93) v3 -917>
2012-10-11 13:43:53.674688 7f4402228700 5 filestore(/data/osd.0) queue_transactions existing osr(1.d6 0x2e38b80)/0x2e38b80 -916>
2012-10-11 13:43:53.674697 7f4402228700 5 throttle(filestore_ops 0x1dc5328) wait -915>
2012-10-11 13:43:53.674700 7f4402228700 5 throttle(filestore_bytes 0x1dc53a8) wait -914>
2012-10-11 13:43:53.674702 7f4402228700 5 filestore(/data/osd.0) queue_transactions (writeahead) 4310 0x250e5a0 -913>
2012-10-11 13:43:53.674706 7f4402228700 5 journal submit_entry seq 4310 len 682 (0x31a1480) -912>
2012-10-11 13:43:53.674709 7f4402228700 5 throttle(filestore_ops 0x1dc5328) take 1 -911>
2012-10-11 13:43:53.674712 7f4402228700 5 throttle(filestore_bytes 0x1dc53a8) take 682 -910>
2012-10-11 13:43:53.674726 7f4402228700 1 -- 149.165.228.10:6802/338 --> osd.1 149.165.228.10:6805/1098 -- pg_info(1 pgs e8:0.d7) v3 -- ?+0 0x2f4fc40 -909>
2012-10-11 13:43:53.674757 7f4402228700 5 filestore(/data/osd.0) queue_transactions existing osr(0.d7 0x2468b50)/0x2468b50 -908>
2012-10-11 13:43:53.674764 7f4402228700 5 throttle(filestore_ops 0x1dc5328) wait -907>
2012-10-11 13:43:53.674766 7f4402228700 5 throttle(filestore_bytes 0x1dc53a8) wait -906>
2012-10-11 13:43:53.674768 7f4402228700 5 filestore(/data/osd.0) queue_transactions (writeahead) 4311 0x250e6c0 -905>
2012-10-11 13:43:53.674774 7f4402228700 5 journal submit_entry seq 4311 len 682 (0x2a69780) -904>
2012-10-11 13:43:53.674782 7f4402228700 5 throttle(filestore_ops 0x1dc5328) take 1 -903>
2012-10-11 13:43:53.674784 7f4402228700 5 throttle(filestore_bytes 0x1dc53a8) take 682 -902>
2012-10-11 13:43:53.674796 7f4402228700 1 -- 149.165.228.10:6802/338 --> osd.1 149.165.228.10:6805/1098 -- pg_info(1 pgs e8:2.d7) v3 -- ?+0 0x2f4fa80 -901>
2012-10-11 13:43:53.674825 7f4402228700 5 filestore(/data/osd.0) queue_transactions existing osr(2.d7 0x25cf1b0)/0x25cf1b0 -900>
2012-10-11 13:43:53.674832 7f4402228700 5 throttle(filestore_ops 0x1dc5328) wait -899>
2012-10-11 13:43:53.674834 7f4402228700 5 throttle(filestore_bytes 0x1dc53a8) wait -898>
2012-10-11 13:43:53.674836 7f4402228700 5 filestore(/data/osd.0) queue_transactions (writeahead) 4312 0x250ebd0 -897>
2012-10-11 13:43:53.674840 7f4402228700 5 journal submit_entry seq 4312 len 682 (0x2a64c00) -896>
2012-10-11 13:43:53.674845 7f4402228700 5 throttle(filestore_ops 0x1dc5328) take 1 -895>
2012-10-11 13:43:53.674848 7f4402228700 5 throttle(filestore_bytes 0x1dc53a8) take 682 -894>
2012-10-11 13:43:53.674862 7f4402228700 1 -- 149.165.228.10:6802/338 --> osd.1 149.165.228.10:6805/1098 -- pg_info(1 pgs e8:1.d4) v3 -- ?+0 0x2f4f8c0 -893>
2012-10-11 13:43:53.674891 7f4402228700 5 filestore(/data/osd.0) queue_transactions existing osr(1.d4 0x2e38be0)/0x2e38be0 -892>
2012-10-11 13:43:53.674897 7f4402228700 5 throttle(filestore_ops 0x1dc5328) wait -891>
2012-10-11 13:43:53.674899 7f4402228700 5 throttle(filestore_bytes 0x1dc53a8) wait -890>
2012-10-11 13:43:53.674901 7f4402228700 5 filestore(/data/osd.0) queue_transactions (writeahead) 4313 0x250ee10 -889>
2012-10-11 13:43:53.674907 7f4402228700 5 journal submit_entry seq 4313 len 682 (0x1e86870) -888>
2012-10-11 13:43:53.674912 7f4402228700 5 throttle(filestore_ops 0x1dc5328) take 1 -887>
2012-10-11 13:43:53.674914 7f4402228700 5 throttle(filestore_bytes 0x1dc53a8) take 682 -886>
2012-10-11 13:43:53.674928 7f4402228700 1 -- 149.165.228.10:6802/338 --> osd.1 149.165.228.10:6805/1098 -- pg_info(1 pgs e8:0.d5) v3 -- ?+0 0x3257000 -885>
2012-10-11 13:43:53.674956 7f4402228700 5 filestore(/data/osd.0) queue_transactions existing osr(0.d5 0x2468bb0)/0x2468bb0 -884>
2012-10-11 13:43:53.674963 7f4402228700 5 throttle(filestore_ops 0x1dc5328) wait -883>
2012-10-11 13:43:53.674965 7f4402228700 5 throttle(filestore_bytes 0x1dc53a8) wait -882>
2012-10-11 13:43:53.674967 7f4402228700 5 filestore(/data/osd.0) queue_transactions (writeahead) 4314 0x250ecf0 -881>
2012-10-11 13:43:53.674973 7f4402228700 5 journal submit_entry seq 4314 len 682 (0x292e180) -880>
2012-10-11 13:43:53.674977 7f4402228700 5 throttle(filestore_ops 0x1dc5328) take 1 -879>
2012-10-11 13:43:53.674980 7f4402228700 5 throttle(filestore_bytes 0x1dc53a8) take 682 -878>
2012-10-11 13:43:53.674991 7f4402228700 1 -- 149.165.228.10:6802/338 --> osd.1 149.165.228.10:6805/1098 -- pg_info(1 pgs e8:0.d4) v3 -- ?+0 0x3257380 -877>
2012-10-11 13:43:53.675019 7f4402228700 5 filestore(/data/osd.0) queue_transactions existing osr(0.d4 0x2468be0)/0x2468be0 -876>
