2012-10-11 13:43:50.724536 7f440532f700 5 --OSD::tracker-- reqid: unknown.0.0:0, seq: 1384, time:
2012-10-11 13:43:50.724536, event: waiting_for_osdmap, request: osd pg remove(epoch 7; pg1.d1; ) v1 -9372>
2012-10-11 13:43:50.724540 7f440532f700 5 --OSD::tracker-- reqid: unknown.0.0:0, seq: 1384, time:
2012-10-11 13:43:50.724540, event: started, request: osd pg remove(epoch 7; pg1.d1; ) v1 -9371>
2012-10-11 13:43:50.724544 7f440532f700 5 osd.0 8 queue_pg_for_deletion: 1.d1 -9370>
2012-10-11 13:43:50.724556 7f440532f700 5 filestore(/data/osd.0) queue_transactions existing osr(1.d1 0x2e38870)/0x2e38870 -9369>
2012-10-11 13:43:50.724558 7f440532f700 5 throttle(filestore_ops 0x1dc5328) wait -9368>
2012-10-11 13:43:50.724560 7f440532f700 5 throttle(filestore_bytes 0x1dc53a8) wait -9367>
2012-10-11 13:43:50.724561 7f440532f700 5 filestore(/data/osd.0) queue_transactions (writeahead) 3936 0x2a266c0 -9366>
2012-10-11 13:43:50.724563 7f440532f700 5 journal submit_entry seq 3936 len 204 (0x2eb61b0) -9365>
2012-10-11 13:43:50.724565 7f440532f700 5 throttle(filestore_ops 0x1dc5328) take 1 -9364>
2012-10-11 13:43:50.724566 7f440532f700 5 throttle(filestore_bytes 0x1dc53a8) take 204 -9363>
2012-10-11 13:43:50.723942 7f4402228700 5 filestore(/data/osd.0) queue_transactions existing osr(0.68 0x2130450)/0x2130450 -9362>
2012-10-11 13:43:50.724584 7f440532f700 5 --OSD::tracker-- reqid: unknown.0.0:0, seq: 1384, time:
2012-10-11 13:43:50.724583, event: done, request: osd pg remove(epoch 7; pg1.d1; ) v1 -9361>
2012-10-11 13:43:50.724593 7f440532f700 5 throttle(msgr_dispatch_throttler-cluster 0x1d9b088) put 25 (0xb7c748 -> 123764) -9360>
2012-10-11 13:43:50.724595 7f440532f700 1 -- 149.165.228.10:6802/338 <== osd.2 149.165.228.10:6808/1657 509 ==== osd pg remove(epoch 7; pg1.aa; ) v1 ==== 25+0+0 (884369358 0 0) 0x1ed7000 con 0x2fe2280 -9359>
2012-10-11 13:43:50.724603 7f440532f700 5 --OSD::tracker-- reqid: unknown.0.0:0, seq: 1385, time:
2012-10-11 13:43:49.232345, event: header_read, request: osd pg remove(epoch 7; pg1.aa; ) v1 -9358>
2012-10-11 13:43:50.724608 7f440532f700 5 --OSD::tracker-- reqid: unknown.0.0:0, seq: 1385, time:
2012-10-11 13:43:49.232347, event: throttled, request: osd pg remove(epoch 7; pg1.aa; ) v1 -9357>
2012-10-11 13:43:50.724612 7f440532f700 5 --OSD::tracker-- reqid: unknown.0.0:0, seq: 1385, time:
2012-10-11 13:43:49.232351, event: all_read, request: osd pg remove(epoch 7; pg1.aa; ) v1 -9356>
2012-10-11 13:43:50.724617 7f440532f700 5 --OSD::tracker-- reqid: unknown.0.0:0, seq: 1385, time:
2012-10-11 13:43:50.724602, event: dispatched, request: osd pg remove(epoch 7; pg1.aa; ) v1 -9355>
2012-10-11 13:43:50.724621 7f440532f700 5 --OSD::tracker-- reqid: unknown.0.0:0, seq: 1385, time:
2012-10-11 13:43:50.724621, event: waiting_for_osdmap, request: osd pg remove(epoch 7; pg1.aa; ) v1 -9354>
2012-10-11 13:43:50.724628 7f440532f700 5 --OSD::tracker-- reqid: unknown.0.0:0, seq: 1385, time:
2012-10-11 13:43:50.724627, event: started, request: osd pg remove(epoch 7; pg1.aa; ) v1 -9353>
2012-10-11 13:43:50.724633 7f440532f700 5 osd.0 8 queue_pg_for_deletion: 1.aa -9352>
2012-10-11 13:43:50.724625 7f4402228700 5 throttle(filestore_ops 0x1dc5328) wait -9351>
2012-10-11 13:43:50.724643 7f4402228700 5 throttle(filestore_bytes 0x1dc53a8) wait -9350>
2012-10-11 13:43:50.724652 7f4402228700 5 filestore(/data/osd.0) queue_transactions (writeahead) 3937 0x1e41b40 -9349>
2012-10-11 13:43:50.724663 7f4402228700 5 journal submit_entry seq 3937 len 926 (0x322e4e0) -9348>
2012-10-11 13:43:50.724669 7f4402228700 5 throttle(filestore_ops 0x1dc5328) take 1 -9347>
2012-10-11 13:43:50.724671 7f4402228700 5 throttle(filestore_bytes 0x1dc53a8) take 926 -9346>
2012-10-11 13:43:50.724703 7f4402228700 1 -- 149.165.228.10:6802/338 --> osd.1 149.165.228.10:6805/1098 -- pg_log(1.5c epoch 8 query_epoch 8) v3 -- ?+0 0x2fc7000 -9345>
2012-10-11 13:43:50.724735 7f4402228700 5 filestore(/data/osd.0) queue_transactions existing osr(1.5c 0x2adb260)/0x2adb260 -9344>
2012-10-11 13:43:50.724739 7f4402228700 5 throttle(filestore_ops 0x1dc5328) wait -9343>
2012-10-11 13:43:50.724740 7f4402228700 5 throttle(filestore_bytes 0x1dc53a8) wait -9342>
2012-10-11 13:43:50.724741 7f4402228700 5 filestore(/data/osd.0) queue_transactions (writeahead) 3938 0x1e41f30 -9341>
2012-10-11 13:43:50.724744 7f4402228700 5 journal submit_entry seq 3938 len 926 (0x292e210) -9340>
2012-10-11 13:43:50.724746 7f4402228700 5 throttle(filestore_ops 0x1dc5328) take 1 -9339>
2012-10-11 13:43:50.724747 7f4402228700 5 throttle(filestore_bytes 0x1dc53a8) take 926 -9338>
2012-10-11 13:43:50.724772 7f4402228700 1 -- 149.165.228.10:6802/338 --> osd.1 149.165.228.10:6805/1098 -- pg_log(1.5d epoch 8 query_epoch 8) v3 -- ?+0 0x1ee9a00 -9337>
2012-10-11 13:43:50.724800 7f4402228700 5 filestore(/data/osd.0) queue_transactions existing osr(1.5d 0x2adb230)/0x2adb230 -9336>
2012-10-11 13:43:50.724804 7f4402228700 5 throttle(filestore_ops 0x1dc5328) wait -9335>
2012-10-11 13:43:50.724805 7f4402228700 5 throttle(filestore_bytes 0x1dc53a8) wait -9334>
2012-10-11 13:43:50.724806 7f4402228700 5 filestore(/data/osd.0) queue_transactions (writeahead) 3939 0x1e41a20 -9333>
2012-10-11 13:43:50.724809 7f4402228700 5 journal submit_entry seq 3939 len 926 (0x292e090) -9332>
2012-10-11 13:43:50.724810 7f4402228700 5 throttle(filestore_ops 0x1dc5328) take 1 -9331>
2012-10-11 13:43:50.724812 7f4402228700 5 throttle(filestore_bytes 0x1dc53a8) take 926 -9330>
2012-10-11 13:43:50.724834 7f4402228700 1 -- 149.165.228.10:6802/338 --> osd.1 149.165.228.10:6805/1098 -- pg_log(1.66 epoch 8 query_epoch 8) v3 -- ?+0 0x1ee9500 -9329>
2012-10-11 13:43:50.724865 7f4402228700 5 filestore(/data/osd.0) queue_transactions existing osr(1.66 0x2adb480)/0x2adb480 -9328>
2012-10-11 13:43:50.724868 7f4402228700 5 throttle(filestore_ops 0x1dc5328) wait -9327>
2012-10-11 13:43:50.724869 7f4402228700 5 throttle(filestore_bytes 0x1dc53a8) wait -9326>
2012-10-11 13:43:50.724870 7f4402228700 5 filestore(/data/osd.0) queue_transactions (writeahead) 3940 0x1e41240 -9325>
2012-10-11 13:43:50.724873 7f4402228700 5 journal submit_entry seq 3940 len 926 (0x3419450) -9324>
2012-10-11 13:43:50.724875 7f4402228700 5 throttle(filestore_ops 0x1dc5328) take 1 -9323>
2012-10-11 13:43:50.724876 7f4402228700 5 throttle(filestore_bytes 0x1dc53a8) take 926 -9322>
2012-10-11 13:43:50.724898 7f4402228700 1 -- 149.165.228.10:6802/338 --> osd.1 149.165.228.10:6805/1098 -- pg_log(1.67 epoch 8 query_epoch 8) v3 -- ?+0 0x1ee9000 -9321>
2012-10-11 13:43:50.724928 7f4402228700 5 filestore(/data/osd.0) queue_transactions existing osr(1.67 0x2adb450)/0x2adb450 -9320>
2012-10-11 13:43:50.724932 7f4402228700 5 throttle(filestore_ops 0x1dc5328) wait -9319>
2012-10-11 13:43:50.724933 7f4402228700 5 throttle(filestore_bytes 0x1dc53a8) wait -9318>
2012-10-11 13:43:50.724934 7f4402228700 5 filestore(/data/osd.0) queue_transactions (writeahead) 3941 0x1e415a0 -9317>
2012-10-11 13:43:50.724937 7f4402228700 5 journal submit_entry seq 3941 len 926 (0x30a1c00) -9316>
2012-10-11 13:43:50.724938 7f4402228700 5 throttle(filestore_ops 0x1dc5328) take 1 -9315>
2012-10-11 13:43:50.724940 7f4402228700 5 throttle(filestore_bytes 0x1dc53a8) take 926 -9314>
2012-10-11 13:43:50.724964 7f4402228700 1 -- 149.165.228.10:6802/338 --> osd.1 149.165.228.10:6805/1098 -- pg_log(2.5b epoch 8 query_epoch 8) v3 -- ?+0 0x2fb3a00 -9313>
2012-10-11 13:43:50.724993 7f4402228700 5 filestore(/data/osd.0) queue_transactions existing osr(2.5b 0x2130170)/0x2130170 -9312>
2012-10-11 13:43:50.724996 7f4402228700 5 throttle(filestore_ops 0x1dc5328) wait -9311>
2012-10-11 13:43:50.724998 7f4402228700 5 throttle(filestore_bytes 0x1dc53a8) wait -9310>
2012-10-11 13:43:50.724999 7f4402228700 5 filestore(/data/osd.0) queue_transactions (writeahead) 3942 0x1e41750 -9309>
2012-10-11 13:43:50.725002 7f4402228700 5 journal submit_entry seq 3942 len 926 (0x2ab5150) -9308>
2012-10-11 13:43:50.725004 7f4402228700 5 throttle(filestore_ops 0x1dc5328) take 1 -9307>
2012-10-11 13:43:50.725005 7f4402228700 5 throttle(filestore_bytes 0x1dc53a8) take 926 -9306>
2012-10-11 13:43:50.725028 7f4402228700 1 -- 149.165.228.10:6802/338 --> osd.1 149.165.228.10:6805/1098 -- pg_log(2.5c epoch 8 query_epoch 8) v3 -- ?+0 0x2fb3500 -9305>
2012-10-11 13:43:50.725056 7f4402228700 5 filestore(/data/osd.0) queue_transactions existing osr(2.5c 0x2130250)/0x2130250 -9304>
2012-10-11 13:43:50.725060 7f4402228700 5 throttle(filestore_ops 0x1dc5328) wait -9303>
2012-10-11 13:43:50.725061 7f4402228700 5 throttle(filestore_bytes 0x1dc53a8) wait -9302>
2012-10-11 13:43:50.725062 7f4402228700 5 filestore(/data/osd.0) queue_transactions (writeahead) 3943 0x1e41e10 -9301>
2012-10-11 13:43:50.725065 7f4402228700 5 journal submit_entry seq 3943 len 926 (0x292e420) -9300>
2012-10-11 13:43:50.725067 7f4402228700 5 throttle(filestore_ops 0x1dc5328) take 1 -9299>
2012-10-11 13:43:50.725068 7f4402228700 5 throttle(filestore_bytes 0x1dc53a8) take 926 -9298>
2012-10-11 13:43:50.725091 7f4402228700 1 -- 149.165.228.10:6802/338 --> osd.1 149.165.228.10:6805/1098 -- pg_log(2.65 epoch 8 query_epoch 8) v3 -- ?+0 0x2fb3000 -9297>
2012-10-11 13:43:50.725119 7f4402228700 5 filestore(/data/osd.0) queue_transactions existing osr(2.65 0x21305b0)/0x21305b0 -9296>
2012-10-11 13:43:50.725123 7f4402228700 5 throttle(filestore_ops 0x1dc5328) wait -9295>
2012-10-11 13:43:50.725124 7f4402228700 5 throttle(filestore_bytes 0x1dc53a8) wait -9294>
2012-10-11 13:43:50.725125 7f4402228700 5 filestore(/data/osd.0) queue_transactions (writeahead) 3944 0x22b9ab0 -9293>
2012-10-11 13:43:50.725128 7f4402228700 5 journal submit_entry seq 3944 len 926 (0x322e420) -9292>
2012-10-11 13:43:50.725130 7f4402228700 5 throttle(filestore_ops 0x1dc5328) take 1 -9291>
2012-10-11 13:43:50.725131 7f4402228700 5 throttle(filestore_bytes 0x1dc53a8) take 926 -9290>
2012-10-11 13:43:50.725154 7f4402228700 1 -- 149.165.228.10:6802/338 --> osd.1 149.165.228.10:6805/1098 -- pg_log(2.66 epoch 8 query_epoch 8) v3 -- ?+0 0x2633a00 -9289>
2012-10-11 13:43:50.725182 7f4402228700 5 filestore(/data/osd.0) queue_transactions existing osr(2.66 0x21302e0)/0x21302e0 -9288>
2012-10-11 13:43:50.725185 7f4402228700 5 throttle(filestore_ops 0x1dc5328) wait -9287>
2012-10-11 13:43:50.725186 7f4402228700 5 throttle(filestore_bytes 0x1dc53a8) wait -9286>
2012-10-11 13:43:50.725187 7f4402228700 5 filestore(/data/osd.0) queue_transactions (writeahead) 3945 0x22b9ea0 -9285>
2012-10-11 13:43:50.725191 7f4402228700 5 journal submit_entry seq 3945 len 926 (0x2ffdea0) -9284>
2012-10-11 13:43:50.725192 7f4402228700 5 throttle(filestore_ops 0x1dc5328) take 1 -9283>
2012-10-11 13:43:50.725194 7f4402228700 5 throttle(filestore_bytes 0x1dc53a8) take 926 -9282>
2012-10-11 13:43:50.725228 7f4402228700 5 filestore(/data/osd.0) queue_transactions existing osr(2.57 0x3176880)/0x3176880 -9281>
2012-10-11 13:43:50.725233 7f4402228700 5 throttle(filestore_ops 0x1dc5328) wait -9280>
2012-10-11 13:43:50.725234 7f4402228700 5 throttle(filestore_bytes 0x1dc53a8) wait -9279>
2012-10-11 13:43:50.725235 7f4402228700 5 filestore(/data/osd.0) queue_transactions (writeahead) 3946 0x22b9cf0 -9278>
2012-10-11 13:43:50.725238 7f4402228700 5 journal submit_entry seq 3946 len 926 (0x1ee57b0) -9277>
2012-10-11 13:43:50.725240 7f4402228700 5 throttle(filestore_ops 0x1dc5328) take 1 -9276>
2012-10-11 13:43:50.725242 7f4402228700 5 throttle(filestore_bytes 0x1dc53a8) take 926 -9275>
2012-10-11 13:43:50.724644 7f440532f700 5 filestore(/data/osd.0) queue_transactions existing osr(1.aa 0x2e383c0)/0x2e383c0 -9274>
2012-10-11 13:43:50.725275 7f440532f700 5 throttle(filestore_ops 0x1dc5328) wait -9273>
2012-10-11 13:43:50.725278 7f440532f700 5 throttle(filestore_bytes 0x1dc53a8) wait -9272>
2012-10-11 13:43:50.725281 7f440532f700 5 filestore(/data/osd.0) queue_transactions (writeahead) 3947 0x2a267e0 -9271>
2012-10-11 13:43:50.725284 7f440532f700 5 journal submit_entry seq 3947 len 204 (0x2ffd1b0) -9270>
2012-10-11 13:43:50.725286 7f440532f700 5 throttle(filestore_ops 0x1dc5328) take 1 -9269>
2012-10-11 13:43:50.725287 7f440532f700 5 throttle(filestore_bytes 0x1dc53a8) take 204 -9268>
2012-10-11 13:43:50.725309 7f440532f700 5 --OSD::tracker-- reqid: unknown.0.0:0, seq: 1385, time:
2012-10-11 13:43:50.725309, event: done, request: osd pg remove(epoch 7; pg1.aa; ) v1 -9267>
2012-10-11 13:43:50.725324 7f440532f700 5 throttle(msgr_dispatch_throttler-cluster 0x1d9b088) put 25 (0xb7c748 -> 123739) -9266>
2012-10-11 13:43:50.725327 7f440532f700 1 -- 149.165.228.10:6802/338 <== osd.1 149.165.228.10:6805/1098 854 ==== osd pg remove(epoch 7; pg1.dd; ) v1 ==== 25+0+0 (1570358741 0 0) 0x1eb4e00 con 0x2fe2140 -9265>
2012-10-11 13:43:50.725338 7f440532f700 5 --OSD::tracker-- reqid: unknown.0.0:0, seq: 1386, time:
2012-10-11 13:43:48.854825, event: header_read, request: osd pg remove(epoch 7; pg1.dd; ) v1 -9264>
2012-10-11 13:43:50.725344 7f440532f700 5 --OSD::tracker-- reqid: unknown.0.0:0, seq: 1386, time:
2012-10-11 13:43:48.854827, event: throttled, request: osd pg remove(epoch 7; pg1.dd; ) v1 -9263>
2012-10-11 13:43:50.725348 7f440532f700 5 --OSD::tracker-- reqid: unknown.0.0:0, seq: 1386, time:
2012-10-11 13:43:48.854832, event: all_read, request: osd pg remove(epoch 7; pg1.dd; ) v1 -9262>
2012-10-11 13:43:50.725352 7f440532f700 5 --OSD::tracker-- reqid: unknown.0.0:0, seq: 1386, time:
2012-10-11 13:43:50.725337, event: dispatched, request: osd pg remove(epoch 7; pg1.dd; ) v1 -9261>
2012-10-11 13:43:50.725357 7f440532f700 5 --OSD::tracker-- reqid: unknown.0.0:0, seq: 1386, time:
2012-10-11 13:43:50.725357, event: waiting_for_osdmap, request: osd pg remove(epoch 7; pg1.dd; ) v1 -9260>
2012-10-11 13:43:50.725363 7f440532f700 5 --OSD::tracker-- reqid: unknown.0.0:0, seq: 1386, time:
2012-10-11 13:43:50.725363, event: started, request: osd pg remove(epoch 7; pg1.dd; ) v1 -9259>
2012-10-11 13:43:50.725368 7f440532f700 5 osd.0 8 queue_pg_for_deletion: 1.dd -9258>
2012-10-11 13:43:50.725384 7f440532f700 5 filestore(/data/osd.0) queue_transactions existing osr(1.dd 0x2e38a30)/0x2e38a30 -9257>
2012-10-11 13:43:50.725389 7f440532f700 5 throttle(filestore_ops 0x1dc5328) wait -9256>
2012-10-11 13:43:50.725390 7f440532f700 5 throttle(filestore_bytes 0x1dc53a8) wait -9264>
2012-10-11 13:43:50.725391 7f440532f700 5 filestore(/data/osd.0) queue_transactions (writeahead) 3948 0x3074ab0 -9263>
2012-10-11 13:43:50.725395 7f440532f700 5 journal submit_entry seq 3948 len 204 (0x2e65720) -9262>
2012-10-11 13:43:50.725396 7f440532f700 5 throttle(filestore_ops 0x1dc5328) take 1 -9261>
2012-10-11 13:43:50.725398 7f440532f700 5 throttle(filestore_bytes 0x1dc53a8) take 204 -9260>
2012-10-11 13:43:50.725412 7f440532f700 5 --OSD::tracker-- reqid: unknown.0.0:0, seq: 1386, time:
2012-10-11 13:43:50.725412, event: done, request: osd pg remove(epoch 7; pg1.dd; ) v1 -9259>
2012-10-11 13:43:50.725422 7f440532f700 5 throttle(msgr_dispatch_throttler-cluster 0x1d9b088) put 25 (0xb7c748 -> 123714) -9258>
2012-10-11 13:43:50.725426 7f440532f700 1 -- 149.165.228.10:6802/338 <== osd.2 149.165.228.10:6808/1657 510 ==== osd pg remove(epoch 7; pg1.a8; ) v1 ==== 25+0+0 (2798558592 0 0) 0x31ace00 con 0x2fe2280 -9257>
2012-10-11 13:43:50.725435 7f440532f700 5 --OSD::tracker-- reqid: unknown.0.0:0, seq: 1387, time:
2012-10-11 13:43:49.232354, event: header_read, request: osd pg remove(epoch 7; pg1.a8; ) v1 -9256>
2012-10-11 13:43:50.725440 7f440532f700 5 --OSD::tracker-- reqid: unknown.0.0:0, seq: 1387, time:
2012-10-11 13:43:49.232356, event: throttled, request: osd pg remove(epoch 7; pg1.a8; ) v1 -9256>
2012-10-11 13:43:50.725445 7f440532f700 5 --OSD::tracker-- reqid: unknown.0.0:0, seq: 1387, time:
2012-10-11 13:43:49.232374, event: all_read, request: osd pg remove(epoch 7; pg1.a8; ) v1 -9255>
2012-10-11 13:43:50.725449 7f440532f700 5 --OSD::tracker-- reqid: unknown.0.0:0, seq: 1387, time:
2012-10-11 13:43:50.725433, event: dispatched, request: osd pg remove(epoch 7; pg1.a8; ) v1 -9254>
2012-10-11 13:43:50.725454 7f440532f700 5 --OSD::tracker-- reqid: unknown.0.0:0, seq: 1387, time:
2012-10-11 13:43:50.725454, event: waiting_for_osdmap, request: osd pg remove(epoch 7; pg1.a8; ) v1 -9253>
2012-10-11 13:43:50.725460 7f440532f700 5 --OSD::tracker-- reqid: unknown.0.0:0, seq: 1387, time:
2012-10-11 13:43:50.725460, event: started, request: osd pg remove(epoch 7; pg1.a8; ) v1 -9252>
2012-10-11 13:43:50.725482 7f440532f700 5 osd.0 8 queue_pg_for_deletion: 1.a8 -9251>
2012-10-11 13:43:50.725506 7f4402228700 5 filestore(/data/osd.0) queue_transactions existing osr(0.4e 0x2130060)/0x2130060 -9250>
2012-10-11 13:43:50.725512 7f4402228700 5 throttle(filestore_ops 0x1dc5328) wait -9249>
2012-10-11 13:43:50.725515 7f4402228700 5 throttle(filestore_bytes 0x1dc53a8) wait -9248>
2012-10-11 13:43:50.725518 7f4402228700 5 filestore(/data/osd.0) queue_transactions (writeahead) 3949 0x22b9c60 -9247>
2012-10-11 13:43:50.725521 7f4402228700 5 journal submit_entry seq 3949 len 926 (0x2b10000) -9246>
2012-10-11 13:43:50.725525 7f4402228700 5 throttle(filestore_ops 0x1dc5328) take 1 -9245>
2012-10-11 13:43:50.725526 7f4402228700 5 throttle(filestore_bytes 0x1dc53a8) take 926 -9244>
2012-10-11 13:43:50.725511 7f440532f700 5 filestore(/data/osd.0) queue_transactions existing osr(1.a8 0x2e38020)/0x2e38020 -9243>
2012-10-11 13:43:50.725541 7f440532f700 5 throttle(filestore_ops 0x1dc5328) wait -9242>
2012-10-11 13:43:50.725548 7f440532f700 5 throttle(filestore_bytes 0x1dc53a8) wait -9241>
2012-10-11 13:43:50.725555 7f440532f700 5 filestore(/data/osd.0) queue_transactions (writeahead) 3950 0x3074750 -9240>
2012-10-11 13:43:50.725560 7f4402228700 5 filestore(/data/osd.0) queue_transactions existing osr(2.4c 0x31767c0)/0x31767c0 -9239>
2012-10-11 13:43:50.725568 7f440532f700 5 journal submit_entry seq 3950 len 204 (0x3056720) -9238>
2012-10-11 13:43:50.727436 7f43ff41d700 5 throttle(msgr_dispatch_throttler-cluster 0x1d9b088) get 549 (123714 -> 124263) -9237>
2012-10-11 13:43:50.727469 7f43ff41d700 5 throttle(msgr_dispatch_throttler-cluster 0x1d9b088) get 549 (124263 -> 124812) -9236>
2012-10-11 13:43:50.727557 7f4402a29700 1 -- 149.165.228.10:6802/338 --> osd.2 149.165.228.10:6808/1657 -- pg_log(1.b3 epoch 8 query_epoch 7) v3 -- ?+0 0x2f64500 -9235>
2012-10-11 13:43:50.727607 7f4402a29700 1 -- 149.165.228.10:6802/338 --> osd.2 149.165.228.10:6808/1657 -- pg_log(0.0 epoch 8 query_epoch 8) v3 -- ?+0 0x2f64a00 -9234>
2012-10-11 13:43:50.727638 7f4402a29700 5 filestore(/data/osd.0) queue_transactions existing osr(0.0 0x1d71280)/0x1d71280 -9233>
2012-10-11 13:43:50.725565 7f4402228700 5 throttle(filestore_ops 0x1dc5328) wait -9232>
2012-10-11 13:43:50.727652 7f4402228700 5 throttle(filestore_bytes 0x1dc53a8) wait -9231>
2012-10-11 13:43:50.727657 7f440532f700 5 throttle(filestore_ops 0x1dc5328) take 1 -9230>
2012-10-11 13:43:50.727666 7f440532f700 5 throttle(filestore_bytes 0x1dc53a8) take 204 -9229>
2012-10-11 13:43:50.727674 7f4402a29700 5 throttle(filestore_ops 0x1dc5328) wait -9228>
2012-10-11 13:43:50.727680 7f4402228700 5 filestore(/data/osd.0) queue_transactions (writeahead) 3951 0x22b9b40 -9227>
2012-10-11 13:43:50.727697 7f4402228700 5 journal submit_entry seq 3951 len 926 (0x2827750) -9226>
2012-10-11 13:43:50.727693 7f440532f700 5 --OSD::tracker-- reqid: unknown.0.0:0, seq: 1387, time:
2012-10-11 13:43:50.727693, event: done, request: osd pg remove(epoch 7; pg1.a8; ) v1 -9225>
2012-10-11 13:43:50.727706 7f4402a29700 5 throttle(filestore_bytes 0x1dc53a8) wait -9224>
2012-10-11 13:43:50.727713 7f4402228700 5 throttle(filestore_ops 0x1dc5328) take 1 -9223>
2012-10-11 13:43:50.727714 7f440532f700 5 throttle(msgr_dispatch_throttler-cluster 0x1d9b088) put 25 (0xb7c748 -> 124787) -9222>
2012-10-11 13:43:50.727721 7f4402228700 5 throttle(filestore_bytes 0x1dc53a8) take 926 -9221>
2012-10-11 13:43:50.727726 7f440532f700 1 -- 149.165.228.10:6802/338 <== osd.1 149.165.228.10:6805/1098 855 ==== osd pg remove(epoch 7; pg1.de; ) v1 ==== 25+0+0 (2262647484 0 0) 0x1eb4c40 con 0x2fe2140 -9220>
2012-10-11 13:43:50.727739 7f440532f700 5 --OSD::tracker-- reqid: unknown.0.0:0, seq: 1388, time:
2012-10-11 13:43:48.854834, event: header_read, request: osd pg remove(epoch 7; pg1.de; ) v1 -9219>
2012-10-11 13:43:50.727745 7f440532f700 5 --OSD::tracker-- reqid: unknown.0.0:0, seq: 1388, time:
2012-10-11 13:43:48.854836, event: throttled, request: osd pg remove(epoch 7; pg1.de; ) v1 -9218>
2012-10-11 13:43:50.727750 7f440532f700 5 --OSD::tracker-- reqid: unknown.0.0:0, seq: 1388, time:
2012-10-11 13:43:48.854839, event: all_read, request: osd pg remove(epoch 7; pg1.de; ) v1 -9217>
2012-10-11 13:43:50.727755 7f440532f700 5 --OSD::tracker-- reqid: unknown.0.0:0, seq: 1388, time:
2012-10-11 13:43:50.727737, event: dispatched, request: osd pg remove(epoch 7; pg1.de; ) v1 -9216>
2012-10-11 13:43:50.727760 7f440532f700 5 --OSD::tracker-- reqid: unknown.0.0:0, seq: 1388, time:
2012-10-11 13:43:50.727760, event: waiting_for_osdmap, request: osd pg remove(epoch 7; pg1.de; ) v1 -9215>
2012-10-11 13:43:50.727767 7f440532f700 5 --OSD::tracker-- reqid: unknown.0.0:0, seq: 1388, time:
2012-10-11 13:43:50.727767, event: started, request: osd pg remove(epoch 7; pg1.de; ) v1 -9214>
2012-10-11 13:43:50.727772 7f440532f700 5 osd.0 8 queue_pg_for_deletion: 1.de -9213>
2012-10-11 13:43:50.727787 7f4402228700 5 filestore(/data/osd.0) queue_transactions existing osr(1.4d 0x2adb130)/0x2adb130 -9212>
2012-10-11 13:43:50.727799 7f4402228700 5 throttle(filestore_ops 0x1dc5328) wait -9211>
2012-10-11 13:43:50.727788 7f440532f700 5 filestore(/data/osd.0) queue_transactions existing osr(1.de 0x2e38a00)/0x2e38a00 -9210>
2012-10-11 13:43:50.727800 7f4402228700 5 throttle(filestore_bytes 0x1dc53a8) wait -9209>
2012-10-11 13:43:50.727803 7f440532f700 5 throttle(filestore_ops 0x1dc5328) wait -9208>
2012-10-11 13:43:50.727806 7f440532f700 5 throttle(filestore_bytes 0x1dc53a8) wait -9207>
2012-10-11 13:43:50.727794 7f4402a29700 5 filestore(/data/osd.0) queue_transactions (writeahead) 3952 0x2cdab40 -9206>
2012-10-11 13:43:50.727815 7f4402a29700 5 journal submit_entry seq 3952 len 963 (0x29c6660) -9205>
2012-10-11 13:43:50.727818 7f4402a29700 5 throttle(filestore_ops 0x1dc5328) take 1 -9204>
2012-10-11 13:43:50.727821 7f4402a29700 5 throttle(filestore_bytes 0x1dc53a8) take 963 -9203>
2012-10-11 13:43:50.727849 7f4402a29700 1 -- 149.165.228.10:6802/338 --> osd.2 149.165.228.10:6808/1657 -- pg_log(0.1 epoch 8 query_epoch 8) v3 -- ?+0 0x28a7000 -9202>
2012-10-11 13:43:50.727883 7f4402a29700 5 filestore(/data/osd.0) queue_transactions existing osr(0.1 0x1d71260)/0x1d71260 -9201>
2012-10-11 13:43:50.727888 7f4402a29700 5 throttle(filestore_ops 0x1dc5328) wait -9200>
2012-10-11 13:43:50.727890 7f4402a29700 5 throttle(filestore_bytes 0x1dc53a8) wait -9199>
2012-10-11 13:43:50.727891 7f4402a29700 5 filestore(/data/osd.0) queue_transactions (writeahead) 3953 0x31cbc60 -9198>
2012-10-11 13:43:50.727894 7f4402a29700 5 journal submit_entry seq 3953 len 963 (0x2553c00) -9197>
2012-10-11 13:43:50.727896 7f4402a29700 5 throttle(filestore_ops 0x1dc5328) take 1 -9196>
2012-10-11 13:43:50.727897 7f4402a29700 5 throttle(filestore_bytes 0x1dc53a8) take 963 -9195>
2012-10-11 13:43:50.727922 7f4402a29700 1 -- 149.165.228.10:6802/338 --> osd.2 149.165.228.10:6808/1657 -- pg_log(0.a epoch 8 query_epoch 8) v3 -- ?+0 0x28a7500 -9194>
2012-10-11 13:43:50.727951 7f4402a29700 5 filestore(/data/osd.0) queue_transactions existing osr(0.a 0x1d714c0)/0x1d714c0 -9193>
2012-10-11 13:43:50.727956 7f4402a29700 5 throttle(filestore_ops 0x1dc5328) wait -9192>
2012-10-11 13:43:50.727957 7f4402a29700 5 throttle(filestore_bytes 0x1dc53a8) wait -9191>
2012-10-11 13:43:50.727958 7f4402a29700 5 filestore(/data/osd.0) queue_transactions (writeahead) 3954 0x2cdac60 -9190>
2012-10-11 13:43:50.727961 7f4402a29700 5 journal submit_entry seq 3954 len 963 (0x2f0ec90) -9189>
2012-10-11 13:43:50.727964 7f4402a29700 5 throttle(filestore_ops 0x1dc5328) take 1 -9188>
2012-10-11 13:43:50.727966 7f4402a29700 5 throttle(filestore_bytes 0x1dc53a8) take 963 -9187>
2012-10-11 13:43:50.727990 7f4402a29700 1 -- 149.165.228.10:6802/338 --> osd.2 149.165.228.10:6808/1657 -- pg_log(0.b epoch 8 query_epoch 8) v3 -- ?+0 0x28a7a00 -9186>
2012-10-11 13:43:50.728018 7f4402a29700 5 filestore(/data/osd.0) queue_transactions existing osr(0.b 0x1d71490)/0x1d71490 -9185>
2012-10-11 13:43:50.728024 7f4402a29700 5 throttle(filestore_ops 0x1dc5328) wait -9184>
2012-10-11 13:43:50.728025 7f4402a29700 5 throttle(filestore_bytes 0x1dc53a8) wait -9183>
2012-10-11 13:43:50.728026 7f4402a29700 5 filestore(/data/osd.0) queue_transactions (writeahead) 3955 0x3250000 -9182>
2012-10-11 13:43:50.728030 7f4402a29700 5 journal submit_entry seq 3955 len 963 (0x296f2d0) -9181>
2012-10-11 13:43:50.728032 7f4402a29700 5 throttle(filestore_ops 0x1dc5328) take 1 -9180>
2012-10-11 13:43:50.728034 7f4402a29700 5 throttle(filestore_bytes 0x1dc53a8) take 963 -9179>
2012-10-11 13:43:50.728063 7f4402a29700 1 -- 149.165.228.10:6802/338 --> osd.2 149.165.228.10:6808/1657 -- pg_log(0.c epoch 8 query_epoch 8) v3 -- ?+0 0x28a6000 -9178>
2012-10-11 13:43:50.728092 7f4402a29700 5 filestore(/data/osd.0) queue_transactions existing osr(0.c 0x1d71460)/0x1d71460 -9177>
2012-10-11 13:43:50.728096 7f4402a29700 5 throttle(filestore_ops 0x1dc5328) wait -9176>
2012-10-11 13:43:50.728098 7f4402a29700 5 throttle(filestore_bytes 0x1dc53a8) wait -9175>
2012-10-11 13:43:50.728099 7f4402a29700 5 filestore(/data/osd.0) queue_transactions (writeahead) 3956 0x3250120 -9174>
2012-10-11 13:43:50.728102 7f4402a29700 5 journal submit_entry seq 3956 len 963 (0x2a16b10) -9173>
2012-10-11 13:43:50.728104 7f4402a29700 5 throttle(filestore_ops 0x1dc5328) take 1 -9172>
2012-10-11 13:43:50.728106 7f4402a29700 5 throttle(filestore_bytes 0x1dc53a8) take 963 -9171>
2012-10-11 13:43:50.728134 7f4402a29700 1 -- 149.165.228.10:6802/338 --> osd.2 149.165.228.10:6808/1657 -- pg_log(0.e1 epoch 8 query_epoch 8) v3 -- ?+0 0x28a6500 -9170>
2012-10-11 13:43:50.728163 7f4402a29700 5 filestore(/data/osd.0) queue_transactions existing osr(0.e1 0x2468d70)/0x2468d70 -9169>
2012-10-11 13:43:50.728168 7f4402a29700 5 throttle(filestore_ops 0x1dc5328) wait -9168>
2012-10-11 13:43:50.728169 7f4402a29700 5 throttle(filestore_bytes 0x1dc53a8) wait -9167>
2012-10-11 13:43:50.728170 7f4402a29700 5 filestore(/data/osd.0) queue_transactions (writeahead) 3957 0x250e090 -9166>
2012-10-11 13:43:50.728173 7f4402a29700 5 journal submit_entry seq 3957 len 969 (0x2c78c90) -9165>
2012-10-11 13:43:50.728175 7f4402a29700 5 throttle(filestore_ops 0x1dc5328) take 1 -9164>
2012-10-11 13:43:50.728177 7f4402a29700 5 throttle(filestore_bytes 0x1dc53a8) take 969 -9163>
2012-10-11 13:43:50.728201 7f4402a29700 1 -- 149.165.228.10:6802/338 --> osd.2 149.165.228.10:6808/1657 -- pg_log(0.e2 epoch 8 query_epoch 8) v3 -- ?+0 0x28a6a00 -9162>
2012-10-11 13:43:50.728229 7f4402a29700 5 filestore(/data/osd.0) queue_transactions existing osr(0.e2 0x2468d40)/0x2468d40 -9161>
2012-10-11 13:43:50.728234 7f4402a29700 5 throttle(filestore_ops 0x1dc5328) wait -9160>
2012-10-11 13:43:50.728236 7f4402a29700 5 throttle(filestore_bytes 0x1dc53a8) wait -9159>
2012-10-11 13:43:50.728237 7f4402a29700 5 filestore(/data/osd.0) queue_transactions (writeahead) 3958 0x250ef30 -9158>
2012-10-11 13:43:50.728241 7f4402a29700 5 journal submit_entry seq 3958 len 969 (0x2c1ff60) -9157>
2012-10-11 13:43:50.728243 7f4402a29700 5 throttle(filestore_ops 0x1dc5328) take 1 -9156>
2012-10-11 13:43:50.728246 7f4402a29700 5 throttle(filestore_bytes 0x1dc53a8) take 969 -9155>
2012-10-11 13:43:50.728274 7f4402a29700 1 -- 149.165.228.10:6802/338 --> osd.2 149.165.228.10:6808/1657 -- pg_log(0.e9 epoch 8 query_epoch 8) v3 -- ?+0 0x2014000 -9154>
2012-10-11 13:43:50.728303 7f4402a29700 5 filestore(/data/osd.0) queue_transactions existing osr(0.e9 0x2468ff0)/0x2468ff0 -9153>
2012-10-11 13:43:50.728308 7f4402a29700 5 throttle(filestore_ops 0x1dc5328) wait -9152>
2012-10-11 13:43:50.728309 7f4402a29700 5 throttle(filestore_bytes 0x1dc53a8) wait -9151>
2012-10-11 13:43:50.728310 7f4402a29700 5 filestore(/data/osd.0) queue_transactions (writeahead) 3959 0x250e990 -9160>
2012-10-11 13:43:50.728313 7f4402a29700 5 journal submit_entry seq 3959 len 969 (0x3235900) -9159>
2012-10-11 13:43:50.728316 7f4402a29700 5 throttle(filestore_ops 0x1dc5328) take 1 -9158>
2012-10-11 13:43:50.728317 7f4402a29700 5 throttle(filestore_bytes 0x1dc53a8) take 969 -9157>
2012-10-11 13:43:50.728342 7f4402a29700 1 -- 149.165.228.10:6802/338 --> osd.2 149.165.228.10:6808/1657 -- pg_log(0.ec epoch 8 query_epoch 8) v3 -- ?+0 0x28caa00 -9156>
2012-10-11 13:43:50.728374 7f4402a29700 5 filestore(/data/osd.0) queue_transactions existing osr(0.ec 0x2468f60)/0x2468f60 -9155>
2012-10-11 13:43:50.728379 7f4402a29700 5 throttle(filestore_ops 0x1dc5328) wait -9154>
2012-10-11 13:43:50.728380 7f4402a29700 5 throttle(filestore_bytes 0x1dc53a8) wait -9153>
2012-10-11 13:43:50.728381 7f4402a29700 5 filestore(/data/osd.0) queue_transactions (writeahead) 3960 0x250e480 -9152>
2012-10-11 13:43:50.728386 7f4402a29700 5 journal submit_entry seq 3960 len 969 (0x1fee540) -9151>
2012-10-11 13:43:50.728388 7f4402a29700 5 throttle(filestore_ops 0x1dc5328) take 1 -9150>
2012-10-11 13:43:50.728390 7f4402a29700 5 throttle(filestore_bytes 0x1dc53a8) take 969 -9149>
2012-10-11 13:43:50.728416 7f4402a29700 1 -- 149.165.228.10:6802/338 --> osd.2 149.165.228.10:6808/1657 -- pg_log(0.ed epoch 8 query_epoch 8) v3 -- ?+0 0x28ca500 -9148>
2012-10-11 13:43:50.728447 7f4402a29700 5 filestore(/data/osd.0) queue_transactions existing osr(0.ed 0x2468f30)/0x2468f30 -9147>
2012-10-11 13:43:50.728452 7f4402a29700 5 throttle(filestore_ops 0x1dc5328) wait -9146>
2012-10-11 13:43:50.728454 7f4402a29700 5 throttle(filestore_bytes 0x1dc53a8) wait -9145>
2012-10-11 13:43:50.728456 7f4402a29700 5 filestore(/data/osd.0) queue_transactions (writeahead) 3961 0x250ea20 -9144>
2012-10-11 13:43:50.728460 7f4402a29700 5 journal submit_entry seq 3961 len 969 (0x28a87e0) -9143>
2012-10-11 13:43:50.728462 7f4402a29700 5 throttle(filestore_ops 0x1dc5328) take 1 -9144>
2012-10-11 13:43:50.728464 7f4402a29700 5 throttle(filestore_bytes 0x1dc53a8) take 969 -9148>
2012-10-11 13:43:50.728491 7f4402a29700 1 -- 149.165.228.10:6802/338 --> osd.2 149.165.228.10:6808/1657 -- pg_log(0.f8 epoch 8 query_epoch 8) v3 -- ?+0 0x28ca000 -9147>
2012-10-11 13:43:50.728520 7f4402a29700 5 filestore(/data/osd.0) queue_transactions existing osr(0.f8 0x27a1120)/0x27a1120 -9146>
2012-10-11 13:43:50.728525 7f4402a29700 5 throttle(filestore_ops 0x1dc5328) wait -9146>
2012-10-11 13:43:50.728526 7f4402a29700 5 throttle(filestore_bytes 0x1dc53a8) wait -9145>
2012-10-11 13:43:50.728529 7f4402a29700 5 filestore(/data/osd.0) queue_transactions (writeahead) 3962 0x250e3f0 -9144>
2012-10-11 13:43:50.728532 7f4402a29700 5 journal submit_entry seq 3962 len 969 (0x320bdb0) -9143>
2012-10-11 13:43:50.728534 7f4402a29700 5 throttle(filestore_ops 0x1dc5328) take 1 -9142>
2012-10-11 13:43:50.728536 7f4402a29700 5 throttle(filestore_bytes 0x1dc53a8) take 969 -9141>
2012-10-11 13:43:50.728561 7f4402a29700 1 -- 149.165.228.10:6802/338 --> osd.2 149.165.228.10:6808/1657 -- pg_log(0.fd epoch 8 query_epoch 8) v3 -- ?+0 0x2e3da00 -9140>
2012-10-11 13:43:50.728589 7f4402a29700 5 filestore(/data/osd.0) queue_transactions existing osr(0.fd 0x27a1030)/0x27a1030 -9141>
2012-10-11 13:43:50.728594 7f4402a29700 5 throttle(filestore_ops 0x1dc5328) wait -9140>
2012-10-11 13:43:50.728595 7f4402a29700 5 throttle(filestore_bytes 0x1dc53a8) wait -9139>
2012-10-11 13:43:50.728596 7f4402a29700 5 filestore(/data/osd.0) queue_transactions (writeahead) 3963 0x2a26d80 -9138>
2012-10-11 13:43:50.728600 7f4402a29700 5 journal submit_entry seq 3963 len 969 (0x30561e0) -9137>
2012-10-11 13:43:50.728603 7f4402a29700 5 throttle(filestore_ops 0x1dc5328) take 1 -9136>
2012-10-11 13:43:50.728604 7f4402a29700 5 throttle(filestore_bytes 0x1dc53a8) take 969 -9135>
2012-10-11 13:43:50.728632 7f4402a29700 1 -- 149.165.228.10:6802/338 --> osd.2 149.165.228.10:6808/1657 -- pg_log(1.0 epoch 8 query_epoch 8) v3 -- ?+0 0x2e3d500 -9134>
2012-10-11 13:43:50.728660 7f4402a29700 5 filestore(/data/osd.0) queue_transactions existing osr(1.0 0x27a13a0)/0x27a13a0 -9133>
2012-10-11 13:43:50.728665 7f4402a29700 5 throttle(filestore_ops 0x1dc5328) wait -9132>
2012-10-11 13:43:50.728667 7f4402a29700 5 throttle(filestore_bytes 0x1dc53a8) wait -9131>
2012-10-11 13:43:50.728668 7f4402a29700 5 filestore(/data/osd.0) queue_transactions (writeahead) 3964 0x2a26990 -9130>
2012-10-11 13:43:50.728671 7f4402a29700 5 journal submit_entry seq 3964 len 963 (0x20ad090) -9129>
2012-10-11 13:43:50.728674 7f4402a29700 5 throttle(filestore_ops 0x1dc5328) take 1 -9128>
2012-10-11 13:43:50.728675 7f4402a29700 5 throttle(filestore_bytes 0x1dc53a8) take 963 -9127>
2012-10-11 13:43:50.728699 7f4402a29700 1 -- 149.165.228.10:6802/338 --> osd.2 149.165.228.10:6808/1657 -- pg_log(1.9 epoch 8 query_epoch 8) v3 -- ?+0 0x2e3d000 -9126>
2012-10-11 13:43:50.728728 7f4402a29700 5 filestore(/data/osd.0) queue_transactions existing osr(1.9 0x27a15f0)/0x27a15f0 -9125>
2012-10-11 13:43:50.728733 7f4402a29700 5 throttle(filestore_ops 0x1dc5328) wait -9124>
2012-10-11 13:43:50.728734 7f4402a29700 5 throttle(filestore_bytes 0x1dc53a8) wait -9123>
2012-10-11 13:43:50.728737 7f4402a29700 5 filestore(/data/osd.0) queue_transactions (writeahead) 3965 0x2a26b40 -9122>
2012-10-11 13:43:50.728740 7f4402a29700 5 journal submit_entry seq 3965 len 963 (0x20adae0) -9121>
2012-10-11 13:43:50.728742 7f4402a29700 5 throttle(filestore_ops 0x1dc5328) take 1 -9120>
2012-10-11 13:43:50.728744 7f4402a29700 5 throttle(filestore_bytes 0x1dc53a8) take 963 -9119>
2012-10-11 13:43:50.728768 7f4402a29700 1 -- 149.165.228.10:6802/338 --> osd.2 149.165.228.10:6808/1657 -- pg_log(1.a epoch 8 query_epoch 8) v3 -- ?+0 0x2445a00 -9118>
2012-10-11 13:43:50.728796 7f4402a29700 5 filestore(/data/osd.0) queue_transactions existing osr(1.a 0x27a15c0)/0x27a15c0 -9117>
2012-10-11 13:43:50.728801 7f4402a29700 5 throttle(filestore_ops 0x1dc5328) wait -9116>
2012-10-11 13:43:50.728804 7f4402a29700 5 throttle(filestore_bytes 0x1dc53a8) wait -9115>
2012-10-11 13:43:50.728806 7f4402a29700 5 filestore(/data/osd.0) queue_transactions (writeahead) 3966 0x2a26cf0 -9114>
2012-10-11 13:43:50.728809 7f4402a29700 5 journal submit_entry seq 3966 len 963 (0x2922a20) -9113>
2012-10-11 13:43:50.728811 7f4402a29700 5 throttle(filestore_ops 0x1dc5328) take 1 -9112>
2012-10-11 13:43:50.728813 7f4402a29700 5 throttle(filestore_bytes 0x1dc53a8) take 963 -9111>
2012-10-11 13:43:50.728839 7f4402a29700 1 -- 149.165.228.10:6802/338 --> osd.2 149.165.228.10:6808/1657 -- pg_log(1.b epoch 8 query_epoch 8) v3 -- ?+0 0x2445500 -9110>
2012-10-11 13:43:50.728874 7f4402a29700 5 filestore(/data/osd.0) queue_transactions existing osr(1.b 0x27a1590)/0x27a1590 -9109>
2012-10-11 13:43:50.728887 7f4402228700 5 filestore(/data/osd.0) queue_transactions (writeahead) 3967 0x22b9750 -9108>
2012-10-11 13:43:50.728879 7f4402a29700 5 throttle(filestore_ops 0x1dc5328) wait -9107>
2012-10-11 13:43:50.728892 7f4402228700 5 journal submit_entry seq 3967 len 926 (0x28980f0) -9106>
2012-10-11 13:43:50.728897 7f4402a29700 5 throttle(filestore_bytes 0x1dc53a8) wait -9105>
2012-10-11 13:43:50.728917 7f4402228700 5 throttle(filestore_ops 0x1dc5328) take 1 -9104>
2012-10-11 13:43:50.728922 7f4402228700 5 throttle(filestore_bytes 0x1dc53a8) take 926 -9103>
2012-10-11 13:43:50.728930 7f440532f700 5 filestore(/data/osd.0) queue_transactions (writeahead) 3968 0x3074870 -9102>
2012-10-11 13:43:50.728939 7f440532f700 5 journal submit_entry seq 3968 len 204 (0x2e65ae0) -9101>
2012-10-11 13:43:50.728941 7f440532f700 5 throttle(filestore_ops 0x1dc5328) take 1 -9100>
2012-10-11 13:43:50.728942 7f440532f700 5 throttle(filestore_bytes 0x1dc53a8) take 204 -9099>
2012-10-11 13:43:50.728959 7f4402228700 5 filestore(/data/osd.0) queue_transactions existing osr(2.38 0x3176670)/0x3176670 -9098>
2012-10-11 13:43:50.728964 7f4402228700 5 throttle(filestore_ops 0x1dc5328) wait -9097>
2012-10-11 13:43:50.728966 7f4402228700 5 throttle(filestore_bytes 0x1dc53a8) wait -9096>
2012-10-11 13:43:50.728968 7f4402228700 5 filestore(/data/osd.0) queue_transactions (writeahead) 3969 0x2bd6120 -9095>
2012-10-11 13:43:50.728966 7f440532f700 5 --OSD::tracker-- reqid: unknown.0.0:0, seq: 1388, time:
2012-10-11 13:43:50.728966, event: done, request: osd pg remove(epoch 7; pg1.de; ) v1 -9094>
2012-10-11 13:43:50.728972 7f4402228700 5 journal submit_entry seq 3969 len 926 (0x341cc90) -9093>
2012-10-11 13:43:50.728974 7f4402228700 5 throttle(filestore_ops 0x1dc5328) take 1 -9092>
2012-10-11 13:43:50.728975 7f4402228700 5 throttle(filestore_bytes 0x1dc53a8) take 926 -9091>
2012-10-11 13:43:50.728977 7f440532f700 5 throttle(msgr_dispatch_throttler-cluster 0x1d9b088) put 25 (0xb7c748 -> 124762) -9090>
2012-10-11 13:43:50.728982 7f440532f700 1 -- 149.165.228.10:6802/338 <== osd.2 149.165.228.10:6808/1657 511 ==== osd pg remove(epoch 7; pg1.a5; ) v1 ==== 25+0+0 (2362730000 0 0) 0x31acc40 con 0x2fe2280 -9089>
2012-10-11 13:43:50.728992 7f440532f700 5 --OSD::tracker-- reqid: unknown.0.0:0, seq: 1389, time:
2012-10-11 13:43:49.232378, event: header_read, request: osd pg remove(epoch 7; pg1.a5; ) v1 -9088>
2012-10-11 13:43:50.728997 7f4402228700 5 filestore(/data/osd.0) queue_transactions existing osr(1.39 0x27a1cf0)/0x27a1cf0 -9087>
2012-10-11 13:43:50.729001 7f4402228700 5 throttle(filestore_ops 0x1dc5328) wait -9086>
2012-10-11 13:43:50.728998 7f440532f700 5 --OSD::tracker-- reqid: unknown.0.0:0, seq: 1389, time:
2012-10-11 13:43:49.232381, event: throttled, request: osd pg remove(epoch 7; pg1.a5; ) v1 -9085>
2012-10-11 13:43:50.729002 7f4402228700 5 throttle(filestore_bytes 0x1dc53a8) wait -9084>
2012-10-11 13:43:50.729003 7f4402228700 5 filestore(/data/osd.0) queue_transactions (writeahead) 3970 0x2bd65a0 -9083>
2012-10-11 13:43:50.729002 7f440532f700 5 --OSD::tracker-- reqid: unknown.0.0:0, seq: 1389, time:
2012-10-11 13:43:49.232384, event: all_read, request: osd pg remove(epoch 7; pg1.a5; ) v1 -9082>
2012-10-11 13:43:50.729007 7f4402228700 5 journal submit_entry seq 3970 len 926 (0x341cb40) -9081>
2012-10-11 13:43:50.729006 7f440532f700 5 --OSD::tracker-- reqid: unknown.0.0:0, seq: 1389, time:
2012-10-11 13:43:50.728991, event: dispatched, request: osd pg remove(epoch 7; pg1.a5; ) v1 -9080>
2012-10-11 13:43:50.729009 7f4402228700 5 throttle(filestore_ops 0x1dc5328) take 1 -9079>
2012-10-11 13:43:50.729011 7f4402228700 5 throttle(filestore_bytes 0x1dc53a8) take 926 -9078>
2012-10-11 13:43:50.729010 7f440532f700 5 --OSD::tracker-- reqid: unknown.0.0:0, seq: 1389, time:
2012-10-11 13:43:50.729010, event: waiting_for_osdmap, request: osd pg remove(epoch 7; pg1.a5; ) v1 -9077>
2012-10-11 13:43:50.729015 7f440532f700 5 --OSD::tracker-- reqid: unknown.0.0:0, seq: 1389, time:
2012-10-11 13:43:50.729015, event: started, request: osd pg remove(epoch 7; pg1.a5; ) v1 -9076>
2012-10-11 13:43:50.729020 7f440532f700 5 osd.0 8 queue_pg_for_deletion: 1.a5 -9075>
2012-10-11 13:43:50.729034 7f4402228700 5 filestore(/data/osd.0) queue_transactions existing osr(0.3a 0x1d71d30)/0x1d71d30 -9074>
2012-10-11 13:43:50.729041 7f4402228700 5 throttle(filestore_ops 0x1dc5328) wait -9073>
2012-10-11 13:43:50.729040 7f4402a29700 5 filestore(/data/osd.0) queue_transactions (writeahead) 3971 0x2a262d0 -9072>
2012-10-11 13:43:50.729044 7f4402228700 5 throttle(filestore_bytes 0x1dc53a8) wait -9071>
2012-10-11 13:43:50.729047 7f4402a29700 5 journal submit_entry seq 3971 len 1094 (0x25a30f0) -9070>
2012-10-11 13:43:50.729051 7f4402a29700 5 throttle(filestore_ops 0x1dc5328) take 1 -9069>
2012-10-11 13:43:50.729052 7f4402a29700 5 throttle(filestore_bytes 0x1dc53a8) take 1094 -9068>
2012-10-11 13:43:50.729061 7f4402228700 5 filestore(/data/osd.0) queue_transactions (writeahead) 3972 0x2bd67e0 -9067>
2012-10-11 13:43:50.729067 7f4402228700 5 journal submit_entry seq 3972 len 926 (0x341cf60) -9066>
2012-10-11 13:43:50.729070 7f4402228700 5 throttle(filestore_ops 0x1dc5328) take 1 -9065>
2012-10-11 13:43:50.729072 7f4402228700 5 throttle(filestore_bytes 0x1dc53a8) take 926 -9064>
2012-10-11 13:43:50.729087 7f4402a29700 1 -- 149.165.228.10:6802/338 --> osd.2 149.165.228.10:6808/1657 -- pg_log(1.da epoch 8 query_epoch 8) v3 -- ?+0 0x2445000 -9063>
2012-10-11 13:43:50.729112 7f4402228700 5 filestore(/data/osd.0) queue_transactions existing osr(2.68 0x21303d0)/0x21303d0 -9062>
2012-10-11 13:43:50.729118 7f4402228700 5 throttle(filestore_ops 0x1dc5328) wait -9061>
2012-10-11 13:43:50.729119 7f4402228700 5 throttle(filestore_bytes 0x1dc53a8) wait -9060>
2012-10-11 13:43:50.729120 7f4402228700 5 filestore(/data/osd.0) queue_transactions (writeahead) 3973 0x2bd6b40 -9059>
2012-10-11 13:43:50.729120 7f4402a29700 5 filestore(/data/osd.0) queue_transactions existing osr(1.da 0x2e38ac0)/0x2e38ac0 -9058>
2012-10-11 13:43:50.729124 7f4402a29700 5 throttle(filestore_ops 0x1dc5328) wait -9057>
2012-10-11 13:43:50.729129 7f4402a29700 5 throttle(filestore_bytes 0x1dc53a8) wait -9056>
2012-10-11 13:43:50.729124 7f4402228700 5 journal submit_entry seq 3973 len 926 (0x1e86930) -9055>
2012-10-11 13:43:50.729035 7f440532f700 5 filestore(/data/osd.0) queue_transactions existing osr(1.a5 0x2e380b0)/0x2e380b0 -9054>
2012-10-11 13:43:50.729136 7f4402228700 5 throttle(filestore_ops 0x1dc5328) take 1 -9062>
2012-10-11 13:43:50.729141 7f4402228700 5 throttle(filestore_bytes 0x1dc53a8) take 926 -9061>
2012-10-11 13:43:50.729145 7f440532f700 5 throttle(filestore_ops 0x1dc5328) wait -9060>
2012-10-11 13:43:50.729150 7f440532f700 5 throttle(filestore_bytes 0x1dc53a8) wait -9059>
2012-10-11 13:43:50.729152 7f440532f700 5 filestore(/data/osd.0) queue_transactions (writeahead) 3974 0x3074900 -9058>
2012-10-11 13:43:50.729155 7f440532f700 5 journal submit_entry seq 3974 len 204 (0x3056f30) -9057>
2012-10-11 13:43:50.729158 7f440532f700 5 throttle(filestore_ops 0x1dc5328) take 1 -9056>
2012-10-11 13:43:50.729159 7f440532f700 5 throttle(filestore_bytes 0x1dc53a8) take 204 -9055>
2012-10-11 13:43:50.729169 7f4402228700 5 filestore(/data/osd.0) queue_transactions existing osr(0.6a 0x2130720)/0x2130720 -9055>
2012-10-11 13:43:50.729173 7f4402228700 5 throttle(filestore_ops 0x1dc5328) wait -9054>
2012-10-11 13:43:50.729175 7f4402228700 5 throttle(filestore_bytes 0x1dc53a8) wait -9053>
2012-10-11 13:43:50.729176 7f4402228700 5 filestore(/data/osd.0) queue_transactions (writeahead) 3975 0x2bd6cf0 -9052>
2012-10-11 13:43:50.729180 7f4402228700 5 journal submit_entry seq 3975 len 926 (0x314e0f0) -9051>
2012-10-11 13:43:50.729182 7f4402228700 5 throttle(filestore_ops 0x1dc5328) take 1 -9050>
2012-10-11 13:43:50.729177 7f440532f700 5 --OSD::tracker-- reqid: unknown.0.0:0, seq: 1389, time:
2012-10-11 13:43:50.729177, event: done, request: osd pg remove(epoch 7; pg1.a5; ) v1 -9049>
2012-10-11 13:43:50.729184 7f4402228700 5 throttle(filestore_bytes 0x1dc53a8) take 926 -9048>
2012-10-11 13:43:50.729192 7f440532f700 5 throttle(msgr_dispatch_throttler-cluster 0x1d9b088) put 25 (0xb7c748 -> 124737) -9047>
2012-10-11 13:43:50.729195 7f440532f700 1 -- 149.165.228.10:6802/338 <== osd.1 149.165.228.10:6805/1098 856 ==== osd pg remove(epoch 7; pg1.df; ) v1 ==== 25+0+0 (3487645595 0 0) 0x1eb4a80 con 0x2fe2140 -9046>
2012-10-11 13:43:50.729205 7f440532f700 5 --OSD::tracker-- reqid: unknown.0.0:0, seq: 1390, time:
2012-10-11 13:43:48.854842, event: header_read, request: osd pg remove(epoch 7; pg1.df; ) v1 -9045>
2012-10-11 13:43:50.729210 7f440532f700 5 --OSD::tracker-- reqid: unknown.0.0:0, seq: 1390, time:
2012-10-11 13:43:48.854844, event: throttled, request: osd pg remove(epoch 7; pg1.df; ) v1 -9044>
2012-10-11 13:43:50.729214 7f440532f700 5 --OSD::tracker-- reqid: unknown.0.0:0, seq: 1390, time:
2012-10-11 13:43:48.854848, event: all_read, request: osd pg remove(epoch 7; pg1.df; ) v1 -9043>
2012-10-11 13:43:50.729217 7f4402228700 5 filestore(/data/osd.0) queue_transactions existing osr(1.69 0x2adb7f0)/0x2adb7f0 -9042>
2012-10-11 13:43:50.729220 7f4402228700 5 throttle(filestore_ops 0x1dc5328) wait -9041>
2012-10-11 13:43:50.729222 7f4402228700 5 throttle(filestore_bytes 0x1dc53a8) wait -9040>
2012-10-11 13:43:50.729219 7f440532f700 5 --OSD::tracker-- reqid: unknown.0.0:0, seq: 1390, time:
2012-10-11 13:43:50.729204, event: dispatched, request: osd pg remove(epoch 7; pg1.df; ) v1 -9039>
2012-10-11 13:43:50.729223 7f4402228700 5 filestore(/data/osd.0) queue_transactions (writeahead) 3976 0x2f21510 -9038>
2012-10-11 13:43:50.729226 7f4402228700 5 journal submit_entry seq 3976 len 926 (0x216e570) -9037>
2012-10-11 13:43:50.729232 7f4402228700 5 throttle(filestore_ops 0x1dc5328) take 1 -9036>
2012-10-11 13:43:50.729224 7f440532f700 5 --OSD::tracker-- reqid: unknown.0.0:0, seq: 1390, time:
2012-10-11 13:43:50.729224, event: waiting_for_osdmap, request: osd pg remove(epoch 7; pg1.df; ) v1 -9035>
2012-10-11 13:43:50.729234 7f4402228700 5 throttle(filestore_bytes 0x1dc53a8) take 926 -9034>
2012-10-11 13:43:50.729239 7f440532f700 5 --OSD::tracker-- reqid: unknown.0.0:0, seq: 1390, time:
2012-10-11 13:43:50.729239, event: started, request: osd pg remove(epoch 7; pg1.df; ) v1 -9033>
2012-10-11 13:43:50.729244 7f440532f700 5 osd.0 8 queue_pg_for_deletion: 1.df -9032>
2012-10-11 13:43:50.729267 7f440532f700 5 filestore(/data/osd.0) queue_transactions existing osr(1.df 0x2e38dd0)/0x2e38dd0 -9031>
2012-10-11 13:43:50.729272 7f440532f700 5 throttle(filestore_ops 0x1dc5328) wait -9030>
2012-10-11 13:43:50.729274 7f440532f700 5 throttle(filestore_bytes 0x1dc53a8) wait -9029>
2012-10-11 13:43:50.729276 7f440532f700 5 filestore(/data/osd.0) queue_transactions (writeahead) 3977 0x3074510 -9028>
2012-10-11 13:43:50.729277 7f4402228700 5 filestore(/data/osd.0) queue_transactions existing osr(0.61 0x21305a0)/0x21305a0 -9027>
2012-10-11 13:43:50.729279 7f440532f700 5 journal submit_entry seq 3977 len 204 (0x2e65480) -9026>
2012-10-11 13:43:50.729284 7f4402228700 5 throttle(filestore_ops 0x1dc5328) wait -9025>
2012-10-11 13:43:50.729295 7f4402228700 5 throttle(filestore_bytes 0x1dc53a8) wait -9024>
2012-10-11 13:43:50.729297 7f440532f700 5 throttle(filestore_ops 0x1dc5328) take 1 -9023>
2012-10-11 13:43:50.729300 7f440532f700 5 throttle(filestore_bytes 0x1dc53a8) take 204 -9022>
2012-10-11 13:43:50.729309 7f4402a29700 5 filestore(/data/osd.0) queue_transactions (writeahead) 3978 0x2a265a0 -9021>
2012-10-11 13:43:50.729315 7f4402a29700 5 journal submit_entry seq 3978 len 969 (0x23884e0) -9020>
2012-10-11 13:43:50.729318 7f4402a29700 5 throttle(filestore_ops 0x1dc5328) take 1 -9019>
2012-10-11 13:43:50.729319 7f4402a29700 5 throttle(filestore_bytes 0x1dc53a8) take 969 -9018>
2012-10-11 13:43:50.729319 7f440532f700 5 --OSD::tracker-- reqid: unknown.0.0:0, seq: 1390, time:
2012-10-11 13:43:50.729319, event: done, request: osd pg remove(epoch 7; pg1.df; ) v1 -9017>
2012-10-11 13:43:50.729331 7f440532f700 5 throttle(msgr_dispatch_throttler-cluster 0x1d9b088) put 25 (0xb7c748 -> 124712) -9016>
2012-10-11 13:43:50.729334 7f440532f700 1 -- 149.165.228.10:6802/338 <== osd.2 149.165.228.10:6808/1657 512 ==== osd pg remove(epoch 7; pg1.a2; ) v1 ==== 25+0+0 (1988977428 0 0) 0x31aca80 con 0x2fe2280 -9015>
2012-10-11 13:43:50.729344 7f440532f700 5 --OSD::tracker-- reqid: unknown.0.0:0, seq: 1391, time:
2012-10-11 13:43:49.232386, event: header_read, request: osd pg remove(epoch 7; pg1.a2; ) v1 -9014>
2012-10-11 13:43:50.729350 7f440532f700 5 --OSD::tracker-- reqid: unknown.0.0:0, seq: 1391, time:
2012-10-11 13:43:49.232388, event: throttled, request: osd pg remove(epoch 7; pg1.a2; ) v1 -9013>
2012-10-11 13:43:50.729355 7f440532f700 5 --OSD::tracker-- reqid: unknown.0.0:0, seq: 1391, time:
2012-10-11 13:43:49.232402, event: all_read, request: osd pg remove(epoch 7; pg1.a2; ) v1 -9012>
2012-10-11 13:43:50.729354 7f4402a29700 1 -- 149.165.228.10:6802/338 --> osd.2 149.165.228.10:6808/1657 -- pg_log(1.e0 epoch 8 query_epoch 8) v3 -- ?+0 0x2d9ea00 -9011>
2012-10-11 13:43:50.729362 7f440532f700 5 --OSD::tracker-- reqid: unknown.0.0:0, seq: 1391, time:
2012-10-11 13:43:50.729343, event: dispatched, request: osd pg remove(epoch 7; pg1.a2; ) v1 -9010>
2012-10-11 13:43:50.729368 7f440532f700 5 --OSD::tracker-- reqid: unknown.0.0:0, seq: 1391, time:
2012-10-11 13:43:50.729367, event: waiting_for_osdmap, request: osd pg remove(epoch 7; pg1.a2; ) v1 -9009>
2012-10-11 13:43:50.729373 7f440532f700 5 --OSD::tracker-- reqid: unknown.0.0:0, seq: 1391, time:
2012-10-11 13:43:50.729373, event: started, request: osd pg remove(epoch 7; pg1.a2; ) v1 -9008>
2012-10-11 13:43:50.729377 7f440532f700 5 osd.0 8 queue_pg_for_deletion: 1.a2 -9007>
2012-10-11 13:43:50.729388 7f4402a29700 5 filestore(/data/osd.0) queue_transactions existing osr(1.e0 0x2e38da0)/0x2e38da0 -9006>
2012-10-11 13:43:50.729390 7f440532f700 5 filestore(/data/osd.0) queue_transactions existing osr(1.a2 0x2e38140)/0x2e38140 -9005>
2012-10-11 13:43:50.729393 7f4402a29700 5 throttle(filestore_ops 0x1dc5328) wait -9004>
2012-10-11 13:43:50.729397 7f4402a29700 5 throttle(filestore_bytes 0x1dc53a8) wait -9003>
2012-10-11 13:43:50.729399 7f4402a29700 5 filestore(/data/osd.0) queue_transactions (writeahead) 3979 0x2a26f30 -9002>
2012-10-11 13:43:50.729403 7f4402a29700 5 journal submit_entry seq 3979 len 969 (0x2c78000) -9008>
2012-10-11 13:43:50.729402 7f440532f700 5 throttle(filestore_ops 0x1dc5328) wait -9007>
2012-10-11 13:43:50.729412 7f440532f700 5 throttle(filestore_bytes 0x1dc53a8) wait -9007>
2012-10-11 13:43:50.729414 7f4402a29700 5 throttle(filestore_ops 0x1dc5328) take 1 -9006>
2012-10-11 13:43:50.729417 7f4402a29700 5 throttle(filestore_bytes 0x1dc53a8) take 969 -9005>
2012-10-11 13:43:50.729424 7f4402228700 5 filestore(/data/osd.0) queue_transactions (writeahead) 3980 0x2f21000 -9004>
2012-10-11 13:43:50.729430 7f4402228700 5 journal submit_entry seq 3980 len 926 (0x341ce10) -9003>
