2012-10-11 13:43:50.722355 7f440532f700 1 -- 149.165.228.10:6802/338 <== osd.1 149.165.228.10:6805/1098 845 ==== osd pg remove(epoch 7; pg0.e4; ) v1 ==== 25+0+0 (769973755 0 0) 0x29e4e00 con 0x2fe2140 -9705>
2012-10-11 13:43:50.722363 7f440532f700 5 --OSD::tracker-- reqid: unknown.0.0:0, seq: 1368, time:
2012-10-11 13:43:48.729758, event: header_read, request: osd pg remove(epoch 7; pg0.e4; ) v1 -9704>
2012-10-11 13:43:50.722369 7f440532f700 5 --OSD::tracker-- reqid: unknown.0.0:0, seq: 1368, time:
2012-10-11 13:43:48.729760, event: throttled, request: osd pg remove(epoch 7; pg0.e4; ) v1 -9704>
2012-10-11 13:43:50.722372 7f440532f700 5 --OSD::tracker-- reqid: unknown.0.0:0, seq: 1368, time:
2012-10-11 13:43:48.729764, event: all_read, request: osd pg remove(epoch 7; pg0.e4; ) v1 -9704>
2012-10-11 13:43:50.722377 7f440532f700 5 --OSD::tracker-- reqid: unknown.0.0:0, seq: 1368, time:
2012-10-11 13:43:50.722363, event: dispatched, request: osd pg remove(epoch 7; pg0.e4; ) v1 -9704>
2012-10-11 13:43:50.722382 7f440532f700 5 --OSD::tracker-- reqid: unknown.0.0:0, seq: 1368, time:
2012-10-11 13:43:50.722382, event: waiting_for_osdmap, request: osd pg remove(epoch 7; pg0.e4; ) v1 -9703>
2012-10-11 13:43:50.722387 7f440532f700 5 --OSD::tracker-- reqid: unknown.0.0:0, seq: 1368, time:
2012-10-11 13:43:50.722387, event: started, request: osd pg remove(epoch 7; pg0.e4; ) v1 -9702>
2012-10-11 13:43:50.722393 7f440532f700 5 osd.0 8 queue_pg_for_deletion: 0.e4 -9701>
2012-10-11 13:43:50.722404 7f440532f700 5 filestore(/data/osd.0) queue_transactions existing osr(0.e4 0x2468ce0)/0x2468ce0 -9700>
2012-10-11 13:43:50.722408 7f440532f700 5 throttle(filestore_ops 0x1dc5328) wait -9699>
2012-10-11 13:43:50.722409 7f440532f700 5 throttle(filestore_bytes 0x1dc53a8) wait -9698>
2012-10-11 13:43:50.722410 7f440532f700 5 filestore(/data/osd.0) queue_transactions (writeahead) 3909 0x2aa3240 -9697>
2012-10-11 13:43:50.722414 7f440532f700 5 journal submit_entry seq 3909 len 204 (0x26c11b0) -9696>
2012-10-11 13:43:50.722416 7f440532f700 5 throttle(filestore_ops 0x1dc5328) take 1 -9695>
2012-10-11 13:43:50.722418 7f440532f700 5 throttle(filestore_bytes 0x1dc53a8) take 204 -9694>
2012-10-11 13:43:50.722433 7f440532f700 5 --OSD::tracker-- reqid: unknown.0.0:0, seq: 1368, time:
2012-10-11 13:43:50.722433, event: done, request: osd pg remove(epoch 7; pg0.e4; ) v1 -9693>
2012-10-11 13:43:50.722443 7f440532f700 5 throttle(msgr_dispatch_throttler-cluster 0x1d9b088) put 25 (0xb7c748 -> 127538) -9692>
2012-10-11 13:43:50.722446 7f440532f700 1 -- 149.165.228.10:6802/338 <== osd.2 149.165.228.10:6808/1657 501 ==== pg_log(2.d6 epoch 7 query_epoch 7) v3 ==== 507+0+0 (4171127119 0 0) 0x23cb000 con 0x2fe2280 -9691>
2012-10-11 13:43:50.722456 7f440532f700 5 --OSD::tracker-- reqid: unknown.0.0:0, seq: 1369, time:
2012-10-11 13:43:49.138086, event: header_read, request: pg_log(2.d6 epoch 7 query_epoch 7) v3 -9690>
2012-10-11 13:43:50.722461 7f440532f700 5 --OSD::tracker-- reqid: unknown.0.0:0, seq: 1369, time:
2012-10-11 13:43:49.138090, event: throttled, request: pg_log(2.d6 epoch 7 query_epoch 7) v3 -9689>
2012-10-11 13:43:50.722465 7f440532f700 5 --OSD::tracker-- reqid: unknown.0.0:0, seq: 1369, time:
2012-10-11 13:43:49.138098, event: all_read, request: pg_log(2.d6 epoch 7 query_epoch 7) v3 -9688>
2012-10-11 13:43:50.722469 7f440532f700 5 --OSD::tracker-- reqid: unknown.0.0:0, seq: 1369, time:
2012-10-11 13:43:50.722455, event: dispatched, request: pg_log(2.d6 epoch 7 query_epoch 7) v3 -9687>
2012-10-11 13:43:50.722473 7f440532f700 5 --OSD::tracker-- reqid: unknown.0.0:0, seq: 1369, time:
2012-10-11 13:43:50.722473, event: waiting_for_osdmap, request: pg_log(2.d6 epoch 7 query_epoch 7) v3 -9686>
2012-10-11 13:43:50.722480 7f440532f700 5 --OSD::tracker-- reqid: unknown.0.0:0, seq: 1369, time:
2012-10-11 13:43:50.722480, event: started, request: pg_log(2.d6 epoch 7 query_epoch 7) v3 -9685>
2012-10-11 13:43:50.722489 7f440532f700 5 --OSD::tracker-- reqid: unknown.0.0:0, seq: 1369, time:
2012-10-11 13:43:50.722489, event: done, request: pg_log(2.d6 epoch 7 query_epoch 7) v3 -9684>
2012-10-11 13:43:50.722495 7f440532f700 5 throttle(msgr_dispatch_throttler-cluster 0x1d9b088) put 507 (0xb7c748 -> 127031) -9683>
2012-10-11 13:43:50.722497 7f440532f700 1 -- 149.165.228.10:6802/338 <== osd.1 149.165.228.10:6805/1098 846 ==== osd pg remove(epoch 7; pg0.e6; ) v1 ==== 25+0+0 (3214682037 0 0) 0x29e4c40 con 0x2fe2140 -9682>
2012-10-11 13:43:50.722505 7f440532f700 5 --OSD::tracker-- reqid: unknown.0.0:0, seq: 1370, time:
2012-10-11 13:43:48.729766, event: header_read, request: osd pg remove(epoch 7; pg0.e6; ) v1 -9681>
2012-10-11 13:43:50.722509 7f440532f700 5 --OSD::tracker-- reqid: unknown.0.0:0, seq: 1370, time:
2012-10-11 13:43:48.729769, event: throttled, request: osd pg remove(epoch 7; pg0.e6; ) v1 -9680>
2012-10-11 13:43:50.722514 7f440532f700 5 --OSD::tracker-- reqid: unknown.0.0:0, seq: 1370, time:
2012-10-11 13:43:48.729772, event: all_read, request: osd pg remove(epoch 7; pg0.e6; ) v1 -9679>
2012-10-11 13:43:50.722518 7f440532f700 5 --OSD::tracker-- reqid: unknown.0.0:0, seq: 1370, time:
2012-10-11 13:43:50.722505, event: dispatched, request: osd pg remove(epoch 7; pg0.e6; ) v1 -9678>
2012-10-11 13:43:50.722522 7f440532f700 5 --OSD::tracker-- reqid: unknown.0.0:0, seq: 1370, time:
2012-10-11 13:43:50.722522, event: waiting_for_osdmap, request: osd pg remove(epoch 7; pg0.e6; ) v1 -9677>
2012-10-11 13:43:50.722527 7f440532f700 5 --OSD::tracker-- reqid: unknown.0.0:0, seq: 1370, time:
2012-10-11 13:43:50.722527, event: started, request: osd pg remove(epoch 7; pg0.e6; ) v1 -9676>
2012-10-11 13:43:50.722532 7f440532f700 5 osd.0 8 queue_pg_for_deletion: 0.e6 -9675>
2012-10-11 13:43:50.722544 7f440532f700 5 filestore(/data/osd.0) queue_transactions existing osr(0.e6 0x2468c80)/0x2468c80 -9674>
2012-10-11 13:43:50.722548 7f440532f700 5 throttle(filestore_ops 0x1dc5328) wait -9673>
2012-10-11 13:43:50.722549 7f440532f700 5 throttle(filestore_bytes 0x1dc53a8) wait -9672>
2012-10-11 13:43:50.722550 7f440532f700 5 filestore(/data/osd.0) queue_transactions (writeahead) 3910 0x311e630 -9671>
2012-10-11 13:43:50.722553 7f440532f700 5 journal submit_entry seq 3910 len 204 (0x26c16f0) -9670>
2012-10-11 13:43:50.722555 7f440532f700 5 throttle(filestore_ops 0x1dc5328) take 1 -9669>
2012-10-11 13:43:50.722557 7f440532f700 5 throttle(filestore_bytes 0x1dc53a8) take 204 -9668>
2012-10-11 13:43:50.722570 7f440532f700 5 --OSD::tracker-- reqid: unknown.0.0:0, seq: 1370, time:
2012-10-11 13:43:50.722570, event: done, request: osd pg remove(epoch 7; pg0.e6; ) v1 -9667>
2012-10-11 13:43:50.722579 7f440532f700 5 throttle(msgr_dispatch_throttler-cluster 0x1d9b088) put 25 (0xb7c748 -> 127006) -9666>
2012-10-11 13:43:50.722583 7f440532f700 1 -- 149.165.228.10:6802/338 <== osd.2 149.165.228.10:6808/1657 502 ==== pg_log(0.8 epoch 7 query_epoch 7) v3 ==== 507+0+0 (1953561330 0 0) 0x229ca00 con 0x2fe2280 -9665>
2012-10-11 13:43:50.722592 7f440532f700 5 --OSD::tracker-- reqid: unknown.0.0:0, seq: 1371, time:
2012-10-11 13:43:49.141460, event: header_read, request: pg_log(0.8 epoch 7 query_epoch 7) v3 -9664>
2012-10-11 13:43:50.722597 7f440532f700 5 --OSD::tracker-- reqid: unknown.0.0:0, seq: 1371, time:
2012-10-11 13:43:49.141470, event: throttled, request: pg_log(0.8 epoch 7 query_epoch 7) v3 -9663>
2012-10-11 13:43:50.722602 7f440532f700 5 --OSD::tracker-- reqid: unknown.0.0:0, seq: 1371, time:
2012-10-11 13:43:49.141485, event: all_read, request: pg_log(0.8 epoch 7 query_epoch 7) v3 -9662>
2012-10-11 13:43:50.722606 7f440532f700 5 --OSD::tracker-- reqid: unknown.0.0:0, seq: 1371, time:
2012-10-11 13:43:50.722591, event: dispatched, request: pg_log(0.8 epoch 7 query_epoch 7) v3 -9661>
2012-10-11 13:43:50.722611 7f440532f700 5 --OSD::tracker-- reqid: unknown.0.0:0, seq: 1371, time:
2012-10-11 13:43:50.722611, event: waiting_for_osdmap, request: pg_log(0.8 epoch 7 query_epoch 7) v3 -9660>
2012-10-11 13:43:50.722618 7f440532f700 5 --OSD::tracker-- reqid: unknown.0.0:0, seq: 1371, time:
2012-10-11 13:43:50.722618, event: started, request: pg_log(0.8 epoch 7 query_epoch 7) v3 -9659>
2012-10-11 13:43:50.722625 7f440532f700 5 --OSD::tracker-- reqid: unknown.0.0:0, seq: 1371, time:
2012-10-11 13:43:50.722625, event: done, request: pg_log(0.8 epoch 7 query_epoch 7) v3 -9658>
2012-10-11 13:43:50.722632 7f440532f700 5 throttle(msgr_dispatch_throttler-cluster 0x1d9b088) put 507 (0xb7c748 -> 126499) -9657>
2012-10-11 13:43:50.722634 7f440532f700 1 -- 149.165.228.10:6802/338 <== osd.1 149.165.228.10:6805/1098 847 ==== osd pg remove(epoch 7; pg0.ff; ) v1 ==== 25+0+0 (820860924 0 0) 0x29e4a80 con 0x2fe2140 -9656>
2012-10-11 13:43:50.722641 7f440532f700 5 --OSD::tracker-- reqid: unknown.0.0:0, seq: 1372, time:
2012-10-11 13:43:48.729774, event: header_read, request: osd pg remove(epoch 7; pg0.ff; ) v1 -9655>
2012-10-11 13:43:50.722645 7f440532f700 5 --OSD::tracker-- reqid: unknown.0.0:0, seq: 1372, time:
2012-10-11 13:43:48.729776, event: throttled, request: osd pg remove(epoch 7; pg0.ff; ) v1 -9654>
2012-10-11 13:43:50.722649 7f440532f700 5 --OSD::tracker-- reqid: unknown.0.0:0, seq: 1372, time:
2012-10-11 13:43:48.729780, event: all_read, request: osd pg remove(epoch 7; pg0.ff; ) v1 -9653>
2012-10-11 13:43:50.722652 7f440532f700 5 --OSD::tracker-- reqid: unknown.0.0:0, seq: 1372, time:
2012-10-11 13:43:50.722640, event: dispatched, request: osd pg remove(epoch 7; pg0.ff; ) v1 -9652>
2012-10-11 13:43:50.722656 7f440532f700 5 --OSD::tracker-- reqid: unknown.0.0:0, seq: 1372, time:
2012-10-11 13:43:50.722656, event: waiting_for_osdmap, request: osd pg remove(epoch 7; pg0.ff; ) v1 -9651>
2012-10-11 13:43:50.722661 7f440532f700 5 --OSD::tracker-- reqid: unknown.0.0:0, seq: 1372, time:
2012-10-11 13:43:50.722661, event: started, request: osd pg remove(epoch 7; pg0.ff; ) v1 -9650>
2012-10-11 13:43:50.722665 7f440532f700 5 osd.0 8 queue_pg_for_deletion: 0.ff -9649>
2012-10-11 13:43:50.722676 7f440532f700 5 filestore(/data/osd.0) queue_transactions existing osr(0.ff 0x27a13d0)/0x27a13d0 -9648>
2012-10-11 13:43:50.722679 7f440532f700 5 throttle(filestore_ops 0x1dc5328) wait -9647>
2012-10-11 13:43:50.722680 7f440532f700 5 throttle(filestore_bytes 0x1dc53a8) wait -9646>
2012-10-11 13:43:50.722681 7f440532f700 5 filestore(/data/osd.0) queue_transactions (writeahead) 3911 0x2aa3360 -9645>
2012-10-11 13:43:50.722683 7f440532f700 5 journal submit_entry seq 3911 len 204 (0x26c1d80) -9644>
2012-10-11 13:43:50.722685 7f440532f700 5 throttle(filestore_ops 0x1dc5328) take 1 -9643>
2012-10-11 13:43:50.722686 7f440532f700 5 throttle(filestore_bytes 0x1dc53a8) take 204 -9642>
2012-10-11 13:43:50.722701 7f440532f700 5 --OSD::tracker-- reqid: unknown.0.0:0, seq: 1372, time:
2012-10-11 13:43:50.722701, event: done, request: osd pg remove(epoch 7; pg0.ff; ) v1 -9641>
2012-10-11 13:43:50.722712 7f440532f700 5 throttle(msgr_dispatch_throttler-cluster 0x1d9b088) put 25 (0xb7c748 -> 126474) -9640>
2012-10-11 13:43:50.722714 7f440532f700 1 -- 149.165.228.10:6802/338 <== osd.2 149.165.228.10:6808/1657 503 ==== pg_log(0.e8 epoch 7 query_epoch 7) v3 ==== 507+0+0 (455092993 0 0) 0x229c500 con 0x2fe2280 -9639>
2012-10-11 13:43:50.722724 7f440532f700 5 --OSD::tracker-- reqid: unknown.0.0:0, seq: 1373, time:
2012-10-11 13:43:49.141491, event: header_read, request: pg_log(0.e8 epoch 7 query_epoch 7) v3 -9639>
2012-10-11 13:43:50.722729 7f440532f700 5 --OSD::tracker-- reqid: unknown.0.0:0, seq: 1373, time:
2012-10-11 13:43:49.141495, event: throttled, request: pg_log(0.e8 epoch 7 query_epoch 7) v3 -9639>
2012-10-11 13:43:50.722733 7f440532f700 5 --OSD::tracker-- reqid: unknown.0.0:0, seq: 1373, time:
2012-10-11 13:43:49.141503, event: all_read, request: pg_log(0.e8 epoch 7 query_epoch 7) v3 -9639>
2012-10-11 13:43:50.722736 7f440532f700 5 --OSD::tracker-- reqid: unknown.0.0:0, seq: 1373, time:
2012-10-11 13:43:50.722723, event: dispatched, request: pg_log(0.e8 epoch 7 query_epoch 7) v3 -9640>
2012-10-11 13:43:50.722741 7f440532f700 5 --OSD::tracker-- reqid: unknown.0.0:0, seq: 1373, time:
2012-10-11 13:43:50.722741, event: waiting_for_osdmap, request: pg_log(0.e8 epoch 7 query_epoch 7) v3 -9640>
2012-10-11 13:43:50.722747 7f440532f700 5 --OSD::tracker-- reqid: unknown.0.0:0, seq: 1373, time:
2012-10-11 13:43:50.722747, event: started, request: pg_log(0.e8 epoch 7 query_epoch 7) v3 -9639>
2012-10-11 13:43:50.722756 7f440532f700 5 --OSD::tracker-- reqid: unknown.0.0:0, seq: 1373, time:
2012-10-11 13:43:50.722756, event: done, request: pg_log(0.e8 epoch 7 query_epoch 7) v3 -9638>
2012-10-11 13:43:50.722762 7f440532f700 5 throttle(msgr_dispatch_throttler-cluster 0x1d9b088) put 507 (0xb7c748 -> 125967) -9638>
2012-10-11 13:43:50.722765 7f440532f700 1 -- 149.165.228.10:6802/338 <== osd.1 149.165.228.10:6805/1098 848 ==== osd pg remove(epoch 7; pg1.6; ) v1 ==== 25+0+0 (1855001220 0 0) 0x29e48c0 con 0x2fe2140 -9637>
2012-10-11 13:43:50.722773 7f440532f700 5 --OSD::tracker-- reqid: unknown.0.0:0, seq: 1374, time:
2012-10-11 13:43:48.729782, event: header_read, request: osd pg remove(epoch 7; pg1.6; ) v1 -9636>
2012-10-11 13:43:50.722777 7f440532f700 5 --OSD::tracker-- reqid: unknown.0.0:0, seq: 1374, time:
2012-10-11 13:43:48.729785, event: throttled, request: osd pg remove(epoch 7; pg1.6; ) v1 -9635>
2012-10-11 13:43:50.722780 7f440532f700 5 --OSD::tracker-- reqid: unknown.0.0:0, seq: 1374, time:
2012-10-11 13:43:48.729788, event: all_read, request: osd pg remove(epoch 7; pg1.6; ) v1 -9634>
2012-10-11 13:43:50.722784 7f440532f700 5 --OSD::tracker-- reqid: unknown.0.0:0, seq: 1374, time:
2012-10-11 13:43:50.722772, event: dispatched, request: osd pg remove(epoch 7; pg1.6; ) v1 -9634>
2012-10-11 13:43:50.722788 7f440532f700 5 --OSD::tracker-- reqid: unknown.0.0:0, seq: 1374, time:
2012-10-11 13:43:50.722788, event: waiting_for_osdmap, request: osd pg remove(epoch 7; pg1.6; ) v1 -9633>
2012-10-11 13:43:50.722792 7f440532f700 5 --OSD::tracker-- reqid: unknown.0.0:0, seq: 1374, time:
2012-10-11 13:43:50.722792, event: started, request: osd pg remove(epoch 7; pg1.6; ) v1 -9633>
2012-10-11 13:43:50.722796 7f440532f700 5 osd.0 8 queue_pg_for_deletion: 1.6 -9633>
2012-10-11 13:43:50.722808 7f440532f700 5 filestore(/data/osd.0) queue_transactions existing osr(1.6 0x27a1280)/0x27a1280 -9632>
2012-10-11 13:43:50.722811 7f440532f700 5 throttle(filestore_ops 0x1dc5328) wait -9631>
2012-10-11 13:43:50.722812 7f440532f700 5 throttle(filestore_bytes 0x1dc53a8) wait -9630>
2012-10-11 13:43:50.722813 7f440532f700 5 filestore(/data/osd.0) queue_transactions (writeahead) 3912 0x24b6750 -9629>
2012-10-11 13:43:50.722815 7f440532f700 5 journal submit_entry seq 3912 len 200 (0x27d2930) -9628>
2012-10-11 13:43:50.722817 7f440532f700 5 throttle(filestore_ops 0x1dc5328) take 1 -9627>
2012-10-11 13:43:50.722818 7f440532f700 5 throttle(filestore_bytes 0x1dc53a8) take 200 -9626>
2012-10-11 13:43:50.722832 7f440532f700 5 --OSD::tracker-- reqid: unknown.0.0:0, seq: 1374, time:
2012-10-11 13:43:50.722832, event: done, request: osd pg remove(epoch 7; pg1.6; ) v1 -9625>
2012-10-11 13:43:50.722841 7f440532f700 5 throttle(msgr_dispatch_throttler-cluster 0x1d9b088) put 25 (0xb7c748 -> 125942) -9624>
2012-10-11 13:43:50.722845 7f440532f700 1 -- 149.165.228.10:6802/338 <== osd.2 149.165.228.10:6808/1657 504 ==== pg_log(0.ee epoch 7 query_epoch 7) v3 ==== 507+0+0 (3419416439 0 0) 0x229c000 con 0x2fe2280 -9623>
2012-10-11 13:43:50.722855 7f440532f700 5 --OSD::tracker-- reqid: unknown.0.0:0, seq: 1375, time:
2012-10-11 13:43:49.142384, event: header_read, request: pg_log(0.ee epoch 7 query_epoch 7) v3 -9622>
2012-10-11 13:43:50.722860 7f440532f700 5 --OSD::tracker-- reqid: unknown.0.0:0, seq: 1375, time:
2012-10-11 13:43:49.142393, event: throttled, request: pg_log(0.ee epoch 7 query_epoch 7) v3 -9621>
2012-10-11 13:43:50.722864 7f440532f700 5 --OSD::tracker-- reqid: unknown.0.0:0, seq: 1375, time:
2012-10-11 13:43:49.142406, event: all_read, request: pg_log(0.ee epoch 7 query_epoch 7) v3 -9620>
2012-10-11 13:43:50.722869 7f440532f700 5 --OSD::tracker-- reqid: unknown.0.0:0, seq: 1375, time:
2012-10-11 13:43:50.722854, event: dispatched, request: pg_log(0.ee epoch 7 query_epoch 7) v3 -9619>
2012-10-11 13:43:50.722874 7f440532f700 5 --OSD::tracker-- reqid: unknown.0.0:0, seq: 1375, time:
2012-10-11 13:43:50.722874, event: waiting_for_osdmap, request: pg_log(0.ee epoch 7 query_epoch 7) v3 -9618>
2012-10-11 13:43:50.722880 7f440532f700 5 --OSD::tracker-- reqid: unknown.0.0:0, seq: 1375, time:
2012-10-11 13:43:50.722880, event: started, request: pg_log(0.ee epoch 7 query_epoch 7) v3 -9617>
2012-10-11 13:43:50.722888 7f440532f700 5 --OSD::tracker-- reqid: unknown.0.0:0, seq: 1375, time:
2012-10-11 13:43:50.722888, event: done, request: pg_log(0.ee epoch 7 query_epoch 7) v3 -9616>
2012-10-11 13:43:50.722895 7f440532f700 5 throttle(msgr_dispatch_throttler-cluster 0x1d9b088) put 507 (0xb7c748 -> 125435) -9615>
2012-10-11 13:43:50.722898 7f440532f700 1 -- 149.165.228.10:6802/338 <== osd.1 149.165.228.10:6805/1098 849 ==== osd pg remove(epoch 7; pg1.e; ) v1 ==== 25+0+0 (749344350 0 0) 0x29e4700 con 0x2fe2140 -9614>
2012-10-11 13:43:50.722976 7f4402228700 5 filestore(/data/osd.0) queue_transactions existing osr(2.4d 0x3176790)/0x3176790 -9613>
2012-10-11 13:43:50.722999 7f4402228700 5 throttle(filestore_ops 0x1dc5328) wait -9612>
2012-10-11 13:43:50.723001 7f4402228700 5 throttle(filestore_bytes 0x1dc53a8) wait -9611>
2012-10-11 13:43:50.723002 7f4402228700 5 filestore(/data/osd.0) queue_transactions (writeahead) 3913 0x28aca20 -9610>
2012-10-11 13:43:50.723006 7f4402228700 5 journal submit_entry seq 3913 len 926 (0x32e8d50) -9609>
2012-10-11 13:43:50.723007 7f4402228700 5 throttle(filestore_ops 0x1dc5328) take 1 -9608>
2012-10-11 13:43:50.723009 7f4402228700 5 throttle(filestore_bytes 0x1dc53a8) take 926 -9607>
2012-10-11 13:43:50.723059 7f4402228700 1 -- 149.165.228.10:6802/338 --> osd.1 149.165.228.10:6805/1098 -- pg_log(0.5d epoch 8 query_epoch 8) v3 -- ?+0 0x2656500 -9606>
2012-10-11 13:43:50.723089 7f4402228700 5 filestore(/data/osd.0) queue_transactions existing osr(0.5d 0x2130350)/0x2130350 -9605>
2012-10-11 13:43:50.723093 7f4402228700 5 throttle(filestore_ops 0x1dc5328) wait -9604>
2012-10-11 13:43:50.723094 7f4402228700 5 throttle(filestore_bytes 0x1dc53a8) wait -9603>
2012-10-11 13:43:50.723095 7f4402228700 5 filestore(/data/osd.0) queue_transactions (writeahead) 3914 0x28accf0 -9602>
2012-10-11 13:43:50.723098 7f4402228700 5 journal submit_entry seq 3914 len 926 (0x292e270) -9601>
2012-10-11 13:43:50.723100 7f4402228700 5 throttle(filestore_ops 0x1dc5328) take 1 -9600>
2012-10-11 13:43:50.723101 7f4402228700 5 throttle(filestore_bytes 0x1dc53a8) take 926 -9599>
2012-10-11 13:43:50.723125 7f4402228700 1 -- 149.165.228.10:6802/338 --> osd.1 149.165.228.10:6805/1098 -- pg_log(0.5e epoch 8 query_epoch 8) v3 -- ?+0 0x2656000 -9598>
2012-10-11 13:43:50.722985 7f4402a29700 5 filestore(/data/osd.0) queue_transactions existing osr(2.b0 0x3176db0)/0x3176db0 -9597>
2012-10-11 13:43:50.723150 7f4402a29700 5 throttle(filestore_ops 0x1dc5328) wait -9596>
2012-10-11 13:43:50.723156 7f4402a29700 5 throttle(filestore_bytes 0x1dc53a8) wait -9595>
2012-10-11 13:43:50.723157 7f4402a29700 5 filestore(/data/osd.0) queue_transactions (writeahead) 3915 0x2cdaa20 -9594>
2012-10-11 13:43:50.723162 7f4402a29700 5 journal submit_entry seq 3915 len 969 (0x338e690) -9593>
2012-10-11 13:43:50.723164 7f4402a29700 5 throttle(filestore_ops 0x1dc5328) take 1 -9592>
2012-10-11 13:43:50.723166 7f4402a29700 5 throttle(filestore_bytes 0x1dc53a8) take 969 -9591>
2012-10-11 13:43:50.723193 7f4402a29700 1 -- 149.165.228.10:6802/338 --> osd.2 149.165.228.10:6808/1657 -- pg_log(2.b3 epoch 8 query_epoch 8) v3 -- ?+0 0x244e000 -9590>
2012-10-11 13:43:50.723263 7f4402228700 5 filestore(/data/osd.0) queue_transactions existing osr(0.5e 0x2130320)/0x2130320 -9589>
2012-10-11 13:43:50.723291 7f4402a29700 5 filestore(/data/osd.0) queue_transactions existing osr(2.b3 0x3176d20)/0x3176d20 -9588>
2012-10-11 13:43:50.723307 7f4402a29700 5 throttle(filestore_ops 0x1dc5328) wait -9587>
2012-10-11 13:43:50.723314 7f4402a29700 5 throttle(filestore_bytes 0x1dc53a8) wait -9586>
2012-10-11 13:43:50.723321 7f4402a29700 5 filestore(/data/osd.0) queue_transactions (writeahead) 3916 0x2cda900 -9585>
2012-10-11 13:43:50.723352 7f4402a29700 5 journal submit_entry seq 3916 len 969 (0x23c7ae0) -9584>
2012-10-11 13:43:50.723361 7f4402a29700 5 throttle(filestore_ops 0x1dc5328) take 1 -9583>
2012-10-11 13:43:50.723369 7f4402a29700 5 throttle(filestore_bytes 0x1dc53a8) take 969 -9582>
2012-10-11 13:43:50.723388 7f4402228700 5 throttle(filestore_ops 0x1dc5328) wait -9581>
2012-10-11 13:43:50.723443 7f4402a29700 1 -- 149.165.228.10:6802/338 --> osd.2 149.165.228.10:6808/1657 -- pg_log(2.bf epoch 8 query_epoch 8) v3 -- ?+0 0x2014a00 -9580>
2012-10-11 13:43:50.723465 7f4402228700 5 throttle(filestore_bytes 0x1dc53a8) wait -9579>
2012-10-11 13:43:50.723478 7f4402228700 5 filestore(/data/osd.0) queue_transactions (writeahead) 3917 0x28ac480 -9578>
2012-10-11 13:43:50.723488 7f4402228700 5 journal submit_entry seq 3917 len 926 (0x292e3f0) -9577>
2012-10-11 13:43:50.723496 7f4402228700 5 throttle(filestore_ops 0x1dc5328) take 1 -9576>
2012-10-11 13:43:50.723503 7f4402228700 5 throttle(filestore_bytes 0x1dc53a8) take 926 -9575>
2012-10-11 13:43:50.723537 7f4402228700 1 -- 149.165.228.10:6802/338 --> osd.1 149.165.228.10:6805/1098 -- pg_log(0.67 epoch 8 query_epoch 8) v3 -- ?+0 0x2fc7a00 -9574>
2012-10-11 13:43:50.723632 7f4402228700 5 filestore(/data/osd.0) queue_transactions existing osr(0.67 0x2130480)/0x2130480 -9573>
2012-10-11 13:43:50.723660 7f4402a29700 5 filestore(/data/osd.0) queue_transactions existing osr(2.bf 0x3176f70)/0x3176f70 -9572>
2012-10-11 13:43:50.723676 7f4402a29700 5 throttle(filestore_ops 0x1dc5328) wait -9571>
2012-10-11 13:43:50.723683 7f4402a29700 5 throttle(filestore_bytes 0x1dc53a8) wait -9570>
2012-10-11 13:43:50.723690 7f4402a29700 5 filestore(/data/osd.0) queue_transactions (writeahead) 3918 0x2cda6c0 -9569>
2012-10-11 13:43:50.723700 7f4402a29700 5 journal submit_entry seq 3918 len 969 (0x23c7ba0) -9568>
2012-10-11 13:43:50.723708 7f4402228700 5 throttle(filestore_ops 0x1dc5328) wait -9567>
2012-10-11 13:43:50.723717 7f4402228700 5 throttle(filestore_bytes 0x1dc53a8) wait -9566>
2012-10-11 13:43:50.723721 7f4402a29700 5 throttle(filestore_ops 0x1dc5328) take 1 -9565>
2012-10-11 13:43:50.723736 7f4402a29700 5 throttle(filestore_bytes 0x1dc53a8) take 969 -9564>
2012-10-11 13:43:50.723771 7f4402a29700 1 -- 149.165.228.10:6802/338 --> osd.2 149.165.228.10:6808/1657 -- pg_log(2.d8 epoch 8 query_epoch 8) v3 -- ?+0 0x2014500 -9563>
2012-10-11 13:43:50.723786 7f4402228700 5 filestore(/data/osd.0) queue_transactions (writeahead) 3919 0x28acc60 -9562>
2012-10-11 13:43:50.723802 7f4402228700 5 journal submit_entry seq 3919 len 926 (0x322ede0) -9561>
2012-10-11 13:43:50.723810 7f4402228700 5 throttle(filestore_ops 0x1dc5328) take 1 -9560>
2012-10-11 13:43:50.723817 7f4402228700 5 throttle(filestore_bytes 0x1dc53a8) take 926 -9559>
2012-10-11 13:43:50.723849 7f4402228700 1 -- 149.165.228.10:6802/338 --> osd.1 149.165.228.10:6805/1098 -- pg_log(0.68 epoch 8 query_epoch 8) v3 -- ?+0 0x2fc7500 -9558>
2012-10-11 13:43:50.723882 7f4402a29700 5 filestore(/data/osd.0) queue_transactions existing osr(2.d8 0x25cf180)/0x25cf180 -9557>
2012-10-11 13:43:50.723907 7f4402a29700 5 throttle(filestore_ops 0x1dc5328) wait -9556>
2012-10-11 13:43:50.723918 7f4402a29700 5 throttle(filestore_bytes 0x1dc53a8) wait -9555>
2012-10-11 13:43:50.723925 7f4402a29700 5 filestore(/data/osd.0) queue_transactions (writeahead) 3920 0x2cda3f0 -9554>
2012-10-11 13:43:50.723936 7f4402a29700 5 journal submit_entry seq 3920 len 969 (0x3419ed0) -9553>
2012-10-11 13:43:50.723944 7f4402a29700 5 throttle(filestore_ops 0x1dc5328) take 1 -9552>
2012-10-11 13:43:50.723950 7f4402a29700 5 throttle(filestore_bytes 0x1dc53a8) take 969 -9551>
2012-10-11 13:43:50.723951 7f440532f700 5 --OSD::tracker-- reqid: unknown.0.0:0, seq: 1376, time:
2012-10-11 13:43:48.729790, event: header_read, request: osd pg remove(epoch 7; pg1.e; ) v1 -9550>
2012-10-11 13:43:50.723958 7f440532f700 5 --OSD::tracker-- reqid: unknown.0.0:0, seq: 1376, time:
2012-10-11 13:43:48.729792, event: throttled, request: osd pg remove(epoch 7; pg1.e; ) v1 -9549>
2012-10-11 13:43:50.723977 7f440532f700 5 --OSD::tracker-- reqid: unknown.0.0:0, seq: 1376, time:
2012-10-11 13:43:48.729806, event: all_read, request: osd pg remove(epoch 7; pg1.e; ) v1 -9548>
2012-10-11 13:43:50.723981 7f440532f700 5 --OSD::tracker-- reqid: unknown.0.0:0, seq: 1376, time:
2012-10-11 13:43:50.723949, event: dispatched, request: osd pg remove(epoch 7; pg1.e; ) v1 -9547>
2012-10-11 13:43:50.723984 7f4402a29700 5 filestore(/data/osd.0) queue_transactions existing osr(0.96 0x2130ce0)/0x2130ce0 -9546>
2012-10-11 13:43:50.723987 7f4402a29700 5 throttle(filestore_ops 0x1dc5328) wait -9545>
2012-10-11 13:43:50.723985 7f440532f700 5 --OSD::tracker-- reqid: unknown.0.0:0, seq: 1376, time:
2012-10-11 13:43:50.723985, event: waiting_for_osdmap, request: osd pg remove(epoch 7; pg1.e; ) v1 -9544>
2012-10-11 13:43:50.723988 7f4402a29700 5 throttle(filestore_bytes 0x1dc53a8) wait -9543>
2012-10-11 13:43:50.723989 7f4402a29700 5 filestore(/data/osd.0) queue_transactions (writeahead) 3921 0x2cda240 -9542>
2012-10-11 13:43:50.723990 7f440532f700 5 --OSD::tracker-- reqid: unknown.0.0:0, seq: 1376, time:
2012-10-11 13:43:50.723990, event: started, request: osd pg remove(epoch 7; pg1.e; ) v1 -9541>
2012-10-11 13:43:50.723993 7f4402a29700 5 journal submit_entry seq 3921 len 926 (0x26c10f0) -9540>
2012-10-11 13:43:50.723995 7f4402a29700 5 throttle(filestore_ops 0x1dc5328) take 1 -9539>
2012-10-11 13:43:50.723995 7f440532f700 5 osd.0 8 queue_pg_for_deletion: 1.e -9538>
2012-10-11 13:43:50.723996 7f4402a29700 5 throttle(filestore_bytes 0x1dc53a8) take 926 -9537>
2012-10-11 13:43:50.724009 7f440532f700 5 filestore(/data/osd.0) queue_transactions existing osr(1.e 0x27a1500)/0x27a1500 -9536>
2012-10-11 13:43:50.724012 7f440532f700 5 throttle(filestore_ops 0x1dc5328) wait -9535>
2012-10-11 13:43:50.724014 7f440532f700 5 throttle(filestore_bytes 0x1dc53a8) wait -9534>
2012-10-11 13:43:50.724015 7f440532f700 5 filestore(/data/osd.0) queue_transactions (writeahead) 3922 0x2aa3990 -9533>
2012-10-11 13:43:50.724017 7f440532f700 5 journal submit_entry seq 3922 len 200 (0x28270c0) -9532>
2012-10-11 13:43:50.724019 7f440532f700 5 throttle(filestore_ops 0x1dc5328) take 1 -9531>
2012-10-11 13:43:50.724020 7f440532f700 5 throttle(filestore_bytes 0x1dc53a8) take 200 -9530>
2012-10-11 13:43:50.724031 7f4402a29700 5 filestore(/data/osd.0) queue_transactions existing osr(0.8c 0x2130b10)/0x2130b10 -9529>
2012-10-11 13:43:50.724034 7f4402a29700 5 throttle(filestore_ops 0x1dc5328) wait -9528>
2012-10-11 13:43:50.724035 7f4402a29700 5 throttle(filestore_bytes 0x1dc53a8) wait -9527>
2012-10-11 13:43:50.724036 7f4402a29700 5 filestore(/data/osd.0) queue_transactions (writeahead) 3923 0x2cda360 -9526>
2012-10-11 13:43:50.724039 7f4402a29700 5 journal submit_entry seq 3923 len 926 (0x26096f0) -9525>
2012-10-11 13:43:50.724041 7f4402a29700 5 throttle(filestore_ops 0x1dc5328) take 1 -9524>
2012-10-11 13:43:50.724043 7f4402a29700 5 throttle(filestore_bytes 0x1dc53a8) take 926 -9523>
2012-10-11 13:43:50.724040 7f440532f700 5 --OSD::tracker-- reqid: unknown.0.0:0, seq: 1376, time:
2012-10-11 13:43:50.724040, event: done, request: osd pg remove(epoch 7; pg1.e; ) v1 -9522>
2012-10-11 13:43:50.724050 7f440532f700 5 throttle(msgr_dispatch_throttler-cluster 0x1d9b088) put 25 (0xb7c748 -> 125410) -9521>
2012-10-11 13:43:50.724053 7f440532f700 1 -- 149.165.228.10:6802/338 <== osd.2 149.165.228.10:6808/1657 505 ==== pg_log(0.f0 epoch 7 query_epoch 7) v3 ==== 507+0+0 (1554839839 0 0) 0x28f7a00 con 0x2fe2280 -9520>
2012-10-11 13:43:50.724062 7f440532f700 5 --OSD::tracker-- reqid: unknown.0.0:0, seq: 1377, time:
2012-10-11 13:43:49.145300, event: header_read, request: pg_log(0.f0 epoch 7 query_epoch 7) v3 -9519>
2012-10-11 13:43:50.724066 7f440532f700 5 --OSD::tracker-- reqid: unknown.0.0:0, seq: 1377, time:
2012-10-11 13:43:49.145308, event: throttled, request: pg_log(0.f0 epoch 7 query_epoch 7) v3 -9518>
2012-10-11 13:43:50.724070 7f440532f700 5 --OSD::tracker-- reqid: unknown.0.0:0, seq: 1377, time:
2012-10-11 13:43:49.145321, event: all_read, request: pg_log(0.f0 epoch 7 query_epoch 7) v3 -9517>
2012-10-11 13:43:50.724072 7f4402a29700 5 filestore(/data/osd.0) queue_transactions existing osr(1.8b 0x2adbd90)/0x2adbd90 -9516>
2012-10-11 13:43:50.724075 7f4402a29700 5 throttle(filestore_ops 0x1dc5328) wait -9515>
2012-10-11 13:43:50.724074 7f440532f700 5 --OSD::tracker-- reqid: unknown.0.0:0, seq: 1377, time:
2012-10-11 13:43:50.724061, event: dispatched, request: pg_log(0.f0 epoch 7 query_epoch 7) v3 -9514>
2012-10-11 13:43:50.724076 7f4402a29700 5 throttle(filestore_bytes 0x1dc53a8) wait -9513>
2012-10-11 13:43:50.724078 7f4402a29700 5 filestore(/data/osd.0) queue_transactions (writeahead) 3924 0x2cda510 -9512>
2012-10-11 13:43:50.724078 7f440532f700 5 --OSD::tracker-- reqid: unknown.0.0:0, seq: 1377, time:
2012-10-11 13:43:50.724078, event: waiting_for_osdmap, request: pg_log(0.f0 epoch 7 query_epoch 7) v3 -9511>
2012-10-11 13:43:50.724081 7f4402a29700 5 journal submit_entry seq 3924 len 926 (0x314ede0) -9510>
2012-10-11 13:43:50.724082 7f4402a29700 5 throttle(filestore_ops 0x1dc5328) take 1 -9509>
2012-10-11 13:43:50.724084 7f4402a29700 5 throttle(filestore_bytes 0x1dc53a8) take 926 -9508>
2012-10-11 13:43:50.724084 7f440532f700 5 --OSD::tracker-- reqid: unknown.0.0:0, seq: 1377, time:
2012-10-11 13:43:50.724084, event: started, request: pg_log(0.f0 epoch 7 query_epoch 7) v3 -9507>
2012-10-11 13:43:50.724092 7f440532f700 5 --OSD::tracker-- reqid: unknown.0.0:0, seq: 1377, time:
2012-10-11 13:43:50.724092, event: done, request: pg_log(0.f0 epoch 7 query_epoch 7) v3 -9506>
2012-10-11 13:43:50.724097 7f440532f700 5 throttle(msgr_dispatch_throttler-cluster 0x1d9b088) put 507 (0xb7c748 -> 124903) -9505>
2012-10-11 13:43:50.724099 7f440532f700 1 -- 149.165.228.10:6802/338 <== osd.1 149.165.228.10:6805/1098 850 ==== osd pg remove(epoch 7; pg1.b7; ) v1 ==== 25+0+0 (2598016490 0 0) 0x29e4540 con 0x2fe2140 -9504>
2012-10-11 13:43:50.724106 7f440532f700 5 --OSD::tracker-- reqid: unknown.0.0:0, seq: 1378, time:
2012-10-11 13:43:48.854768, event: header_read, request: osd pg remove(epoch 7; pg1.b7; ) v1 -9503>
2012-10-11 13:43:50.724110 7f440532f700 5 --OSD::tracker-- reqid: unknown.0.0:0, seq: 1378, time:
2012-10-11 13:43:48.854783, event: throttled, request: osd pg remove(epoch 7; pg1.b7; ) v1 -9502>
2012-10-11 13:43:50.724114 7f440532f700 5 --OSD::tracker-- reqid: unknown.0.0:0, seq: 1378, time:
2012-10-11 13:43:48.854792, event: all_read, request: osd pg remove(epoch 7; pg1.b7; ) v1 -9501>
2012-10-11 13:43:50.724118 7f440532f700 5 --OSD::tracker-- reqid: unknown.0.0:0, seq: 1378, time:
2012-10-11 13:43:50.724105, event: dispatched, request: osd pg remove(epoch 7; pg1.b7; ) v1 -9500>
2012-10-11 13:43:50.724121 7f440532f700 5 --OSD::tracker-- reqid: unknown.0.0:0, seq: 1378, time:
2012-10-11 13:43:50.724121, event: waiting_for_osdmap, request: osd pg remove(epoch 7; pg1.b7; ) v1 -9499>
2012-10-11 13:43:50.724126 7f440532f700 5 --OSD::tracker-- reqid: unknown.0.0:0, seq: 1378, time:
2012-10-11 13:43:50.724126, event: started, request: osd pg remove(epoch 7; pg1.b7; ) v1 -9498>
2012-10-11 13:43:50.724130 7f440532f700 5 osd.0 8 queue_pg_for_deletion: 1.b7 -9497>
2012-10-11 13:43:50.724142 7f440532f700 5 filestore(/data/osd.0) queue_transactions existing osr(1.b7 0x2e38550)/0x2e38550 -9496>
2012-10-11 13:43:50.724145 7f440532f700 5 throttle(filestore_ops 0x1dc5328) wait -9495>
2012-10-11 13:43:50.724146 7f440532f700 5 throttle(filestore_bytes 0x1dc53a8) wait -9494>
2012-10-11 13:43:50.724147 7f440532f700 5 filestore(/data/osd.0) queue_transactions (writeahead) 3925 0x24b6990 -9493>
2012-10-11 13:43:50.724150 7f440532f700 5 journal submit_entry seq 3925 len 204 (0x28811b0) -9492>
2012-10-11 13:43:50.724151 7f440532f700 5 throttle(filestore_ops 0x1dc5328) take 1 -9491>
2012-10-11 13:43:50.724153 7f440532f700 5 throttle(filestore_bytes 0x1dc53a8) take 204 -9490>
2012-10-11 13:43:50.724154 7f4402a29700 5 filestore(/data/osd.0) queue_transactions existing osr(2.80 0x3176b70)/0x3176b70 -9489>
2012-10-11 13:43:50.724158 7f4402a29700 5 throttle(filestore_ops 0x1dc5328) wait -9488>
2012-10-11 13:43:50.724160 7f4402a29700 5 throttle(filestore_bytes 0x1dc53a8) wait -9487>
2012-10-11 13:43:50.724161 7f4402a29700 5 filestore(/data/osd.0) queue_transactions (writeahead) 3926 0x2cda1b0 -9486>
2012-10-11 13:43:50.724164 7f4402a29700 5 journal submit_entry seq 3926 len 926 (0x341cf90) -9485>
2012-10-11 13:43:50.724166 7f4402a29700 5 throttle(filestore_ops 0x1dc5328) take 1 -9484>
2012-10-11 13:43:50.724167 7f4402a29700 5 throttle(filestore_bytes 0x1dc53a8) take 926 -9483>
2012-10-11 13:43:50.724167 7f440532f700 5 --OSD::tracker-- reqid: unknown.0.0:0, seq: 1378, time:
2012-10-11 13:43:50.724166, event: done, request: osd pg remove(epoch 7; pg1.b7; ) v1 -9482>
2012-10-11 13:43:50.724175 7f440532f700 5 throttle(msgr_dispatch_throttler-cluster 0x1d9b088) put 25 (0xb7c748 -> 124878) -9481>
2012-10-11 13:43:50.724177 7f440532f700 1 -- 149.165.228.10:6802/338 <== osd.2 149.165.228.10:6808/1657 506 ==== pg_log(0.f2 epoch 7 query_epoch 7) v3 ==== 507+0+0 (2666671911 0 0) 0x28f7500 con 0x2fe2280 -9480>
2012-10-11 13:43:50.724186 7f440532f700 5 --OSD::tracker-- reqid: unknown.0.0:0, seq: 1379, time:
2012-10-11 13:43:49.157431, event: header_read, request: pg_log(0.f2 epoch 7 query_epoch 7) v3 -9479>
2012-10-11 13:43:50.724190 7f440532f700 5 --OSD::tracker-- reqid: unknown.0.0:0, seq: 1379, time:
2012-10-11 13:43:49.157446, event: throttled, request: pg_log(0.f2 epoch 7 query_epoch 7) v3 -9478>
2012-10-11 13:43:50.724193 7f440532f700 5 --OSD::tracker-- reqid: unknown.0.0:0, seq: 1379, time:
2012-10-11 13:43:49.157464, event: all_read, request: pg_log(0.f2 epoch 7 query_epoch 7) v3 -9477>
2012-10-11 13:43:50.724197 7f4402a29700 5 filestore(/data/osd.0) queue_transactions existing osr(0.82 0x2130960)/0x2130960 -9476>
2012-10-11 13:43:50.724197 7f440532f700 5 --OSD::tracker-- reqid: unknown.0.0:0, seq: 1379, time:
2012-10-11 13:43:50.724185, event: dispatched, request: pg_log(0.f2 epoch 7 query_epoch 7) v3 -9475>
2012-10-11 13:43:50.724200 7f4402a29700 5 throttle(filestore_ops 0x1dc5328) wait -9474>
2012-10-11 13:43:50.724202 7f4402a29700 5 throttle(filestore_bytes 0x1dc53a8) wait -9473>
2012-10-11 13:43:50.724203 7f4402a29700 5 filestore(/data/osd.0) queue_transactions (writeahead) 3927 0x2cda750 -9472>
2012-10-11 13:43:50.724201 7f440532f700 5 --OSD::tracker-- reqid: unknown.0.0:0, seq: 1379, time:
2012-10-11 13:43:50.724201, event: waiting_for_osdmap, request: pg_log(0.f2 epoch 7 query_epoch 7) v3 -9471>
2012-10-11 13:43:50.724207 7f4402a29700 5 journal submit_entry seq 3927 len 926 (0x341ca50) -9470>
2012-10-11 13:43:50.724209 7f4402a29700 5 throttle(filestore_ops 0x1dc5328) take 1 -9469>
2012-10-11 13:43:50.724207 7f440532f700 5 --OSD::tracker-- reqid: unknown.0.0:0, seq: 1379, time:
2012-10-11 13:43:50.724207, event: started, request: pg_log(0.f2 epoch 7 query_epoch 7) v3 -9468>
2012-10-11 13:43:50.724210 7f4402a29700 5 throttle(filestore_bytes 0x1dc53a8) take 926 -9467>
2012-10-11 13:43:50.724216 7f440532f700 5 --OSD::tracker-- reqid: unknown.0.0:0, seq: 1379, time:
2012-10-11 13:43:50.724216, event: done, request: pg_log(0.f2 epoch 7 query_epoch 7) v3 -9466>
2012-10-11 13:43:50.724222 7f440532f700 5 throttle(msgr_dispatch_throttler-cluster 0x1d9b088) put 507 (0xb7c748 -> 124371) -9465>
2012-10-11 13:43:50.724224 7f440532f700 1 -- 149.165.228.10:6802/338 <== osd.1 149.165.228.10:6805/1098 851 ==== osd pg remove(epoch 7; pg1.ba; ) v1 ==== 25+0+0 (2965401210 0 0) 0x29e4380 con 0x2fe2140 -9464>
2012-10-11 13:43:50.724231 7f440532f700 5 --OSD::tracker-- reqid: unknown.0.0:0, seq: 1380, time:
2012-10-11 13:43:48.854799, event: header_read, request: osd pg remove(epoch 7; pg1.ba; ) v1 -9463>
2012-10-11 13:43:50.724235 7f440532f700 5 --OSD::tracker-- reqid: unknown.0.0:0, seq: 1380, time:
2012-10-11 13:43:48.854801, event: throttled, request: osd pg remove(epoch 7; pg1.ba; ) v1 -9462>
2012-10-11 13:43:50.724239 7f440532f700 5 --OSD::tracker-- reqid: unknown.0.0:0, seq: 1380, time:
2012-10-11 13:43:48.854805, event: all_read, request: osd pg remove(epoch 7; pg1.ba; ) v1 -9461>
2012-10-11 13:43:50.724242 7f4402a29700 5 filestore(/data/osd.0) queue_transactions existing osr(2.8a 0x3176c10)/0x3176c10 -9460>
2012-10-11 13:43:50.724245 7f4402a29700 5 throttle(filestore_ops 0x1dc5328) wait -9459>
2012-10-11 13:43:50.724242 7f440532f700 5 --OSD::tracker-- reqid: unknown.0.0:0, seq: 1380, time:
2012-10-11 13:43:50.724230, event: dispatched, request: osd pg remove(epoch 7; pg1.ba; ) v1 -9458>
2012-10-11 13:43:50.724246 7f4402a29700 5 throttle(filestore_bytes 0x1dc53a8) wait -9457>
2012-10-11 13:43:50.724247 7f4402a29700 5 filestore(/data/osd.0) queue_transactions (writeahead) 3928 0x2cda480 -9456>
2012-10-11 13:43:50.724247 7f440532f700 5 --OSD::tracker-- reqid: unknown.0.0:0, seq: 1380, time:
2012-10-11 13:43:50.724247, event: waiting_for_osdmap, request: osd pg remove(epoch 7; pg1.ba; ) v1 -9455>
2012-10-11 13:43:50.724251 7f4402a29700 5 journal submit_entry seq 3928 len 926 (0x26c1990) -9454>
2012-10-11 13:43:50.724252 7f4402a29700 5 throttle(filestore_ops 0x1dc5328) take 1 -9453>
2012-10-11 13:43:50.724254 7f4402a29700 5 throttle(filestore_bytes 0x1dc53a8) take 926 -9452>
2012-10-11 13:43:50.724251 7f440532f700 5 --OSD::tracker-- reqid: unknown.0.0:0, seq: 1380, time:
2012-10-11 13:43:50.724251, event: started, request: osd pg remove(epoch 7; pg1.ba; ) v1 -9451>
2012-10-11 13:43:50.724259 7f440532f700 5 osd.0 8 queue_pg_for_deletion: 1.ba -9450>
2012-10-11 13:43:50.724270 7f440532f700 5 filestore(/data/osd.0) queue_transactions existing osr(1.ba 0x2e384c0)/0x2e384c0 -9449>
2012-10-11 13:43:50.724273 7f440532f700 5 throttle(filestore_ops 0x1dc5328) wait -9448>
2012-10-11 13:43:50.724274 7f440532f700 5 throttle(filestore_bytes 0x1dc53a8) wait -9447>
2012-10-11 13:43:50.724275 7f440532f700 5 filestore(/data/osd.0) queue_transactions (writeahead) 3929 0x2e55120 -9446>
2012-10-11 13:43:50.724278 7f440532f700 5 journal submit_entry seq 3929 len 204 (0x2f0e390) -9445>
2012-10-11 13:43:50.724279 7f440532f700 5 throttle(filestore_ops 0x1dc5328) take 1 -9444>
2012-10-11 13:43:50.724280 7f440532f700 5 throttle(filestore_bytes 0x1dc53a8) take 204 -9443>
2012-10-11 13:43:50.724282 7f4402a29700 5 filestore(/data/osd.0) queue_transactions existing osr(1.81 0x2adbb70)/0x2adbb70 -9442>
2012-10-11 13:43:50.724286 7f4402a29700 5 throttle(filestore_ops 0x1dc5328) wait -9441>
2012-10-11 13:43:50.724287 7f4402a29700 5 throttle(filestore_bytes 0x1dc53a8) wait -9440>
2012-10-11 13:43:50.724288 7f4402a29700 5 filestore(/data/osd.0) queue_transactions (writeahead) 3930 0x2cdaea0 -9439>
2012-10-11 13:43:50.724291 7f4402a29700 5 journal submit_entry seq 3930 len 926 (0x2876f60) -9438>
2012-10-11 13:43:50.724293 7f4402a29700 5 throttle(filestore_ops 0x1dc5328) take 1 -9437>
2012-10-11 13:43:50.724294 7f4402a29700 5 throttle(filestore_bytes 0x1dc53a8) take 926 -9436>
2012-10-11 13:43:50.724294 7f440532f700 5 --OSD::tracker-- reqid: unknown.0.0:0, seq: 1380, time:
2012-10-11 13:43:50.724294, event: done, request: osd pg remove(epoch 7; pg1.ba; ) v1 -9435>
2012-10-11 13:43:50.724302 7f440532f700 5 throttle(msgr_dispatch_throttler-cluster 0x1d9b088) put 25 (0xb7c748 -> 124346) -9434>
2012-10-11 13:43:50.724304 7f440532f700 1 -- 149.165.228.10:6802/338 <== osd.2 149.165.228.10:6808/1657 507 ==== pg_log(0.f3 epoch 7 query_epoch 7) v3 ==== 507+0+0 (1482433313 0 0) 0x28f7000 con 0x2fe2280 -9433>
2012-10-11 13:43:50.724312 7f440532f700 5 --OSD::tracker-- reqid: unknown.0.0:0, seq: 1381, time:
2012-10-11 13:43:49.157472, event: header_read, request: pg_log(0.f3 epoch 7 query_epoch 7) v3 -9432>
2012-10-11 13:43:50.724316 7f440532f700 5 --OSD::tracker-- reqid: unknown.0.0:0, seq: 1381, time:
2012-10-11 13:43:49.157475, event: throttled, request: pg_log(0.f3 epoch 7 query_epoch 7) v3 -9431>
2012-10-11 13:43:50.724320 7f440532f700 5 --OSD::tracker-- reqid: unknown.0.0:0, seq: 1381, time:
2012-10-11 13:43:49.157484, event: all_read, request: pg_log(0.f3 epoch 7 query_epoch 7) v3 -9430>
2012-10-11 13:43:50.724324 7f4402a29700 5 filestore(/data/osd.0) queue_transactions existing osr(2.7d 0x2130910)/0x2130910 -9429>
2012-10-11 13:43:50.724323 7f440532f700 5 --OSD::tracker-- reqid: unknown.0.0:0, seq: 1381, time:
2012-10-11 13:43:50.724311, event: dispatched, request: pg_log(0.f3 epoch 7 query_epoch 7) v3 -9428>
2012-10-11 13:43:50.724327 7f4402a29700 5 throttle(filestore_ops 0x1dc5328) wait -9427>
2012-10-11 13:43:50.724328 7f4402a29700 5 throttle(filestore_bytes 0x1dc53a8) wait -9426>
2012-10-11 13:43:50.724329 7f4402a29700 5 filestore(/data/osd.0) queue_transactions (writeahead) 3931 0x2cda630 -9425>
2012-10-11 13:43:50.724327 7f440532f700 5 --OSD::tracker-- reqid: unknown.0.0:0, seq: 1381, time:
2012-10-11 13:43:50.724327, event: waiting_for_osdmap, request: pg_log(0.f3 epoch 7 query_epoch 7) v3 -9424>
2012-10-11 13:43:50.724332 7f4402a29700 5 journal submit_entry seq 3931 len 926 (0x1e869c0) -9423>
2012-10-11 13:43:50.724334 7f4402a29700 5 throttle(filestore_ops 0x1dc5328) take 1 -9422>
2012-10-11 13:43:50.724335 7f4402a29700 5 throttle(filestore_bytes 0x1dc53a8) take 926 -9421>
2012-10-11 13:43:50.724333 7f440532f700 5 --OSD::tracker-- reqid: unknown.0.0:0, seq: 1381, time:
2012-10-11 13:43:50.724333, event: started, request: pg_log(0.f3 epoch 7 query_epoch 7) v3 -9420>
2012-10-11 13:43:50.724341 7f440532f700 5 --OSD::tracker-- reqid: unknown.0.0:0, seq: 1381, time:
2012-10-11 13:43:50.724341, event: done, request: pg_log(0.f3 epoch 7 query_epoch 7) v3 -9419>
2012-10-11 13:43:50.724346 7f440532f700 5 throttle(msgr_dispatch_throttler-cluster 0x1d9b088) put 507 (0xb7c748 -> 123839) -9418>
2012-10-11 13:43:50.724348 7f440532f700 1 -- 149.165.228.10:6802/338 <== osd.1 149.165.228.10:6805/1098 852 ==== osd pg remove(epoch 7; pg1.ca; ) v1 ==== 25+0+0 (599181669 0 0) 0x29e41c0 con 0x2fe2140 -9417>
2012-10-11 13:43:50.724354 7f440532f700 5 --OSD::tracker-- reqid: unknown.0.0:0, seq: 1382, time:
2012-10-11 13:43:48.854807, event: header_read, request: osd pg remove(epoch 7; pg1.ca; ) v1 -9416>
2012-10-11 13:43:50.724358 7f440532f700 5 --OSD::tracker-- reqid: unknown.0.0:0, seq: 1382, time:
2012-10-11 13:43:48.854810, event: throttled, request: osd pg remove(epoch 7; pg1.ca; ) v1 -9415>
2012-10-11 13:43:50.724363 7f4402a29700 5 filestore(/data/osd.0) queue_transactions existing osr(0.7f 0x21309f0)/0x21309f0 -9414>
2012-10-11 13:43:50.724363 7f440532f700 5 --OSD::tracker-- reqid: unknown.0.0:0, seq: 1382, time:
2012-10-11 13:43:48.854813, event: all_read, request: osd pg remove(epoch 7; pg1.ca; ) v1 -9413>
2012-10-11 13:43:50.724366 7f4402a29700 5 throttle(filestore_ops 0x1dc5328) wait -9412>
2012-10-11 13:43:50.724368 7f4402a29700 5 throttle(filestore_bytes 0x1dc53a8) wait -9411>
2012-10-11 13:43:50.724369 7f4402a29700 5 filestore(/data/osd.0) queue_transactions (writeahead) 3932 0x2cdae10 -9410>
2012-10-11 13:43:50.724366 7f440532f700 5 --OSD::tracker-- reqid: unknown.0.0:0, seq: 1382, time:
2012-10-11 13:43:50.724354, event: dispatched, request: osd pg remove(epoch 7; pg1.ca; ) v1 -9409>
2012-10-11 13:43:50.724372 7f4402a29700 5 journal submit_entry seq 3932 len 926 (0x341cfc0) -9408>
2012-10-11 13:43:50.724371 7f440532f700 5 --OSD::tracker-- reqid: unknown.0.0:0, seq: 1382, time:
2012-10-11 13:43:50.724371, event: waiting_for_osdmap, request: osd pg remove(epoch 7; pg1.ca; ) v1 -9407>
2012-10-11 13:43:50.724373 7f4402a29700 5 throttle(filestore_ops 0x1dc5328) take 1 -9406>
2012-10-11 13:43:50.724375 7f4402a29700 5 throttle(filestore_bytes 0x1dc53a8) take 926 -9405>
2012-10-11 13:43:50.724375 7f440532f700 5 --OSD::tracker-- reqid: unknown.0.0:0, seq: 1382, time:
2012-10-11 13:43:50.724375, event: started, request: osd pg remove(epoch 7; pg1.ca; ) v1 -9404>
2012-10-11 13:43:50.724380 7f440532f700 5 osd.0 8 queue_pg_for_deletion: 1.ca -9403>
2012-10-11 13:43:50.724394 7f440532f700 5 filestore(/data/osd.0) queue_transactions existing osr(1.ca 0x2e389c0)/0x2e389c0 -9402>
2012-10-11 13:43:50.724397 7f440532f700 5 throttle(filestore_ops 0x1dc5328) wait -9401>
2012-10-11 13:43:50.724398 7f440532f700 5 throttle(filestore_bytes 0x1dc53a8) wait -9400>
2012-10-11 13:43:50.724399 7f440532f700 5 filestore(/data/osd.0) queue_transactions (writeahead) 3933 0x2a26ab0 -9399>
2012-10-11 13:43:50.724401 7f440532f700 5 journal submit_entry seq 3933 len 204 (0x2f0e9f0) -9400>
2012-10-11 13:43:50.724403 7f440532f700 5 throttle(filestore_ops 0x1dc5328) take 1 -9399>
2012-10-11 13:43:50.724403 7f4402a29700 5 filestore(/data/osd.0) queue_transactions existing osr(1.7e 0x2adb800)/0x2adb800 -9399>
2012-10-11 13:43:50.724404 7f440532f700 5 throttle(filestore_bytes 0x1dc53a8) take 204 -9399>
2012-10-11 13:43:50.724407 7f4402a29700 5 throttle(filestore_ops 0x1dc5328) wait -9400>
2012-10-11 13:43:50.724409 7f4402a29700 5 throttle(filestore_bytes 0x1dc53a8) wait -9399>
2012-10-11 13:43:50.724410 7f4402a29700 5 filestore(/data/osd.0) queue_transactions (writeahead) 3934 0x2cdabd0 -9398>
2012-10-11 13:43:50.724412 7f4402a29700 5 journal submit_entry seq 3934 len 926 (0x341ca80) -9398>
2012-10-11 13:43:50.724414 7f4402a29700 5 throttle(filestore_ops 0x1dc5328) take 1 -9397>
2012-10-11 13:43:50.724415 7f4402a29700 5 throttle(filestore_bytes 0x1dc53a8) take 926 -9396>
2012-10-11 13:43:50.724421 7f440532f700 5 --OSD::tracker-- reqid: unknown.0.0:0, seq: 1382, time:
2012-10-11 13:43:50.724421, event: done, request: osd pg remove(epoch 7; pg1.ca; ) v1 -9395>
2012-10-11 13:43:50.724430 7f440532f700 5 throttle(msgr_dispatch_throttler-cluster 0x1d9b088) put 25 (0xb7c748 -> 123814) -9394>
2012-10-11 13:43:50.724432 7f440532f700 1 -- 149.165.228.10:6802/338 <== osd.2 149.165.228.10:6808/1657 508 ==== osd pg remove(epoch 7; pg1.af; ) v1 ==== 25+0+0 (1553438852 0 0) 0x1ed71c0 con 0x2fe2280 -9393>
2012-10-11 13:43:50.724440 7f440532f700 5 --OSD::tracker-- reqid: unknown.0.0:0, seq: 1383, time:
2012-10-11 13:43:49.232312, event: header_read, request: osd pg remove(epoch 7; pg1.af; ) v1 -9392>
2012-10-11 13:43:50.724436 7f4402a29700 1 -- 149.165.228.10:6802/338 --> osd.2 149.165.228.10:6808/1657 -- pg_log(1.7 epoch 8 query_epoch 7) v3 -- ?+0 0x2f66a00 -9392>
2012-10-11 13:43:50.724444 7f440532f700 5 --OSD::tracker-- reqid: unknown.0.0:0, seq: 1383, time:
2012-10-11 13:43:49.232329, event: throttled, request: osd pg remove(epoch 7; pg1.af; ) v1 -9393>
2012-10-11 13:43:50.724447 7f440532f700 5 --OSD::tracker-- reqid: unknown.0.0:0, seq: 1383, time:
2012-10-11 13:43:49.232339, event: all_read, request: osd pg remove(epoch 7; pg1.af; ) v1 -9392>
2012-10-11 13:43:50.724451 7f440532f700 5 --OSD::tracker-- reqid: unknown.0.0:0, seq: 1383, time:
2012-10-11 13:43:50.724439, event: dispatched, request: osd pg remove(epoch 7; pg1.af; ) v1 -9391>
2012-10-11 13:43:50.724455 7f440532f700 5 --OSD::tracker-- reqid: unknown.0.0:0, seq: 1383, time:
2012-10-11 13:43:50.724455, event: waiting_for_osdmap, request: osd pg remove(epoch 7; pg1.af; ) v1 -9390>
2012-10-11 13:43:50.724460 7f440532f700 5 --OSD::tracker-- reqid: unknown.0.0:0, seq: 1383, time:
2012-10-11 13:43:50.724459, event: started, request: osd pg remove(epoch 7; pg1.af; ) v1 -9389>
2012-10-11 13:43:50.724464 7f440532f700 5 osd.0 8 queue_pg_for_deletion: 1.af -9388>
2012-10-11 13:43:50.724475 7f440532f700 5 filestore(/data/osd.0) queue_transactions existing osr(1.af 0x2e382d0)/0x2e382d0 -9387>
2012-10-11 13:43:50.724478 7f440532f700 5 throttle(filestore_ops 0x1dc5328) wait -9386>
2012-10-11 13:43:50.724479 7f440532f700 5 throttle(filestore_bytes 0x1dc53a8) wait -9385>
2012-10-11 13:43:50.724480 7f440532f700 5 filestore(/data/osd.0) queue_transactions (writeahead) 3935 0x2a26480 -9384>
2012-10-11 13:43:50.724483 7f440532f700 5 journal submit_entry seq 3935 len 204 (0x2fafae0) -9383>
2012-10-11 13:43:50.724484 7f440532f700 5 throttle(filestore_ops 0x1dc5328) take 1 -9382>
2012-10-11 13:43:50.724486 7f440532f700 5 throttle(filestore_bytes 0x1dc53a8) take 204 -9381>
2012-10-11 13:43:50.724485 7f4402a29700 1 -- 149.165.228.10:6802/338 --> osd.2 149.165.228.10:6808/1657 -- pg_log(1.f4 epoch 8 query_epoch 7) v3 -- ?+0 0x2f64000 -9380>
2012-10-11 13:43:50.724502 7f440532f700 5 --OSD::tracker-- reqid: unknown.0.0:0, seq: 1383, time:
2012-10-11 13:43:50.724502, event: done, request: osd pg remove(epoch 7; pg1.af; ) v1 -9379>
2012-10-11 13:43:50.724510 7f440532f700 5 throttle(msgr_dispatch_throttler-cluster 0x1d9b088) put 25 (0xb7c748 -> 123789) -9378>
2012-10-11 13:43:50.724512 7f440532f700 1 -- 149.165.228.10:6802/338 <== osd.1 149.165.228.10:6805/1098 853 ==== osd pg remove(epoch 7; pg1.d1; ) v1 ==== 25+0+0 (1052722018 0 0) 0x29e4000 con 0x2fe2140 -9377>
2012-10-11 13:43:50.724520 7f440532f700 5 --OSD::tracker-- reqid: unknown.0.0:0, seq: 1384, time:
2012-10-11 13:43:48.854816, event: header_read, request: osd pg remove(epoch 7; pg1.d1; ) v1 -9376>
2012-10-11 13:43:50.724524 7f440532f700 5 --OSD::tracker-- reqid: unknown.0.0:0, seq: 1384, time:
2012-10-11 13:43:48.854818, event: throttled, request: osd pg remove(epoch 7; pg1.d1; ) v1 -9375>
2012-10-11 13:43:50.724528 7f440532f700 5 --OSD::tracker-- reqid: unknown.0.0:0, seq: 1384, time:
2012-10-11 13:43:48.854823, event: all_read, request: osd pg remove(epoch 7; pg1.d1; ) v1 -9374>
2012-10-11 13:43:50.724531 7f440532f700 5 --OSD::tracker-- reqid: unknown.0.0:0, seq: 1384, time:
2012-10-11 13:43:50.724519, event: dispatched, request: osd pg remove(epoch 7; pg1.d1; ) v1 -9373>
